{"id":807,"date":"2020-04-30T14:49:04","date_gmt":"2020-04-30T14:49:04","guid":{"rendered":"http:\/\/feuerwehrlage.com\/?page_id=807"},"modified":"2020-04-30T14:55:05","modified_gmt":"2020-04-30T14:55:05","slug":"rettungsboot","status":"publish","type":"page","link":"https:\/\/feuerwehrlage.com\/?page_id=807","title":{"rendered":"Rettungsboot"},"content":{"rendered":"\n<p class=\"has-text-align-center\">Das Boot l\u00f6st seit Anfang 2020 ein in die Jahre gekommenes Schlauchboot ab. Mit dem neuen Rettungsboot k\u00f6nnen nun eine Vielzahl von Einsatzarten abgearbeitet werden. Zum einen nat\u00fcrlich die verschiedenste Eins\u00e4tze auf Gew\u00e4ssern. Zum anderen kann das Boot auch sehr gut in Hochwassergebieten eingesetzt werden, da es durch die 4 vollgummierten Reifen problemlos Stellen \u00fcberwinden kann, an denen kein Wasser steht. Das Boot besteht aus Aluminium und ist durch 2 Schwimmk\u00f6rper an beiden Enden \u201eunsinkbar\u201c.<\/p>\n\n\n\n<p class=\"has-text-align-center\">\u201eHighlight\u201c des Bootes ist allerdings, dass es durch die sehr schnelle Montage von Spurkranzr\u00e4dern auch auf der Schiene eingesetzt werden kann. Dadurch, dass der SPNV seit einiger Zeit auch durch die Samtgemeinde Neuenhaus f\u00fchrt, wurde eine solche Investition n\u00f6tig. Mithilfe des Boots k\u00f6nnen dann Materialien auf der Schiene an unzug\u00e4ngliche Stellen, beispielsweise &nbsp;fernab von Stra\u00dfen und Gehwegen transportiert werden. Durch Auflagen f\u00fcr Krankentragen und Schleifkorbtragen aus Edelstahl und Gummi k\u00f6nnen auch diese Ger\u00e4te sicher und fest an das Boot angebracht werden.<\/p>\n\n\n\n<p class=\"has-text-align-center\">Das sogenannte Uniboot\u00a0l\u00e4sst sich dank seiner R\u00e4der und seines geringen Gewichts von nur einer Person sehr leicht bewegen, fahren und lenken. Durch viel Zubeh\u00f6r (leichter Au\u00dfenborder, Eisrettungsgabel, Taucherleiter, L\u00fcfterantrieb, Seiltrommel), welches f\u00fcr extra f\u00fcr das Boot gefertigt angeboten wird, kann es im Bedarfsfall sehr schnell und einfach erweitert werden.<\/p>\n\n\n\n<p><\/p>\n\n\n\n<div class=\"wp-block-image is-style-rounded\"><figure class=\"aligncenter size-large\"><img loading=\"lazy\" decoding=\"async\" width=\"1024\" height=\"768\" src=\"https:\/\/feuerwehrlage.com\/wp-content\/uploads\/2020\/04\/1-1-1024x768.jpg\" alt=\"\" class=\"wp-image-809\" srcset=\"https:\/\/feuerwehrlage.com\/wp-content\/uploads\/2020\/04\/1-1-1024x768.jpg 1024w, https:\/\/feuerwehrlage.com\/wp-content\/uploads\/2020\/04\/1-1-300x225.jpg 300w, https:\/\/feuerwehrlage.com\/wp-content\/uploads\/2020\/04\/1-1-768x576.jpg 768w, https:\/\/feuerwehrlage.com\/wp-content\/uploads\/2020\/04\/1-1-1536x1152.jpg 1536w, https:\/\/feuerwehrlage.com\/wp-content\/uploads\/2020\/04\/1-1-2048x1536.jpg 2048w, https:\/\/feuerwehrlage.com\/wp-content\/uploads\/2020\/04\/1-1-1440x1080.jpg 1440w\" sizes=\"auto, (max-width: 1024px) 100vw, 1024px\" \/><\/figure><\/div>\n\n\n\n<div class=\"wp-block-image is-style-rounded\"><figure class=\"aligncenter size-large\"><img loading=\"lazy\" decoding=\"async\" width=\"768\" height=\"1024\" src=\"https:\/\/feuerwehrlage.com\/wp-content\/uploads\/2020\/04\/3-1-768x1024.jpg\" alt=\"\" class=\"wp-image-811\" srcset=\"https:\/\/feuerwehrlage.com\/wp-content\/uploads\/2020\/04\/3-1-768x1024.jpg 768w, https:\/\/feuerwehrlage.com\/wp-content\/uploads\/2020\/04\/3-1-225x300.jpg 225w, https:\/\/feuerwehrlage.com\/wp-content\/uploads\/2020\/04\/3-1-1152x1536.jpg 1152w, https:\/\/feuerwehrlage.com\/wp-content\/uploads\/2020\/04\/3-1-1536x2048.jpg 1536w, https:\/\/feuerwehrlage.com\/wp-content\/uploads\/2020\/04\/3-1-1024x1365.jpg 1024w, https:\/\/feuerwehrlage.com\/wp-content\/uploads\/2020\/04\/3-1-810x1080.jpg 810w, https:\/\/feuerwehrlage.com\/wp-content\/uploads\/2020\/04\/3-1-scaled.jpg 1920w\" sizes=\"auto, (max-width: 768px) 100vw, 768px\" \/><\/figure><\/div>\n\n\n\n<figure class=\"wp-block-image size-large is-style-rounded\"><img loading=\"lazy\" decoding=\"async\" width=\"1024\" height=\"768\" src=\"https:\/\/feuerwehrlage.com\/wp-content\/uploads\/2020\/04\/2-2-1024x768.jpg\" alt=\"\" class=\"wp-image-814\" srcset=\"https:\/\/feuerwehrlage.com\/wp-content\/uploads\/2020\/04\/2-2-1024x768.jpg 1024w, https:\/\/feuerwehrlage.com\/wp-content\/uploads\/2020\/04\/2-2-300x225.jpg 300w, https:\/\/feuerwehrlage.com\/wp-content\/uploads\/2020\/04\/2-2-768x576.jpg 768w, https:\/\/feuerwehrlage.com\/wp-content\/uploads\/2020\/04\/2-2-1536x1152.jpg 1536w, https:\/\/feuerwehrlage.com\/wp-content\/uploads\/2020\/04\/2-2-2048x1536.jpg 2048w, https:\/\/feuerwehrlage.com\/wp-content\/uploads\/2020\/04\/2-2-1440x1080.jpg 1440w\" sizes=\"auto, (max-width: 1024px) 100vw, 1024px\" \/><\/figure>\n\n\n\n<p><\/p>\n","protected":false},"excerpt":{"rendered":"<p>Das Boot l\u00f6st seit Anfang 2020 ein in die Jahre gekommenes Schlauchboot ab. Mit dem neuen Rettungsboot k\u00f6nnen nun eine Vielzahl von Einsatzarten abgearbeitet werden. Zum einen nat\u00fcrlich die verschiedenste Eins\u00e4tze auf Gew\u00e4ssern. Zum anderen kann das Boot auch sehr gut in Hochwassergebieten eingesetzt werden, da es durch die 4 vollgummierten Reifen problemlos Stellen \u00fcberwinden&hellip; <br \/> <a class=\"read-more\" href=\"https:\/\/feuerwehrlage.com\/?page_id=807\">Weiterlesen<\/a><\/p>\n","protected":false},"author":1,"featured_media":0,"parent":0,"menu_order":0,"comment_status":"closed","ping_status":"closed","template":"","meta":{"footnotes":""},"class_list":["post-807","page","type-page","status-publish","hentry"],"_links":{"self":[{"href":"https:\/\/feuerwehrlage.com\/index.php?rest_route=\/wp\/v2\/pages\/807","targetHints":{"allow":["GET"]}}],"collection":[{"href":"https:\/\/feuerwehrlage.com\/index.php?rest_route=\/wp\/v2\/pages"}],"about":[{"href":"https:\/\/feuerwehrlage.com\/index.php?rest_route=\/wp\/v2\/types\/page"}],"author":[{"embeddable":true,"href":"https:\/\/feuerwehrlage.com\/index.php?rest_route=\/wp\/v2\/users\/1"}],"replies":[{"embeddable":true,"href":"https:\/\/feuerwehrlage.com\/index.php?rest_route=%2Fwp%2Fv2%2Fcomments&post=807"}],"version-history":[{"count":3,"href":"https:\/\/feuerwehrlage.com\/index.php?rest_route=\/wp\/v2\/pages\/807\/revisions"}],"predecessor-version":[{"id":818,"href":"https:\/\/feuerwehrlage.com\/index.php?rest_route=\/wp\/v2\/pages\/807\/revisions\/818"}],"wp:attachment":[{"href":"https:\/\/feuerwehrlage.com\/index.php?rest_route=%2Fwp%2Fv2%2Fmedia&parent=807"}],"curies":[{"name":"wp","href":"https:\/\/api.w.org\/{rel}","templated":true}]}}