{"id":15,"date":"2020-02-24T13:55:30","date_gmt":"2020-02-24T13:55:30","guid":{"rendered":"http:\/\/feuerwehrlage.com\/?page_id=15"},"modified":"2026-03-16T17:30:32","modified_gmt":"2026-03-16T15:30:32","slug":"aktuelles","status":"publish","type":"page","link":"https:\/\/feuerwehrlage.com\/?page_id=15","title":{"rendered":"Aktuelles"},"content":{"rendered":"\n<div class=\"wp-block-group\"><div class=\"wp-block-group__inner-container is-layout-flow wp-block-group-is-layout-flow\">\n<p class=\"has-text-align-center\"><strong>Jahreshauptversammlung Ortsfeuerwehr Lage 2026 &#8211; Viele gew\u00e4hlte im Amt best\u00e4tigt<\/strong><\/p>\n\n\n\n<p>Zur Jahreshauptversammlung der Ortsfeuerwehr Lage&nbsp;begr\u00fc\u00dfte&nbsp;Ortsbrandmeister Jannik Scholte-Eekhoff am Freitag, den 13. M\u00e4rz 2026, zahlreiche Kameraden sowie G\u00e4ste im Feuerwehrhaus. Besonders begr\u00fc\u00dfte er Samtgemeindeb\u00fcrgermeister G\u00fcnter&nbsp;Oldekamp,&nbsp;Ordnungsamtsleiter Peter&nbsp;Oldekamp,&nbsp;den B\u00fcrgermeister der Gemeinde Lage Ludwig&nbsp;Hagedoorn&nbsp;sowie den stellvertretenden Gemeindebrandmeister Joachim Albers.&nbsp;&nbsp;<\/p>\n\n\n\n<p>In seinem Jahresbericht blickte der Ortsbrandmeister auf das Jahr 2025 zur\u00fcck. Zum Jahresende z\u00e4hlt die Ortsfeuerwehr Lage insgesamt 60 Mitglieder in der Jugendfeuerwehr, der Einsatzabteilung sowie der Alters- und Ehrenabteilung. Das Durchschnittsalter in der Einsatzabteilung betr\u00e4gt 39,76 Jahre, das der Jugendfeuerwehr 13,32 Jahre. Zus\u00e4tzlich unterst\u00fctzen 16 f\u00f6rdernde Mitglieder die Arbeit der Feuerwehr.&nbsp;Im vergangenen Jahr wurde die Ortsfeuerwehr zu insgesamt elf Eins\u00e4tzen alarmiert. Besonders in Erinnerung bleiben dabei der Brand eines Stallgeb\u00e4udes in der Neustadtstra\u00dfe in Lage sowie Br\u00e4nde von Wohnh\u00e4usern in der Raiffeisenstra\u00dfe in&nbsp;Veldhausen&nbsp;und in der Stra\u00dfe Am&nbsp;Storkebrink&nbsp;in Neuenhaus. Bei gr\u00f6\u00dferen Eins\u00e4tzen unterst\u00fctzten auch Kr\u00e4fte aus der Samtgemeinde, die Brandweer Ootmarsum sowie die HRB aus Nordhorn. Insgesamt leisteten die Einsatzkr\u00e4fte 607 Einsatzstunden.&nbsp;Neben Eins\u00e4tzen und Ausbildungsdiensten engagierten sich die Kameradinnen und Kameraden auch bei zahlreichen Veranstaltungen. Dazu geh\u00f6rten unter anderem die Weihnachtsbaumsammelaktion der Jugendfeuerwehr, eine Koordinatenfahrt mit anschlie\u00dfendem Kameradschaftsabend, die Kreisbereitschafts\u00fcbung, der Tag des Feuerwehrhauses sowie ein Biotoptag zwischen Weihnachten und Neujahr.&nbsp;Addiert man Eins\u00e4tze, Dienstabende und Sonderdienste, leisteten die Mitglieder der Feuerwehr im vergangenen Jahr insgesamt 1.849,07 Stunden Dienstzeit. Hinzu kommen zahlreiche weitere Stunden f\u00fcr Instandhaltung, Verwaltung, die Organisation von Veranstaltungen sowie die Vorbereitung und Beschaffung des neuen Mannschaftstransportwagens (MTW), die h\u00e4ufig im Hintergrund stattfinden.&nbsp;Ein besonderes Thema im Jahr 2025 war die Beschaffung und Indienststellung dieses neuen Mannschaftstransportwagens. Au\u00dferdem stand im vergangenen Jahr ein Wechsel in der Wehrf\u00fchrung an.&nbsp;Mehrere Kameraden konnten im Laufe des Jahres bef\u00f6rdert werden: Enric Balder zum Hauptfeuerwehrmann, Til&nbsp;Veldhoff&nbsp;zum L\u00f6schmeister und Sebastian K\u00f6rner zum Hauptl\u00f6schmeister. Zudem wurden im Herbst s\u00e4mtliche Dienstgrade an die neue Nieders\u00e4chsische Feuerwehrverordnung angepasst. Als dienstabendflei\u00dfigster Kamerad wurde Tim Brinkmann ausgezeichnet, der 24 von 27 Diensten besuchte.&nbsp;Zum Abschluss bedankte sich Jannik Scholte-Eekhoff bei alen G\u00e4sten f\u00fcr die sehr gute und Vertrauensvolle Zusammenarbeit. G\u00fcnter Oldekamp, der zum letzten mal als Samtgemeindeb\u00fcrgermeister an der JHV teilnahm, wurde als Dank noch ein kleines Dankesch\u00f6n f\u00fcr die Zusammenarbeit der letzten 12 Jahre \u00fcberreicht. Ebenfalls dankte der OBM der gesamten Feuerwehr und deren Familien f\u00fcr den Einsatz und das Verst\u00e4ndnis. <\/p>\n\n\n\n<p>Jugendfeuerwehrwart Til&nbsp;Veldhoff&nbsp;berichtete \u00fcber die Aktivit\u00e4ten der Jugendfeuerwehr. Der Jugendabteilung geh\u00f6ren derzeit 19 Mitglieder an, die im vergangenen Jahr an zahlreichen Diensten und Veranstaltungen teilgenommen haben.&nbsp;<\/p>\n\n\n\n<p>F\u00fcr die Alters- und Ehrenabteilung berichtete Jan-Heinz K\u00f6rner stellvertretend f\u00fcr Manfred Jungfer \u00fcber die regelm\u00e4\u00dfigen Treffen und Aktivit\u00e4ten. Im Laufe des Jahres werden drei weitere Kameraden in diese Abteilung wechseln.&nbsp;<\/p>\n\n\n\n<p>Die Kassenberichte der Einsatzabteilung sowie der Jugendfeuerwehr wurden von Marcel&nbsp;Braakmann&nbsp;vorgetragen, den Bericht der Getr\u00e4nkekasse stellte Maris&nbsp;Braakmann&nbsp;vor. Die Kassenpr\u00fcfer Marvin Scholte-Eekhoff und Robin Thies best\u00e4tigten eine ordnungsgem\u00e4\u00dfe Kassenf\u00fchrung, woraufhin das Ortskommando von der Versammlung entlastet wurde.&nbsp;<\/p>\n\n\n\n<p>Der stellvertretende Gemeindebrandmeister Joachim Albers nahm anschlie\u00dfend die Bef\u00f6rderungen vor. Liron&nbsp;Ekkelboom&nbsp;wurde zum Feuerwehrmann, Daniel Ribeiro de S\u00e1 zum 1. Hauptfeuerwehrmann bef\u00f6rdert.&nbsp;<\/p>\n\n\n\n<p>In seinen Gru\u00dfworten\u00a0dankte Samtgemeindeb\u00fcrgermeister G\u00fcnter\u00a0Oldekamp\u00a0den Einsatzkr\u00e4ften der Ortsfeuerwehr Lage f\u00fcr ihre st\u00e4ndige Einsatzbereitschaft und ihr ehrenamtliches Engagement.\u00a0\u00a0Gleichzeitig bedankte\u00a0er sich f\u00fcr die anerkennenden Worte zu seiner Arbeit als Samtgemeindeb\u00fcrgermeister, aus deren Amt er im Herbst ausscheiden wird.\u00a0Weiter berichtete er, dass die geplante Erweiterung des Feuerwehrhauses weiterhin verfolgt wird. Ein neuer Entwurf wurde Anfang des Jahres vom B\u00fcro MGA vorgestellt und soll nun weiter beraten werden. Au\u00dferdem habe in\u00a0Veldhausen\u00a0k\u00fcrzlich der Bau\u00a0des\u00a0neuen Feuerwehrhauses begonnen.\u00a0Oldekamp\u00a0\u00fcberbrachte zudem die Gr\u00fc\u00dfe der Verwaltung und \u00fcberreichte ein Flachgeschenk.\u00a0<\/p>\n\n\n\n<p>Auch B\u00fcrgermeister Ludwig&nbsp;Hagedoorn&nbsp;dankte den Einsatzkr\u00e4ften f\u00fcr ihren Einsatz und \u00fcbergab ebenfalls ein Pr\u00e4sent. Die B\u00fcrgerinnen und B\u00fcrger der Gemeinde Lage k\u00f6nnten stolz auf ihre Feuerwehr sein und sich sicher f\u00fchlen. Besonders beim Brand eines landwirtschaftlichen Anwesens Ende des vergangenen Jahres habe die Feuerwehr eindrucksvoll gezeigt, wie schnell und schlagkr\u00e4ftig sie sei \u2013 innerhalb von k\u00fcrzester Zeit sei man am Einsatzort gewesen.&nbsp;<\/p>\n\n\n\n<p>Im Rahmen der Versammlung standen au\u00dferdem mehrere Wahlen an. Gew\u00e4hlt wurden Tim Brinkmann zum Ger\u00e4tewart, Hartmut Brinkmann zum stellvertretenden Ger\u00e4tewart, Guido Balder zum Atemschutzger\u00e4tewart und Fabian&nbsp;Lankhorst&nbsp;zu dessen Stellvertreter. Marcel&nbsp;Braakmann&nbsp;wurde zum Kassenwart gew\u00e4hlt, Arne K\u00fcper zum Schriftwart und Daniel Ribeiro de S\u00e1 zum Ortssicherheitsbeauftragten. Als Beisitzer im Ortskommando wurden Georg Scholte-Eekhoff, Joachim Albers, Frank Engbers und Fabian&nbsp;Lankhorst&nbsp;best\u00e4tigt. Versorgungsmann ist&nbsp;neben Maris&nbsp;Braakmann&nbsp;k\u00fcnftig Robin Thies. Zu Kassenpr\u00fcfern wurden Marvin Scholte-Eekhoff und Maik Boll gew\u00e4hlt.&nbsp;<\/p>\n\n\n\n<p>In diesem Jahr wechseln&nbsp;die&nbsp;vier Kameraden&nbsp;Jan-Heinz K\u00f6rner, Hermann&nbsp;Nosseler, Frank&nbsp;Veldhoff&nbsp;und Jan-Albert&nbsp;Momann&nbsp;nach vielen Jahren aktiven Dienstes in die Alters- und Ehrenabteilung. Gemeinsam kommen sie auf insgesamt 201 Jahre Dienstzeit in Jugendfeuerwehr und Einsatzabteilung. Die offizielle Verabschiedung erfolgt im Rahmen der Samtgemeindejahreshauptversammlung im April. Als Dank \u00fcberreichte die Ortsfeuerwehr Pr\u00e4sentk\u00f6rbe sowie individuell gravierte Flaschen\u00f6ffner mit Dienstzeit, Namen und dem Logo der Ortsfeuerwehr Lage.&nbsp;<\/p>\n\n\n\n<p>Zum Abschluss wurden noch verschiedene Termine f\u00fcr das Jahr 2026 bekanntgegeben, darunter der \u201eTag des Dorfes\u201c, gemeinsame Dienstabende mit den Nachbarwehren Neuenhaus und&nbsp;Ootmarsum, die Samtgemeindejahreshauptversammlung, das Jubil\u00e4um der Jugendfeuerwehr&nbsp;vom 08.05.26 bis zum 10.05.2026&nbsp;sowie der&nbsp;Hydrantentag.&nbsp;<\/p>\n\n\n\n<p class=\"has-text-align-left\">Mit einer Fotopr\u00e4sentation der Eins\u00e4tze und Aktivit\u00e4ten aus dem Jahr 2025 schloss der Ortsbrandmeister die Jahreshauptversammlung nach rund eineinhalb Stunden.&nbsp;Im Anschluss lie\u00df man den Abend gem\u00fctlich ausklingen.<\/p>\n\n\n\n<figure class=\"wp-block-gallery has-nested-images columns-default is-cropped wp-block-gallery-1 is-layout-flex wp-block-gallery-is-layout-flex\">\n<figure class=\"wp-block-image size-mesmerize-full-hd is-style-rounded\"><img loading=\"lazy\" decoding=\"async\" width=\"1440\" height=\"1080\" data-id=\"1566\" src=\"https:\/\/feuerwehrlage.com\/wp-content\/uploads\/2026\/03\/BildJHV2026-1440x1080.jpeg\" alt=\"\" class=\"wp-image-1566\" srcset=\"https:\/\/feuerwehrlage.com\/wp-content\/uploads\/2026\/03\/BildJHV2026-1440x1080.jpeg 1440w, https:\/\/feuerwehrlage.com\/wp-content\/uploads\/2026\/03\/BildJHV2026-300x225.jpeg 300w, https:\/\/feuerwehrlage.com\/wp-content\/uploads\/2026\/03\/BildJHV2026-1024x768.jpeg 1024w, https:\/\/feuerwehrlage.com\/wp-content\/uploads\/2026\/03\/BildJHV2026-768x576.jpeg 768w, https:\/\/feuerwehrlage.com\/wp-content\/uploads\/2026\/03\/BildJHV2026-1536x1152.jpeg 1536w, https:\/\/feuerwehrlage.com\/wp-content\/uploads\/2026\/03\/BildJHV2026.jpeg 1600w\" sizes=\"auto, (max-width: 1440px) 100vw, 1440px\" \/><figcaption class=\"wp-element-caption\">v.l.n.r.: Joachim Albers, Peter Oldekamp, Ludwig Hagedoorn, G\u00fcnter Oldekamp, Daniel Ribeiro de Sa, Liron Ekkelboom, Jannik Scholte-Eekhoff, Sebastian K\u00f6rner, Tim Brinkmann<\/figcaption><\/figure>\n<\/figure>\n<\/div><\/div>\n\n\n\n<p><\/p>\n","protected":false},"excerpt":{"rendered":"<p>Jahreshauptversammlung Ortsfeuerwehr Lage 2026 &#8211; Viele gew\u00e4hlte im Amt best\u00e4tigt Zur Jahreshauptversammlung der Ortsfeuerwehr Lage&nbsp;begr\u00fc\u00dfte&nbsp;Ortsbrandmeister Jannik Scholte-Eekhoff am Freitag, den 13. M\u00e4rz 2026, zahlreiche Kameraden sowie G\u00e4ste im Feuerwehrhaus. Besonders begr\u00fc\u00dfte er Samtgemeindeb\u00fcrgermeister G\u00fcnter&nbsp;Oldekamp,&nbsp;Ordnungsamtsleiter Peter&nbsp;Oldekamp,&nbsp;den B\u00fcrgermeister der Gemeinde Lage Ludwig&nbsp;Hagedoorn&nbsp;sowie den stellvertretenden Gemeindebrandmeister Joachim Albers.&nbsp;&nbsp; In seinem Jahresbericht blickte der Ortsbrandmeister auf das Jahr 2025&hellip; <br \/> <a class=\"read-more\" href=\"https:\/\/feuerwehrlage.com\/?page_id=15\">Weiterlesen<\/a><\/p>\n","protected":false},"author":1,"featured_media":0,"parent":0,"menu_order":0,"comment_status":"closed","ping_status":"closed","template":"","meta":{"footnotes":""},"class_list":["post-15","page","type-page","status-publish","hentry"],"_links":{"self":[{"href":"https:\/\/feuerwehrlage.com\/index.php?rest_route=\/wp\/v2\/pages\/15","targetHints":{"allow":["GET"]}}],"collection":[{"href":"https:\/\/feuerwehrlage.com\/index.php?rest_route=\/wp\/v2\/pages"}],"about":[{"href":"https:\/\/feuerwehrlage.com\/index.php?rest_route=\/wp\/v2\/types\/page"}],"author":[{"embeddable":true,"href":"https:\/\/feuerwehrlage.com\/index.php?rest_route=\/wp\/v2\/users\/1"}],"replies":[{"embeddable":true,"href":"https:\/\/feuerwehrlage.com\/index.php?rest_route=%2Fwp%2Fv2%2Fcomments&post=15"}],"version-history":[{"count":45,"href":"https:\/\/feuerwehrlage.com\/index.php?rest_route=\/wp\/v2\/pages\/15\/revisions"}],"predecessor-version":[{"id":1582,"href":"https:\/\/feuerwehrlage.com\/index.php?rest_route=\/wp\/v2\/pages\/15\/revisions\/1582"}],"wp:attachment":[{"href":"https:\/\/feuerwehrlage.com\/index.php?rest_route=%2Fwp%2Fv2%2Fmedia&parent=15"}],"curies":[{"name":"wp","href":"https:\/\/api.w.org\/{rel}","templated":true}]}}

<div class="wp-block-group"><div class="wp-block-group__inner-container is-layout-flow wp-block-group-is-layout-flow">
<p class="has-text-align-center"><strong>Jahreshauptversammlung Ortsfeuerwehr Lage 2026 &#8211; Viele gewählte im Amt bestätigt</strong></p>



<p>Zur Jahreshauptversammlung der Ortsfeuerwehr Lage&nbsp;begrüßte&nbsp;Ortsbrandmeister Jannik Scholte-Eekhoff am Freitag, den 13. März 2026, zahlreiche Kameraden sowie Gäste im Feuerwehrhaus. Besonders begrüßte er Samtgemeindebürgermeister Günter&nbsp;Oldekamp,&nbsp;Ordnungsamtsleiter Peter&nbsp;Oldekamp,&nbsp;den Bürgermeister der Gemeinde Lage Ludwig&nbsp;Hagedoorn&nbsp;sowie den stellvertretenden Gemeindebrandmeister Joachim Albers.&nbsp;&nbsp;</p>



<p>In seinem Jahresbericht blickte der Ortsbrandmeister auf das Jahr 2025 zurück. Zum Jahresende zählt die Ortsfeuerwehr Lage insgesamt 60 Mitglieder in der Jugendfeuerwehr, der Einsatzabteilung sowie der Alters- und Ehrenabteilung. Das Durchschnittsalter in der Einsatzabteilung beträgt 39,76 Jahre, das der Jugendfeuerwehr 13,32 Jahre. Zusätzlich unterstützen 16 fördernde Mitglieder die Arbeit der Feuerwehr.&nbsp;Im vergangenen Jahr wurde die Ortsfeuerwehr zu insgesamt elf Einsätzen alarmiert. Besonders in Erinnerung bleiben dabei der Brand eines Stallgebäudes in der Neustadtstraße in Lage sowie Brände von Wohnhäusern in der Raiffeisenstraße in&nbsp;Veldhausen&nbsp;und in der Straße Am&nbsp;Storkebrink&nbsp;in Neuenhaus. Bei größeren Einsätzen unterstützten auch Kräfte aus der Samtgemeinde, die Brandweer Ootmarsum sowie die HRB aus Nordhorn. Insgesamt leisteten die Einsatzkräfte 607 Einsatzstunden.&nbsp;Neben Einsätzen und Ausbildungsdiensten engagierten sich die Kameradinnen und Kameraden auch bei zahlreichen Veranstaltungen. Dazu gehörten unter anderem die Weihnachtsbaumsammelaktion der Jugendfeuerwehr, eine Koordinatenfahrt mit anschließendem Kameradschaftsabend, die Kreisbereitschaftsübung, der Tag des Feuerwehrhauses sowie ein Biotoptag zwischen Weihnachten und Neujahr.&nbsp;Addiert man Einsätze, Dienstabende und Sonderdienste, leisteten die Mitglieder der Feuerwehr im vergangenen Jahr insgesamt 1.849,07 Stunden Dienstzeit. Hinzu kommen zahlreiche weitere Stunden für Instandhaltung, Verwaltung, die Organisation von Veranstaltungen sowie die Vorbereitung und Beschaffung des neuen Mannschaftstransportwagens (MTW), die häufig im Hintergrund stattfinden.&nbsp;Ein besonderes Thema im Jahr 2025 war die Beschaffung und Indienststellung dieses neuen Mannschaftstransportwagens. Außerdem stand im vergangenen Jahr ein Wechsel in der Wehrführung an.&nbsp;Mehrere Kameraden konnten im Laufe des Jahres befördert werden: Enric Balder zum Hauptfeuerwehrmann, Til&nbsp;Veldhoff&nbsp;zum Löschmeister und Sebastian Körner zum Hauptlöschmeister. Zudem wurden im Herbst sämtliche Dienstgrade an die neue Niedersächsische Feuerwehrverordnung angepasst. Als dienstabendfleißigster Kamerad wurde Tim Brinkmann ausgezeichnet, der 24 von 27 Diensten besuchte.&nbsp;Zum Abschluss bedankte sich Jannik Scholte-Eekhoff bei alen Gästen für die sehr gute und Vertrauensvolle Zusammenarbeit. Günter Oldekamp, der zum letzten mal als Samtgemeindebürgermeister an der JHV teilnahm, wurde als Dank noch ein kleines Dankeschön für die Zusammenarbeit der letzten 12 Jahre überreicht. Ebenfalls dankte der OBM der gesamten Feuerwehr und deren Familien für den Einsatz und das Verständnis. </p>



<p>Jugendfeuerwehrwart Til&nbsp;Veldhoff&nbsp;berichtete über die Aktivitäten der Jugendfeuerwehr. Der Jugendabteilung gehören derzeit 19 Mitglieder an, die im vergangenen Jahr an zahlreichen Diensten und Veranstaltungen teilgenommen haben.&nbsp;</p>



<p>Für die Alters- und Ehrenabteilung berichtete Jan-Heinz Körner stellvertretend für Manfred Jungfer über die regelmäßigen Treffen und Aktivitäten. Im Laufe des Jahres werden drei weitere Kameraden in diese Abteilung wechseln.&nbsp;</p>



<p>Die Kassenberichte der Einsatzabteilung sowie der Jugendfeuerwehr wurden von Marcel&nbsp;Braakmann&nbsp;vorgetragen, den Bericht der Getränkekasse stellte Maris&nbsp;Braakmann&nbsp;vor. Die Kassenprüfer Marvin Scholte-Eekhoff und Robin Thies bestätigten eine ordnungsgemäße Kassenführung, woraufhin das Ortskommando von der Versammlung entlastet wurde.&nbsp;</p>



<p>Der stellvertretende Gemeindebrandmeister Joachim Albers nahm anschließend die Beförderungen vor. Liron&nbsp;Ekkelboom&nbsp;wurde zum Feuerwehrmann, Daniel Ribeiro de Sá zum 1. Hauptfeuerwehrmann befördert.&nbsp;</p>



<p>In seinen Grußworten dankte Samtgemeindebürgermeister Günter Oldekamp den Einsatzkräften der Ortsfeuerwehr Lage für ihre ständige Einsatzbereitschaft und ihr ehrenamtliches Engagement.  Gleichzeitig bedankte er sich für die anerkennenden Worte zu seiner Arbeit als Samtgemeindebürgermeister, aus deren Amt er im Herbst ausscheiden wird. Weiter berichtete er, dass die geplante Erweiterung des Feuerwehrhauses weiterhin verfolgt wird. Ein neuer Entwurf wurde Anfang des Jahres vom Büro MGA vorgestellt und soll nun weiter beraten werden. Außerdem habe in Veldhausen kürzlich der Bau des neuen Feuerwehrhauses begonnen. Oldekamp überbrachte zudem die Grüße der Verwaltung und überreichte ein Flachgeschenk. </p>



<p>Auch Bürgermeister Ludwig&nbsp;Hagedoorn&nbsp;dankte den Einsatzkräften für ihren Einsatz und übergab ebenfalls ein Präsent. Die Bürgerinnen und Bürger der Gemeinde Lage könnten stolz auf ihre Feuerwehr sein und sich sicher fühlen. Besonders beim Brand eines landwirtschaftlichen Anwesens Ende des vergangenen Jahres habe die Feuerwehr eindrucksvoll gezeigt, wie schnell und schlagkräftig sie sei – innerhalb von kürzester Zeit sei man am Einsatzort gewesen.&nbsp;</p>



<p>Im Rahmen der Versammlung standen außerdem mehrere Wahlen an. Gewählt wurden Tim Brinkmann zum Gerätewart, Hartmut Brinkmann zum stellvertretenden Gerätewart, Guido Balder zum Atemschutzgerätewart und Fabian&nbsp;Lankhorst&nbsp;zu dessen Stellvertreter. Marcel&nbsp;Braakmann&nbsp;wurde zum Kassenwart gewählt, Arne Küper zum Schriftwart und Daniel Ribeiro de Sá zum Ortssicherheitsbeauftragten. Als Beisitzer im Ortskommando wurden Georg Scholte-Eekhoff, Joachim Albers, Frank Engbers und Fabian&nbsp;Lankhorst&nbsp;bestätigt. Versorgungsmann ist&nbsp;neben Maris&nbsp;Braakmann&nbsp;künftig Robin Thies. Zu Kassenprüfern wurden Marvin Scholte-Eekhoff und Maik Boll gewählt.&nbsp;</p>



<p>In diesem Jahr wechseln&nbsp;die&nbsp;vier Kameraden&nbsp;Jan-Heinz Körner, Hermann&nbsp;Nosseler, Frank&nbsp;Veldhoff&nbsp;und Jan-Albert&nbsp;Momann&nbsp;nach vielen Jahren aktiven Dienstes in die Alters- und Ehrenabteilung. Gemeinsam kommen sie auf insgesamt 201 Jahre Dienstzeit in Jugendfeuerwehr und Einsatzabteilung. Die offizielle Verabschiedung erfolgt im Rahmen der Samtgemeindejahreshauptversammlung im April. Als Dank überreichte die Ortsfeuerwehr Präsentkörbe sowie individuell gravierte Flaschenöffner mit Dienstzeit, Namen und dem Logo der Ortsfeuerwehr Lage.&nbsp;</p>



<p>Zum Abschluss wurden noch verschiedene Termine für das Jahr 2026 bekanntgegeben, darunter der „Tag des Dorfes“, gemeinsame Dienstabende mit den Nachbarwehren Neuenhaus und&nbsp;Ootmarsum, die Samtgemeindejahreshauptversammlung, das Jubiläum der Jugendfeuerwehr&nbsp;vom 08.05.26 bis zum 10.05.2026&nbsp;sowie der&nbsp;Hydrantentag.&nbsp;</p>



<p class="has-text-align-left">Mit einer Fotopräsentation der Einsätze und Aktivitäten aus dem Jahr 2025 schloss der Ortsbrandmeister die Jahreshauptversammlung nach rund eineinhalb Stunden.&nbsp;Im Anschluss ließ man den Abend gemütlich ausklingen.</p>



<figure class="wp-block-gallery has-nested-images columns-default is-cropped wp-block-gallery-1 is-layout-flex wp-block-gallery-is-layout-flex">
<figure class="wp-block-image size-mesmerize-full-hd is-style-rounded"><img loading="lazy" decoding="async" width="1440" height="1080" data-id="1566" src="https://feuerwehrlage.com/wp-content/uploads/2026/03/BildJHV2026-1440x1080.jpeg" alt="" class="wp-image-1566" srcset="https://feuerwehrlage.com/wp-content/uploads/2026/03/BildJHV2026-1440x1080.jpeg 1440w, https://feuerwehrlage.com/wp-content/uploads/2026/03/BildJHV2026-300x225.jpeg 300w, https://feuerwehrlage.com/wp-content/uploads/2026/03/BildJHV2026-1024x768.jpeg 1024w, https://feuerwehrlage.com/wp-content/uploads/2026/03/BildJHV2026-768x576.jpeg 768w, https://feuerwehrlage.com/wp-content/uploads/2026/03/BildJHV2026-1536x1152.jpeg 1536w, https://feuerwehrlage.com/wp-content/uploads/2026/03/BildJHV2026.jpeg 1600w" sizes="auto, (max-width: 1440px) 100vw, 1440px" /><figcaption class="wp-element-caption">v.l.n.r.: Joachim Albers, Peter Oldekamp, Ludwig Hagedoorn, Günter Oldekamp, Daniel Ribeiro de Sa, Liron Ekkelboom, Jannik Scholte-Eekhoff, Sebastian Körner, Tim Brinkmann</figcaption></figure>
</figure>
</div></div>



<p></p>

<p>Jahreshauptversammlung Ortsfeuerwehr Lage 2026 &#8211; Viele gewählte im Amt bestätigt Zur Jahreshauptversammlung der Ortsfeuerwehr Lage&nbsp;begrüßte&nbsp;Ortsbrandmeister Jannik Scholte-Eekhoff am Freitag, den 13. März 2026, zahlreiche Kameraden sowie Gäste im Feuerwehrhaus. Besonders begrüßte er Samtgemeindebürgermeister Günter&nbsp;Oldekamp,&nbsp;Ordnungsamtsleiter Peter&nbsp;Oldekamp,&nbsp;den Bürgermeister der Gemeinde Lage Ludwig&nbsp;Hagedoorn&nbsp;sowie den stellvertretenden Gemeindebrandmeister Joachim Albers.&nbsp;&nbsp; In seinem Jahresbericht blickte der Ortsbrandmeister auf das Jahr 2025&hellip; <br /> <a class="read-more" href="https://feuerwehrlage.com/?page_id=15">Weiterlesen</a></p>
