{"id":114,"date":"2020-02-24T15:30:33","date_gmt":"2020-02-24T15:30:33","guid":{"rendered":"http:\/\/feuerwehrlage.com\/?page_id=114"},"modified":"2020-04-07T13:49:03","modified_gmt":"2020-04-07T13:49:03","slug":"chronik","status":"publish","type":"page","link":"https:\/\/feuerwehrlage.com\/?page_id=114","title":{"rendered":"Chronik"},"content":{"rendered":"\n<div class=\"wp-block-group\"><div class=\"wp-block-group__inner-container is-layout-flow wp-block-group-is-layout-flow\">\n<p class=\"has-text-align-center\">Aus einer in Twickel \u2013 Delden &#8211; \nvorliegenden Rechnung aus dem Jahre 1906 geht hervor, dass man in Lage \neine neue Handdruckspritze stationiert hat, die von den \u201eHeerenwarkers\u201c ,\n (Forstarbeitern) aus jener Zeit, bedient und gepflegt wurde. Um das \nJahr 1906 brannte das damalige sogenannte Backershaus , heute Dorfstr. \n47, v\u00f6llig aus, nur die Au\u00dfenmauern blieben stehen. Bei diesem Brand kam\n die Feuerwehr Lage zum ersten Mal zum Einsatz. Dieser erste Einsatz hat\n so viele Schaulustige angezogen, da\u00df man von einem ganz ungew\u00f6hnlichen \nMenschenauflauf sprach. Zudem sei, auf Grund dieses ersten Einsatzes, \nder Schnaps fast ebenso stark geflossen, wie das L\u00f6schwasser aus der \nDinkel&nbsp; &#8211;&nbsp; und das Backershaus brannte schlie\u00dflich unter lautem Gesang \nnieder.<\/p>\n\n\n\n<p class=\"has-text-align-center\">Ja, und dann war da noch etwas im Jahre \n1906. Ein hei\u00dfer Augusttag, die Bauern sind bei der Roggenernte. Der \ndamals noch junge Bauer Friedrich Achteresch aus Halle bemerkte gegen \n17.00 Uhr von weitem, da\u00df es auf seinem Anwesen qualmt! Nach dem Motto: \n\u201eAlles rennet, rettet, fl\u00fcchtet,\u201c kamen sie da selbst an. Sie hatten \nauch schon von der neuen Spritze in Lage geh\u00f6rt und nun mu\u00dfte der \nNachbar Harsm\u00f6lle mit den Pferden nach Lage, um die Feuerwehrspritze \nsamt Mannen zu holen. Das war ja nicht gerade in der Nachbarschaft und \nin wenigen Minuten zu erledigen.\u201eSe wann noch drock un han noch heel wat\n te don!\u201c&nbsp; Gute alte Zeit !<\/p>\n\n\n\n<p class=\"has-text-align-center\">Zwei\n Jahre sp\u00e4ter: Es war um die Mittagszeit, die B\u00fcrger in Lage sa\u00dfen an \nihren Mittagstischen. Nur der Bauer Buitkamp aus dem Buitenhoek, war \nnoch am Pfl\u00fcgen auf dem D\u00f6renkamp. Da sieht er das \u201eBest\u00fcr\u201c, heute \nw\u00fcrden wir es auch Anwesen nennen, von Kip, ebenfalls im Buitenhoek, \nbrennen. Kip war selbst noch im Forst und seine Frau war au\u00dfer Haus. \nBauer Buitkamp spannte schnell seine Pferde aus und jagte mit den \nG\u00e4ulen, die eisernen Reppen und Kl\u00fcppel hinter sich \nherschleppend, zum \u201eArmenhaus\u201c, so nannte man das Geb\u00e4ude, in dem die \nHanddruckspritze untergebracht war, um sie zu holen. Der\n alte Herr Bosmann hatte beim Essen auch das Ger\u00e4usch auf der nicht \ngerade ebenen Steinstrasse geh\u00f6rt, lie\u00df alles stehen und liegen und \nholte die \u201eHeerenwarkers\u201c, alles Lager M\u00e4nner, die durchweg im Forst \narbeiteten, zusammen, zur L\u00f6schaktion bei Kip.<\/p>\n\n\n\n<p class=\"has-text-align-center\">Es\n w\u00fcrde jetzt zu weit f\u00fchren, w\u00fcrde man jede \u201eAktion\u201c nochmals lebendig \nwerden lassen. Man sieht daraus, wie m\u00fchselig solch eine Brandbek\u00e4mpfung\n damals war. Und doch, und das \nh\u00f6rt man heute noch von Leuten, die in den 20-iger und 30-iger Jahren \ndabei waren : \u201eEt was ock noch wa mangs moi, bie son Brand!\u201c Denn die \n5ltr. Korbflasche Kloaren durfte bei keinem Einsatz fehlen.<\/p>\n\n\n\n<p class=\"has-text-align-center\">1. &amp; 2. Weltkrieg<\/p>\n\n\n\n<p class=\"has-text-align-center\">Dann\n kam der 1. und 2.Weltkrieg. Mancher Feuerwehrmann wurde eingezogen und \nwir k\u00f6nnen noch etliche Namen dieser M\u00e4nner, in Stein gemei\u00dfelt, auf der\n Gedenkst\u00e4tte f\u00fcr gefallene Soldaten wiederfinden.<\/p>\n\n\n\n<p class=\"has-text-align-center\">Der\n damalige Gemeindebrandmeister Maschmeier hatte w\u00e4hrend des letzten \nKrieges aber doch noch 18 Feuerwehrm\u00e4nner zur Verf\u00fcgung. Unabk\u00f6mmlich, \nwie man sie damals nannte. Bauern aus Brecklenkamp, Neustadt, Buitenhoek\n und \u201eL\u00f6egsche Mannsl\u00f6\u00f6\u201c.<\/p>\n\n\n\n<p class=\"has-text-align-center\">Die Feuerwehr bekam damals die 1. TS 8\/8 Rosenbauer und einen TSA. Der mu\u00dfte aber noch von Hand gezogen werden.<\/p>\n\n\n\n<p class=\"has-text-align-center\">Ende\n 1945, Anfang 1946, versuchten wir mit einer \u201eHandvoll M\u00e4nner\u201c zu \nretten, was noch zu retten war. Der ehemalige Raum f\u00fcr die \nFeuerwehrger\u00e4te war aufgebrochen worden. Gott sei Dank hatte man f\u00fcr die\n alte Rosenbauer TS 8\/8 wohl keine Verwendung gefunden. Der TSA hatte \nPlattf\u00fc\u00dfe. Aber leider hatte unsere sch\u00f6ne, von zwei Pferden zu ziehende\n Handdruckspritze mit den beiden blanken Messingkesseln eine andere \nVerwendung gefunden. Ein ehemaliger Flugzeugingenieur hatte aus dem \nDruckkessel eine kleine \u201eFuselherstellungsanlage\u201c gebaut, leider!<\/p>\n\n\n\n<p class=\"has-text-align-center\">Der Unterbau, alles Hartholz, ging durch den Schornstein. Denn \u201eSchwarzbrennen\u201c stand damals noch hoch im Kurs. Der\n verstorbene ehemalige Kreisbrandmeister Rust besorgte uns dann aus \nehemaligen Wehrmachtbest\u00e4nden einen alten, zum Mannschaftswagen \numgebauten, franz\u00f6sischen Krankenwagen, Marke Chevrolet. Nun konnten wir\n den TSA umbauen, so da\u00df ihn der \u201eFranzose\u201c ziehen konnte. Unser \nverstorbener Kamerad Heise und seine Jungs besorgten uns in einer Nacht \nund Nebelaktion eine alte halbrunde Nissenh\u00fctte als Unterkunft. Aber der\n \u201eFranzose\u201c pa\u00dfte nicht hinein und mu\u00dfte nun auf der Diele im alten \n\u201eH\u00f6tkenhaus\u201c stehen.<\/p>\n\n\n\n<p class=\"has-text-align-center\">Langsam  normalisierte sich die Zeit und unsere Gemeinde baute so etwas  \u00e4hnliches wie ein Feuerwehrhaus. Unsere flei\u00dfigen Maurer und die \u00fcbrigen  M\u00e4nner der Wehr, die zum Teil auch heute noch bei uns sind und schon  vor etliche Jahren ihr \u201e25j\u00e4hriges\u201c hatten, mu\u00dften dann aus dem Rohbau  einen einigerma\u00dfen zweckm\u00e4\u00dfigen und freundlichen Feuerwehrraum bauen.<\/p>\n\n\n\n<p class=\"has-text-align-center\">Es\n versteht sich von selbst, da\u00df das nur nach Feierabend und am Wochenende\n bewerkstelligt werden konnte. Kamerad Heise hatte dann aus \ngesundheitlichen Gr\u00fcnden den Abschied genommen und Kamerad Bildermann \ndas Ruder \u00fcbergeben. So etwas vollzog sich damals noch alles in aller \nStille; \u201eHauptsache der Laden lief, und der lief!\u201c<\/p>\n\n\n\n<p class=\"has-text-align-center\">Neue Tragkraftspritze<\/p>\n\n\n\n<p class=\"has-text-align-center\">Die  Rosenbauer Tragkraftspritze (TS 8\/8) gab es auf, doch Dank des  Feuerl\u00f6schverbandes Neuenhaus bekamen wir dann auch bald eine neue TS  8\/8 der Firma Balke. Die mu\u00dfte aber erst von dem \u201egro\u00dfen Bruder\u201c, der  Feuerwehr Neuenhaus, getestet werden und dann \u00fcbergab man sie uns  feierlich bei der Gastst\u00e4tte Lavarre.<\/p>\n\n\n\n<div class=\"wp-block-image is-style-rounded\"><figure class=\"aligncenter size-large\"><img loading=\"lazy\" decoding=\"async\" width=\"500\" height=\"309\" src=\"https:\/\/feuerwehrlage.com\/wp-content\/uploads\/2020\/04\/Kreiswettkampf-1960.png\" alt=\"\" class=\"wp-image-492\" srcset=\"https:\/\/feuerwehrlage.com\/wp-content\/uploads\/2020\/04\/Kreiswettkampf-1960.png 500w, https:\/\/feuerwehrlage.com\/wp-content\/uploads\/2020\/04\/Kreiswettkampf-1960-300x185.png 300w\" sizes=\"auto, (max-width: 500px) 100vw, 500px\" \/><\/figure><\/div>\n\n\n\n<p class=\"has-text-align-center\">Kreiswettkampf 1960 <\/p>\n\n\n\n<p class=\"has-text-align-center\">2. L\u00f6schfahrzeug<\/p>\n\n\n\n<p class=\"has-text-align-center\">1951,\n unser Chevrolet gab den Geist auf. 500,- DM bekamen wir noch als \nSchrottpreis. Der Viehh\u00e4ndler Feitsma aus Nordhorn \u00fcberlie\u00df uns f\u00fcr \n2100,- DM einen ausgedienten Schweinetransporter; \u201cAch waren wir \nbliede!\u201c <\/p>\n\n\n\n<p class=\"has-text-align-center\">In\n 250 Arbeitsstunden wurde er dann zu einem ordentlichen Feuerwehrwagen, \nso richtig mit Schlitten zum herausziehen der TS 8\/8, sowie mit seitlich\n montierten Haspelst\u00e4ndern f\u00fcr B \u2013 Schl\u00e4uche, von uns zurecht \ngeschustert. \u201eEs war eine herrliche Zeit!\u201c<\/p>\n\n\n\n<p class=\"has-text-align-center\">Der alte \u201eSchweinetransporter\u201c<\/p>\n\n\n\n<p class=\"has-text-align-center\">In Hardingen bestand er seinen ersten Einsatz. Die Eins\u00e4tze hielten sich, \u201eGott sei Dank\u201c, in Grenzen. <\/p>\n\n\n\n<p class=\"has-text-align-center\">Aber der Fortschritt im Feuerwehrwesen machte auch vor Lage nicht halt.<\/p>\n\n\n\n<p class=\"has-text-align-center\"> 3. L\u00f6schfahrzeug, Opel Blitz LF 8\/8<\/p>\n\n\n\n<p class=\"has-text-align-center\">So\n  wurde dann nach z\u00e4hem Ringen mit dem Herrn B\u00fcrgermeister des  \nL\u00f6schbezirkes und vor allem Dank der F\u00fcrsprache und des Einsatzes  \nunseres ehemaligen Kreisbrandmeisters Heinz Br\u00fcna, 1964 ein richtiges  \nFeuerwehrfahrzeug, einen Opel LF8, angeschafft. Dieser Opel \u201eBlitz\u201c  \nsollte lange Jahre seinen Dienst tun.<\/p>\n\n\n\n<p class=\"has-text-align-center\">Dieser\n  aber wurde bei einem Verkehrsunfall, der sich Rahmen einer  \nLehrgangsfahrt ereignete, im Jahre 1984 stark in Mitleidenschaft  \ngezogen. Menschen kamen hierbei gl\u00fccklicherweise nicht zu schaden. Der  \nKamerad Frank Veldhoff ist heute Eigent\u00fcmer eines gleichaltrigen,  \nbaugleichen L\u00f6schfahrzeugs !!!<\/p>\n\n\n\n<div class=\"wp-block-image is-style-rounded\"><figure class=\"aligncenter size-large\"><img loading=\"lazy\" decoding=\"async\" width=\"730\" height=\"1024\" src=\"https:\/\/feuerwehrlage.com\/wp-content\/uploads\/2020\/04\/MEDIAFIX_IMG_1116-730x1024.jpg\" alt=\"\" class=\"wp-image-494\" srcset=\"https:\/\/feuerwehrlage.com\/wp-content\/uploads\/2020\/04\/MEDIAFIX_IMG_1116-730x1024.jpg 730w, https:\/\/feuerwehrlage.com\/wp-content\/uploads\/2020\/04\/MEDIAFIX_IMG_1116-214x300.jpg 214w, https:\/\/feuerwehrlage.com\/wp-content\/uploads\/2020\/04\/MEDIAFIX_IMG_1116-768x1077.jpg 768w, https:\/\/feuerwehrlage.com\/wp-content\/uploads\/2020\/04\/MEDIAFIX_IMG_1116-1095x1536.jpg 1095w, https:\/\/feuerwehrlage.com\/wp-content\/uploads\/2020\/04\/MEDIAFIX_IMG_1116-1460x2048.jpg 1460w, https:\/\/feuerwehrlage.com\/wp-content\/uploads\/2020\/04\/MEDIAFIX_IMG_1116-1024x1436.jpg 1024w, https:\/\/feuerwehrlage.com\/wp-content\/uploads\/2020\/04\/MEDIAFIX_IMG_1116-770x1080.jpg 770w, https:\/\/feuerwehrlage.com\/wp-content\/uploads\/2020\/04\/MEDIAFIX_IMG_1116-scaled.jpg 1825w\" sizes=\"auto, (max-width: 730px) 100vw, 730px\" \/><\/figure><\/div>\n\n\n\n<p class=\"has-text-align-center\">Hiernach diente uns als Einsatzfahrzeug vor\u00fcbergehend ein Tankl\u00f6schfahrzeug.<\/p>\n\n\n\n<div class=\"wp-block-image is-style-rounded\"><figure class=\"aligncenter size-large\"><img loading=\"lazy\" decoding=\"async\" width=\"1024\" height=\"663\" src=\"https:\/\/feuerwehrlage.com\/wp-content\/uploads\/2020\/04\/MEDIAFIX_IMG_0857-1024x663.jpg\" alt=\"\" class=\"wp-image-495\" srcset=\"https:\/\/feuerwehrlage.com\/wp-content\/uploads\/2020\/04\/MEDIAFIX_IMG_0857-1024x663.jpg 1024w, https:\/\/feuerwehrlage.com\/wp-content\/uploads\/2020\/04\/MEDIAFIX_IMG_0857-300x194.jpg 300w, https:\/\/feuerwehrlage.com\/wp-content\/uploads\/2020\/04\/MEDIAFIX_IMG_0857-768x498.jpg 768w, https:\/\/feuerwehrlage.com\/wp-content\/uploads\/2020\/04\/MEDIAFIX_IMG_0857-1536x995.jpg 1536w, https:\/\/feuerwehrlage.com\/wp-content\/uploads\/2020\/04\/MEDIAFIX_IMG_0857-2048x1327.jpg 2048w, https:\/\/feuerwehrlage.com\/wp-content\/uploads\/2020\/04\/MEDIAFIX_IMG_0857-1667x1080.jpg 1667w\" sizes=\"auto, (max-width: 1024px) 100vw, 1024px\" \/><\/figure><\/div>\n\n\n\n<div class=\"wp-block-image is-style-rounded\"><figure class=\"aligncenter size-large\"><img loading=\"lazy\" decoding=\"async\" width=\"761\" height=\"322\" src=\"https:\/\/feuerwehrlage.com\/wp-content\/uploads\/2020\/04\/NI07704_2088_003.jpg\" alt=\"\" class=\"wp-image-496\" srcset=\"https:\/\/feuerwehrlage.com\/wp-content\/uploads\/2020\/04\/NI07704_2088_003.jpg 761w, https:\/\/feuerwehrlage.com\/wp-content\/uploads\/2020\/04\/NI07704_2088_003-300x127.jpg 300w\" sizes=\"auto, (max-width: 761px) 100vw, 761px\" \/><\/figure><\/div>\n\n\n\n<p class=\"has-text-align-center\">75 Jahre Feuerwehr Lage <\/p>\n\n\n\n<div class=\"wp-block-image is-style-rounded\"><figure class=\"aligncenter size-large\"><img loading=\"lazy\" decoding=\"async\" width=\"1024\" height=\"681\" src=\"https:\/\/feuerwehrlage.com\/wp-content\/uploads\/2020\/04\/MEDIAFIX_IMG_1117-1024x681.jpg\" alt=\"\" class=\"wp-image-497\" srcset=\"https:\/\/feuerwehrlage.com\/wp-content\/uploads\/2020\/04\/MEDIAFIX_IMG_1117-1024x681.jpg 1024w, https:\/\/feuerwehrlage.com\/wp-content\/uploads\/2020\/04\/MEDIAFIX_IMG_1117-300x200.jpg 300w, https:\/\/feuerwehrlage.com\/wp-content\/uploads\/2020\/04\/MEDIAFIX_IMG_1117-768x511.jpg 768w, https:\/\/feuerwehrlage.com\/wp-content\/uploads\/2020\/04\/MEDIAFIX_IMG_1117-1536x1022.jpg 1536w, https:\/\/feuerwehrlage.com\/wp-content\/uploads\/2020\/04\/MEDIAFIX_IMG_1117-2048x1363.jpg 2048w, https:\/\/feuerwehrlage.com\/wp-content\/uploads\/2020\/04\/MEDIAFIX_IMG_1117-1623x1080.jpg 1623w\" sizes=\"auto, (max-width: 1024px) 100vw, 1024px\" \/><\/figure><\/div>\n\n\n\n<p class=\"has-text-align-center\"><em>vorne von links:  G\u00fcnther  Fr\u00f6hlich, Holger Scholte-Eekhoff, Holger Averers, Gerwin Klokkers, Dirk  Sichler, Hermann D\u00f6ppen, Hartmut Brinkmann, Georg Scholte-Eekhoff,  Christian Albers, Jan-Heinz Brink, Hartmut K\u00fcper<\/em><\/p>\n\n\n\n<p class=\"has-text-align-center\"><em>hinten von links: Jan\n Kelder, Karl Heinz \u00d6pkes, Gerold Wichers, Udo Nietznik, Friedrich \nReinecke, Jan-Heinz K\u00f6rner, Frank Veldhoff, Gerhard Bildermann, Joachim \nAlbers, Johann Nosseler, Manfred Jungfer, Klaus Fr\u00f6hlich, Frank Meyer, \nGerrit Wolter, Jan Albert Moomann, Bernhard van der Bosch, Hermann \nNosseler, Diederich Antons, Friedrich Engbers, Arnold Diek, Wolfgang \nSichler, Ludwig Brink, Egbert Veldhoff, Helmut Spickmann<\/em> <br><\/p>\n\n\n\n<p class=\"has-text-align-center\">4. L\u00f6schfahrzeug, Iveco Magirus LF 8\/8<\/p>\n\n\n\n<div class=\"wp-block-image is-style-rounded\"><figure class=\"aligncenter size-large\"><img loading=\"lazy\" decoding=\"async\" width=\"1024\" height=\"709\" src=\"https:\/\/feuerwehrlage.com\/wp-content\/uploads\/2020\/04\/MEDIAFIX_IMG_0883-1024x709.jpg\" alt=\"\" class=\"wp-image-498\" srcset=\"https:\/\/feuerwehrlage.com\/wp-content\/uploads\/2020\/04\/MEDIAFIX_IMG_0883-1024x709.jpg 1024w, https:\/\/feuerwehrlage.com\/wp-content\/uploads\/2020\/04\/MEDIAFIX_IMG_0883-300x208.jpg 300w, https:\/\/feuerwehrlage.com\/wp-content\/uploads\/2020\/04\/MEDIAFIX_IMG_0883-768x532.jpg 768w, https:\/\/feuerwehrlage.com\/wp-content\/uploads\/2020\/04\/MEDIAFIX_IMG_0883-1536x1064.jpg 1536w, https:\/\/feuerwehrlage.com\/wp-content\/uploads\/2020\/04\/MEDIAFIX_IMG_0883-2048x1419.jpg 2048w, https:\/\/feuerwehrlage.com\/wp-content\/uploads\/2020\/04\/MEDIAFIX_IMG_0883-1559x1080.jpg 1559w\" sizes=\"auto, (max-width: 1024px) 100vw, 1024px\" \/><\/figure><\/div>\n\n\n\n<p class=\"has-text-align-center\">Im\n Winter 1986 war es soweit. Eine 10 k\u00f6pfige Gruppe der Ortsfeuerwehr \nLage machte sich auf den Weg, um das neue L\u00f6schgruppenfahrzeug LF8 aus \nUlm von der Firma Iveco Magirus abzuholen. Mit unserem damaligen MTW Ford Transit sowie dem PKW des Fahrzeugverk\u00e4ufers ging die Fahrt los.<\/p>\n\n\n\n<p class=\"has-text-align-center\">Nach\n der \u00dcbernachtung in Ulm fuhren wir am 2. Tag bei klirrender K\u00e4lte zum \nWerk von Iveco Magirus, wo uns nach einer Werksbesichtigung das neue \nL\u00f6schfahrzeug \u00fcbergeben wurde und wir damit Richtung Heimat fuhren. \nDiese Fahrzeug wurde im Dezember 2011 durch das heutige <a href=\"http:\/\/feuerwehrlage.de\/index.php?option=com_content&amp;view=article&amp;id=57&amp;Itemid=85\">StLF 10\/6<\/a> ersetzt.<\/p>\n\n\n\n<p class=\"has-text-align-center\">Feuerwehrhaus nach 2000<\/p>\n\n\n\n<p class=\"has-text-align-center\">Ja,  und wie es dann so ist, &#8230;.nach ein paar Jahren wurde das FH-Haus auch  schon wieder reichlich eng und so mussten \u00dcberlegungen angestellt  werden, es zu vergr\u00f6\u00dfern. Zun\u00e4chst bekamen wir die im Feuerwehrhaus  befindliche Autogarage von der Hausmeisterwohnung hinzu. Sie wurde  genutzt f\u00fcr unseren Mannschaftstransportwagen, der bis zu diesem  Zeitpunkt hinter dem L\u00f6schwagen geparkt werden musste. Einige Jahre  sp\u00e4ter, im Jahre 1988, kam dann die ebenfalls im Feuerwehrhaus vorhandene Garage unserer damaligen &#8222;Schwester Anna&#8220; hinzu. Diese Garage  konnten wir dann zur Erweiterung unseres Unterrichts- und  Versammlungsraumes nutzen, wie auf dem Bild zu ersehen ist.  <\/p>\n\n\n\n<div class=\"wp-block-image is-style-rounded\"><figure class=\"aligncenter size-large\"><img loading=\"lazy\" decoding=\"async\" width=\"873\" height=\"659\" src=\"https:\/\/feuerwehrlage.com\/wp-content\/uploads\/2020\/04\/SAM_1295.jpg\" alt=\"\" class=\"wp-image-499\" srcset=\"https:\/\/feuerwehrlage.com\/wp-content\/uploads\/2020\/04\/SAM_1295.jpg 873w, https:\/\/feuerwehrlage.com\/wp-content\/uploads\/2020\/04\/SAM_1295-300x226.jpg 300w, https:\/\/feuerwehrlage.com\/wp-content\/uploads\/2020\/04\/SAM_1295-768x580.jpg 768w\" sizes=\"auto, (max-width: 873px) 100vw, 873px\" \/><\/figure><\/div>\n\n\n\n<p class=\"has-text-align-center\">Fast\n ausschlie\u00dflich in Eigenleistung wurde diese Aktion damals f\u00fcr nur 7.500\n DM durchgef\u00fchrt. Sch\u00e4tzungen der Samtgemeinde zufolge w\u00e4ren Kosten, \nohne die erbrachte Eigenleistung, von ungef\u00e4hr 21.000 DM entstanden. An \nder Aussenfassade gab es dann einige Jahre sp\u00e4ter zeitgem\u00e4\u00dfe Rolltore.<\/p>\n\n\n\n<p class=\"has-text-align-center\">Die\n n\u00e4chste Umbauaktion startete dann im Jahre 2001. Wegen Platzprobleme \nsolltdie damalige Durchfahrt zwischen dem Feuerwehrhaus und dem \nSchlachthaus \u00fcberdacht werden. Die Jugendfeuerwehr konnte im \nFeuerwehrhaus untergebracht werden und brauchte kein Provisorium mehr zu\n beherbergen. Au\u00dferdem fanden wir hier f\u00fcr wenig Aufwand eine \nzweckm\u00e4\u00dfige, ger\u00e4umige Werkstatt. <\/p>\n\n\n\n<p class=\"has-text-align-center\">W\u00e4hrend\n dieser Umbauphase stand dann die Beschaffung des neuen \nEinsatzleitwagens an. Ein neuer, nicht ausgebauter, Opel Movano wurde \nangeschafft, der von unserem Kameraden Hartmut Brinkmann in 85 Stunden \nEigenleistung perfekt ausgebaut wurde.<\/p>\n\n\n\n<div class=\"wp-block-image\"><figure class=\"aligncenter size-large\"><img loading=\"lazy\" decoding=\"async\" width=\"1052\" height=\"538\" src=\"https:\/\/feuerwehrlage.com\/wp-content\/uploads\/2020\/04\/2.bmp\" alt=\"\" class=\"wp-image-500\"\/><\/figure><\/div>\n\n\n\n<p class=\"has-text-align-center\">\n Die Kosten f\u00fcr dieses Fahrzeug betrugen 34.000 \u20ac. Der Landkreis zahlte \neinen Zuschuss in H\u00f6he von 7.500 \u20ac . Doch die Garage im Feuerwehrhaus \nwar zu klein&#8230;..Wieder einmal war viel Eigenleistung gefragt. Nach der \nPlanungsphase wurden ein neuer Anbau f\u00fcr die Toilettenr\u00e4ume vor das \nFeuerwehrhaus gebaut, wodurch im Feuerwehrhaus zus\u00e4tzlicher Platz f\u00fcr \ndas anstehende neue Fahrzeug entstand. Nach dreij\u00e4hriger Bauzeit wurden \ndie neuen R\u00e4umlichkeiten im November 2004 Samtgemeinde Neuenhaus und der\n Gemeinde Lage offiziell \u00fcbergeben. 3.000 \u20ac von den veranschlagten \nKosten wurden nicht ben\u00f6tigt. Das Kompliment der B\u00fcrgermeisterin Henni \nNyhuis zur Sachlage: &#8222;Auf die Feuerwehr Lage ist Verlass, in jeder \nBeziehung.&#8220;<\/p>\n\n\n\n<div class=\"wp-block-image is-style-rounded\"><figure class=\"aligncenter size-large\"><img loading=\"lazy\" decoding=\"async\" width=\"1090\" height=\"1000\" src=\"https:\/\/feuerwehrlage.com\/wp-content\/uploads\/2020\/04\/3.bmp\" alt=\"\" class=\"wp-image-501\"\/><\/figure><\/div>\n<\/div><\/div>\n","protected":false},"excerpt":{"rendered":"<p>Aus einer in Twickel \u2013 Delden &#8211; vorliegenden Rechnung aus dem Jahre 1906 geht hervor, dass man in Lage eine neue Handdruckspritze stationiert hat, die von den \u201eHeerenwarkers\u201c , (Forstarbeitern) aus jener Zeit, bedient und gepflegt wurde. Um das Jahr 1906 brannte das damalige sogenannte Backershaus , heute Dorfstr. 47, v\u00f6llig aus, nur die Au\u00dfenmauern&hellip; <br \/> <a class=\"read-more\" href=\"https:\/\/feuerwehrlage.com\/?page_id=114\">Weiterlesen<\/a><\/p>\n","protected":false},"author":1,"featured_media":0,"parent":0,"menu_order":0,"comment_status":"closed","ping_status":"closed","template":"","meta":{"footnotes":""},"class_list":["post-114","page","type-page","status-publish","hentry"],"_links":{"self":[{"href":"https:\/\/feuerwehrlage.com\/index.php?rest_route=\/wp\/v2\/pages\/114","targetHints":{"allow":["GET"]}}],"collection":[{"href":"https:\/\/feuerwehrlage.com\/index.php?rest_route=\/wp\/v2\/pages"}],"about":[{"href":"https:\/\/feuerwehrlage.com\/index.php?rest_route=\/wp\/v2\/types\/page"}],"author":[{"embeddable":true,"href":"https:\/\/feuerwehrlage.com\/index.php?rest_route=\/wp\/v2\/users\/1"}],"replies":[{"embeddable":true,"href":"https:\/\/feuerwehrlage.com\/index.php?rest_route=%2Fwp%2Fv2%2Fcomments&post=114"}],"version-history":[{"count":8,"href":"https:\/\/feuerwehrlage.com\/index.php?rest_route=\/wp\/v2\/pages\/114\/revisions"}],"predecessor-version":[{"id":543,"href":"https:\/\/feuerwehrlage.com\/index.php?rest_route=\/wp\/v2\/pages\/114\/revisions\/543"}],"wp:attachment":[{"href":"https:\/\/feuerwehrlage.com\/index.php?rest_route=%2Fwp%2Fv2%2Fmedia&parent=114"}],"curies":[{"name":"wp","href":"https:\/\/api.w.org\/{rel}","templated":true}]}}