{"id":111,"date":"2020-02-24T15:25:45","date_gmt":"2020-02-24T15:25:45","guid":{"rendered":"http:\/\/feuerwehrlage.com\/?page_id=111"},"modified":"2020-04-09T07:53:50","modified_gmt":"2020-04-09T07:53:50","slug":"alters-und-ehrenabteilung","status":"publish","type":"page","link":"https:\/\/feuerwehrlage.com\/?page_id=111","title":{"rendered":"Alters- und Ehrenabteilung"},"content":{"rendered":"\n<p>Nach dem derzeit g\u00fcltigen Brandschutzgesetz in Niedersachsen (NBrandSchG) m\u00fcssen Feuerwehrfrauen und -m\u00e4nner nach der Vollendung des 67. Lebensjahres aus dem aktiven Dienst ausscheiden, d.h. sie d\u00fcrfen nicht mehr zu Eins\u00e4tzen ausr\u00fccken. Sie werden dann in die Altersabteilung \u00fcbernommen. Aber auch Feuerwehrmitglieder, die aus gesundheitlichen Gr\u00fcnden nicht mehr aktiv sein k\u00f6nnen, geh\u00f6ren dieser Abteilung an.<\/p>\n\n\n\n<p>Die meisten ausscheidenden Mitglieder haben jahrelang in ihrer Freizeit aktiven Dienst geleistet und sind passionierte Feuerwehrleute, die auch weiterhin ein hohes Interesse an der Entwicklung ihrer Ortswehr haben. Sie sind liebgewonnene Kameraden, die auch von den J\u00fcngeren als solche gesch\u00e4tzt und geachtet werden. Gerne holt man sich bei ihnen einen guten Rat, der auf ihr langj\u00e4hriges Wissen und viel Erfahrung beruht.<\/p>\n\n\n\n<p>Die derzeit 5 Alters- und Ehrenkameraden der Feuerwehr Lage werden nicht nur zu den kameradschaftlichen Veranstaltungen eingeladen, sondern sind auch jederzeit bei allen Diensten gern gesehene G\u00e4ste. Dar\u00fcber hinaus treffen sie sich in regelm\u00e4\u00dfigen Abst\u00e4nden beispielsweise zu sogenannten \u201eKl\u00f6nabenden\u201c, um so auch den Kontakt untereinander weiterhin zu pflegen.<\/p>\n","protected":false},"excerpt":{"rendered":"<p>Nach dem derzeit g\u00fcltigen Brandschutzgesetz in Niedersachsen (NBrandSchG) m\u00fcssen Feuerwehrfrauen und -m\u00e4nner nach der Vollendung des 67. Lebensjahres aus dem aktiven Dienst ausscheiden, d.h. sie d\u00fcrfen nicht mehr zu Eins\u00e4tzen ausr\u00fccken. Sie werden dann in die Altersabteilung \u00fcbernommen. Aber auch Feuerwehrmitglieder, die aus gesundheitlichen Gr\u00fcnden nicht mehr aktiv sein k\u00f6nnen, geh\u00f6ren dieser Abteilung an. Die&hellip; <br \/> <a class=\"read-more\" href=\"https:\/\/feuerwehrlage.com\/?page_id=111\">Weiterlesen<\/a><\/p>\n","protected":false},"author":1,"featured_media":0,"parent":104,"menu_order":0,"comment_status":"closed","ping_status":"closed","template":"","meta":{"footnotes":""},"class_list":["post-111","page","type-page","status-publish","hentry"],"_links":{"self":[{"href":"https:\/\/feuerwehrlage.com\/index.php?rest_route=\/wp\/v2\/pages\/111","targetHints":{"allow":["GET"]}}],"collection":[{"href":"https:\/\/feuerwehrlage.com\/index.php?rest_route=\/wp\/v2\/pages"}],"about":[{"href":"https:\/\/feuerwehrlage.com\/index.php?rest_route=\/wp\/v2\/types\/page"}],"author":[{"embeddable":true,"href":"https:\/\/feuerwehrlage.com\/index.php?rest_route=\/wp\/v2\/users\/1"}],"replies":[{"embeddable":true,"href":"https:\/\/feuerwehrlage.com\/index.php?rest_route=%2Fwp%2Fv2%2Fcomments&post=111"}],"version-history":[{"count":3,"href":"https:\/\/feuerwehrlage.com\/index.php?rest_route=\/wp\/v2\/pages\/111\/revisions"}],"predecessor-version":[{"id":789,"href":"https:\/\/feuerwehrlage.com\/index.php?rest_route=\/wp\/v2\/pages\/111\/revisions\/789"}],"up":[{"embeddable":true,"href":"https:\/\/feuerwehrlage.com\/index.php?rest_route=\/wp\/v2\/pages\/104"}],"wp:attachment":[{"href":"https:\/\/feuerwehrlage.com\/index.php?rest_route=%2Fwp%2Fv2%2Fmedia&parent=111"}],"curies":[{"name":"wp","href":"https:\/\/api.w.org\/{rel}","templated":true}]}}

<p>Nach dem derzeit gültigen Brandschutzgesetz in Niedersachsen (NBrandSchG) müssen Feuerwehrfrauen und -männer nach der Vollendung des 67. Lebensjahres aus dem aktiven Dienst ausscheiden, d.h. sie dürfen nicht mehr zu Einsätzen ausrücken. Sie werden dann in die Altersabteilung übernommen. Aber auch Feuerwehrmitglieder, die aus gesundheitlichen Gründen nicht mehr aktiv sein können, gehören dieser Abteilung an.</p>



<p>Die meisten ausscheidenden Mitglieder haben jahrelang in ihrer Freizeit aktiven Dienst geleistet und sind passionierte Feuerwehrleute, die auch weiterhin ein hohes Interesse an der Entwicklung ihrer Ortswehr haben. Sie sind liebgewonnene Kameraden, die auch von den Jüngeren als solche geschätzt und geachtet werden. Gerne holt man sich bei ihnen einen guten Rat, der auf ihr langjähriges Wissen und viel Erfahrung beruht.</p>



<p>Die derzeit 5 Alters- und Ehrenkameraden der Feuerwehr Lage werden nicht nur zu den kameradschaftlichen Veranstaltungen eingeladen, sondern sind auch jederzeit bei allen Diensten gern gesehene Gäste. Darüber hinaus treffen sie sich in regelmäßigen Abständen beispielsweise zu sogenannten „Klönabenden“, um so auch den Kontakt untereinander weiterhin zu pflegen.</p>

<p>Nach dem derzeit gültigen Brandschutzgesetz in Niedersachsen (NBrandSchG) müssen Feuerwehrfrauen und -männer nach der Vollendung des 67. Lebensjahres aus dem aktiven Dienst ausscheiden, d.h. sie dürfen nicht mehr zu Einsätzen ausrücken. Sie werden dann in die Altersabteilung übernommen. Aber auch Feuerwehrmitglieder, die aus gesundheitlichen Gründen nicht mehr aktiv sein können, gehören dieser Abteilung an. Die&hellip; <br /> <a class="read-more" href="https://feuerwehrlage.com/?page_id=111">Weiterlesen</a></p>
