{"id":107,"date":"2020-02-24T15:25:07","date_gmt":"2020-02-24T15:25:07","guid":{"rendered":"http:\/\/feuerwehrlage.com\/?page_id=107"},"modified":"2020-04-07T13:49:59","modified_gmt":"2020-04-07T13:49:59","slug":"jugendfeuerwehr","status":"publish","type":"page","link":"https:\/\/feuerwehrlage.com\/?page_id=107","title":{"rendered":"Jugendfeuerwehr"},"content":{"rendered":"\n<div class=\"wp-block-image is-style-rounded\"><figure class=\"aligncenter size-large\"><img loading=\"lazy\" decoding=\"async\" width=\"1024\" height=\"768\" src=\"https:\/\/feuerwehrlage.com\/wp-content\/uploads\/2020\/04\/JF-Alleine-1024x768.jpg\" alt=\"\" class=\"wp-image-515\" srcset=\"https:\/\/feuerwehrlage.com\/wp-content\/uploads\/2020\/04\/JF-Alleine-1024x768.jpg 1024w, https:\/\/feuerwehrlage.com\/wp-content\/uploads\/2020\/04\/JF-Alleine-300x225.jpg 300w, https:\/\/feuerwehrlage.com\/wp-content\/uploads\/2020\/04\/JF-Alleine-768x576.jpg 768w, https:\/\/feuerwehrlage.com\/wp-content\/uploads\/2020\/04\/JF-Alleine-1536x1152.jpg 1536w, https:\/\/feuerwehrlage.com\/wp-content\/uploads\/2020\/04\/JF-Alleine-2048x1536.jpg 2048w, https:\/\/feuerwehrlage.com\/wp-content\/uploads\/2020\/04\/JF-Alleine-1440x1080.jpg 1440w\" sizes=\"auto, (max-width: 1024px) 100vw, 1024px\" \/><\/figure><\/div>\n\n\n\n<p class=\"has-text-align-center\"><strong><em>Jugendfeuerwehr &#8211; Mit Feuereifer dabei &#8230;<\/em><\/strong><\/p>\n\n\n\n<p class=\"has-text-align-center\">Also, was steckt wirklich dahinter, was macht den Reiz der Jugendfeuerwehr aus?<br>Unter\n anderem geh\u00f6ren der die Einf\u00fchrungen in Erste Hilfe, Ger\u00e4tekunde und \nfeuerwehrtechnische \u00dcbungen zur fachlichen Ausbildung. <\/p>\n\n\n\n<p class=\"has-text-align-center\">Ob\n im Spiel oder bei sportlichen und feuerwehrtechnischen Wettbewerben, \ndas Gruppengef\u00fchl ist das Wichtigste. Die Gruppe bietet Halt und viele \nAktivit\u00e4ten machen in der Gruppe einfach mehr Spa\u00df, sind \nerlebnisreicher. <br>Gebrannt hat nur das Lagerfeuer &#8230; Erlebnistage im Zeltlager <\/p>\n\n\n\n<p class=\"has-text-align-center\">Jugendfeuerwehr\n &#8211; fr\u00fch lernen zu helfen, Verantwortung zu \u00fcbernehmen ist nur eine \nSeite. Damit Lernen auch Spa\u00df macht, muss Ausgleich geschaffen werden.<br>Es stehen verschiedene Freizeitangebote wie Ausfl\u00fcge und Spielnachmittage auf dem Programm. <\/p>\n\n\n\n<p class=\"has-text-align-center\">Alle\n zwei Jahre findet ein Kreiszeltlager statt. Neben den Jugendfeuerwehren\n aus der Grafschaft nehmen regelm\u00e4\u00dfig auch aus den benachbarten \nNiederlanden die Gruppen aus Zwolle, Coevorden und Denekamp daran teil.<\/p>\n\n\n\n<p class=\"has-text-align-center\">Interessierte M\u00e4dchen oder Jungs ab 10 Jahren k\u00f6nnen sich gerne an einem Dienstabend melden, um n\u00e4here Info\u2019s zu erhalten.  Dienstabend ist jeder zweite Donnerstag um 18.<sup>30<\/sup> Uhr.<\/p>\n","protected":false},"excerpt":{"rendered":"<p>Jugendfeuerwehr &#8211; Mit Feuereifer dabei &#8230; Also, was steckt wirklich dahinter, was macht den Reiz der Jugendfeuerwehr aus?Unter anderem geh\u00f6ren der die Einf\u00fchrungen in Erste Hilfe, Ger\u00e4tekunde und feuerwehrtechnische \u00dcbungen zur fachlichen Ausbildung. Ob im Spiel oder bei sportlichen und feuerwehrtechnischen Wettbewerben, das Gruppengef\u00fchl ist das Wichtigste. Die Gruppe bietet Halt und viele Aktivit\u00e4ten machen&hellip; <br \/> <a class=\"read-more\" href=\"https:\/\/feuerwehrlage.com\/?page_id=107\">Weiterlesen<\/a><\/p>\n","protected":false},"author":1,"featured_media":0,"parent":104,"menu_order":0,"comment_status":"closed","ping_status":"closed","template":"","meta":{"footnotes":""},"class_list":["post-107","page","type-page","status-publish","hentry"],"_links":{"self":[{"href":"https:\/\/feuerwehrlage.com\/index.php?rest_route=\/wp\/v2\/pages\/107","targetHints":{"allow":["GET"]}}],"collection":[{"href":"https:\/\/feuerwehrlage.com\/index.php?rest_route=\/wp\/v2\/pages"}],"about":[{"href":"https:\/\/feuerwehrlage.com\/index.php?rest_route=\/wp\/v2\/types\/page"}],"author":[{"embeddable":true,"href":"https:\/\/feuerwehrlage.com\/index.php?rest_route=\/wp\/v2\/users\/1"}],"replies":[{"embeddable":true,"href":"https:\/\/feuerwehrlage.com\/index.php?rest_route=%2Fwp%2Fv2%2Fcomments&post=107"}],"version-history":[{"count":4,"href":"https:\/\/feuerwehrlage.com\/index.php?rest_route=\/wp\/v2\/pages\/107\/revisions"}],"predecessor-version":[{"id":544,"href":"https:\/\/feuerwehrlage.com\/index.php?rest_route=\/wp\/v2\/pages\/107\/revisions\/544"}],"up":[{"embeddable":true,"href":"https:\/\/feuerwehrlage.com\/index.php?rest_route=\/wp\/v2\/pages\/104"}],"wp:attachment":[{"href":"https:\/\/feuerwehrlage.com\/index.php?rest_route=%2Fwp%2Fv2%2Fmedia&parent=107"}],"curies":[{"name":"wp","href":"https:\/\/api.w.org\/{rel}","templated":true}]}}