{"id":962,"date":"2021-10-23T17:44:00","date_gmt":"2021-10-23T17:44:00","guid":{"rendered":"http:\/\/feuerwehrlage.com\/?post_type=einsatz&#038;p=962"},"modified":"2021-10-24T15:47:05","modified_gmt":"2021-10-24T15:47:05","slug":"h1-baum-droht-zu-falen","status":"publish","type":"einsatz","link":"https:\/\/feuerwehrlage.com\/?einsatz=h1-baum-droht-zu-falen","title":{"rendered":"H1 &#8211; Baum droht zu fallen"},"content":{"rendered":"\n<p>Am 23.10.2021 um 17:44 Uhr drohte ein Baum auf die Ootmarsumer Stra\u00dfe zu fallen. Wir r\u00fcckten umgehend mit 3 Fahrzeugen und 9 Kameraden zur Einsatzstelle aus. Vor Ort angekommen, f\u00e4llten wir den Baum, beseitigten diesen und reinigten anschlie\u00dfend die Stra\u00dfe. Nach ca. einer Stunde waren wir wieder einsatzbereit zur\u00fcck am Feuerwehrhaus.<\/p>\n\n\n\n<figure class=\"wp-block-image size-large\"><img loading=\"lazy\" decoding=\"async\" width=\"1024\" height=\"768\" src=\"https:\/\/feuerwehrlage.com\/wp-content\/uploads\/2021\/10\/IMG20211023181802-1024x768.jpg\" alt=\"\" class=\"wp-image-963\" srcset=\"https:\/\/feuerwehrlage.com\/wp-content\/uploads\/2021\/10\/IMG20211023181802-1024x768.jpg 1024w, https:\/\/feuerwehrlage.com\/wp-content\/uploads\/2021\/10\/IMG20211023181802-300x225.jpg 300w, https:\/\/feuerwehrlage.com\/wp-content\/uploads\/2021\/10\/IMG20211023181802-768x576.jpg 768w, https:\/\/feuerwehrlage.com\/wp-content\/uploads\/2021\/10\/IMG20211023181802-1536x1152.jpg 1536w, https:\/\/feuerwehrlage.com\/wp-content\/uploads\/2021\/10\/IMG20211023181802-2048x1536.jpg 2048w, https:\/\/feuerwehrlage.com\/wp-content\/uploads\/2021\/10\/IMG20211023181802-1440x1080.jpg 1440w\" sizes=\"auto, (max-width: 1024px) 100vw, 1024px\" \/><\/figure>\n\n\n\n<figure class=\"wp-block-image size-large\"><img loading=\"lazy\" decoding=\"async\" width=\"768\" height=\"1024\" src=\"https:\/\/feuerwehrlage.com\/wp-content\/uploads\/2021\/10\/IMG20211023182200-768x1024.jpg\" alt=\"\" class=\"wp-image-964\" srcset=\"https:\/\/feuerwehrlage.com\/wp-content\/uploads\/2021\/10\/IMG20211023182200-768x1024.jpg 768w, https:\/\/feuerwehrlage.com\/wp-content\/uploads\/2021\/10\/IMG20211023182200-225x300.jpg 225w, https:\/\/feuerwehrlage.com\/wp-content\/uploads\/2021\/10\/IMG20211023182200-1152x1536.jpg 1152w, https:\/\/feuerwehrlage.com\/wp-content\/uploads\/2021\/10\/IMG20211023182200-1536x2048.jpg 1536w, https:\/\/feuerwehrlage.com\/wp-content\/uploads\/2021\/10\/IMG20211023182200-1024x1365.jpg 1024w, https:\/\/feuerwehrlage.com\/wp-content\/uploads\/2021\/10\/IMG20211023182200-810x1080.jpg 810w, https:\/\/feuerwehrlage.com\/wp-content\/uploads\/2021\/10\/IMG20211023182200-scaled.jpg 1920w\" sizes=\"auto, (max-width: 768px) 100vw, 768px\" \/><\/figure>\n\n\n\n<figure class=\"wp-block-image size-large\"><img loading=\"lazy\" decoding=\"async\" width=\"1024\" height=\"768\" src=\"https:\/\/feuerwehrlage.com\/wp-content\/uploads\/2021\/10\/IMG20211023183812-1024x768.jpg\" alt=\"\" class=\"wp-image-965\" srcset=\"https:\/\/feuerwehrlage.com\/wp-content\/uploads\/2021\/10\/IMG20211023183812-1024x768.jpg 1024w, https:\/\/feuerwehrlage.com\/wp-content\/uploads\/2021\/10\/IMG20211023183812-300x225.jpg 300w, https:\/\/feuerwehrlage.com\/wp-content\/uploads\/2021\/10\/IMG20211023183812-768x576.jpg 768w, https:\/\/feuerwehrlage.com\/wp-content\/uploads\/2021\/10\/IMG20211023183812-1536x1152.jpg 1536w, https:\/\/feuerwehrlage.com\/wp-content\/uploads\/2021\/10\/IMG20211023183812-2048x1536.jpg 2048w, https:\/\/feuerwehrlage.com\/wp-content\/uploads\/2021\/10\/IMG20211023183812-1440x1080.jpg 1440w\" sizes=\"auto, (max-width: 1024px) 100vw, 1024px\" \/><\/figure>\n","protected":false},"author":1,"featured_media":0,"template":"","meta":{"einsatz_weight":1,"footnotes":""},"categories":[7],"einsatzart":[],"fahrzeug":[5,6,4],"exteinsatzmittel":[],"alarmierungsart":[83],"evw_unit":[],"class_list":["post-962","einsatz","type-einsatz","status-publish","hentry","category-einsatze","fahrzeug-mtw","fahrzeug-sg-jf-mtw","fahrzeug-stlf10-6","alarmierungsart-h1-unwetter-klein-2"],"_links":{"self":[{"href":"https:\/\/feuerwehrlage.com\/index.php?rest_route=\/wp\/v2\/einsatz\/962","targetHints":{"allow":["GET"]}}],"collection":[{"href":"https:\/\/feuerwehrlage.com\/index.php?rest_route=\/wp\/v2\/einsatz"}],"about":[{"href":"https:\/\/feuerwehrlage.com\/index.php?rest_route=\/wp\/v2\/types\/einsatz"}],"author":[{"embeddable":true,"href":"https:\/\/feuerwehrlage.com\/index.php?rest_route=\/wp\/v2\/users\/1"}],"version-history":[{"count":3,"href":"https:\/\/feuerwehrlage.com\/index.php?rest_route=\/wp\/v2\/einsatz\/962\/revisions"}],"predecessor-version":[{"id":969,"href":"https:\/\/feuerwehrlage.com\/index.php?rest_route=\/wp\/v2\/einsatz\/962\/revisions\/969"}],"wp:attachment":[{"href":"https:\/\/feuerwehrlage.com\/index.php?rest_route=%2Fwp%2Fv2%2Fmedia&parent=962"}],"wp:term":[{"taxonomy":"category","embeddable":true,"href":"https:\/\/feuerwehrlage.com\/index.php?rest_route=%2Fwp%2Fv2%2Fcategories&post=962"},{"taxonomy":"einsatzart","embeddable":true,"href":"https:\/\/feuerwehrlage.com\/index.php?rest_route=%2Fwp%2Fv2%2Feinsatzart&post=962"},{"taxonomy":"fahrzeug","embeddable":true,"href":"https:\/\/feuerwehrlage.com\/index.php?rest_route=%2Fwp%2Fv2%2Ffahrzeug&post=962"},{"taxonomy":"exteinsatzmittel","embeddable":true,"href":"https:\/\/feuerwehrlage.com\/index.php?rest_route=%2Fwp%2Fv2%2Fexteinsatzmittel&post=962"},{"taxonomy":"alarmierungsart","embeddable":true,"href":"https:\/\/feuerwehrlage.com\/index.php?rest_route=%2Fwp%2Fv2%2Falarmierungsart&post=962"},{"taxonomy":"evw_unit","embeddable":true,"href":"https:\/\/feuerwehrlage.com\/index.php?rest_route=%2Fwp%2Fv2%2Fevw_unit&post=962"}],"curies":[{"name":"wp","href":"https:\/\/api.w.org\/{rel}","templated":true}]}}

<p>Am 23.10.2021 um 17:44 Uhr drohte ein Baum auf die Ootmarsumer Straße zu fallen. Wir rückten umgehend mit 3 Fahrzeugen und 9 Kameraden zur Einsatzstelle aus. Vor Ort angekommen, fällten wir den Baum, beseitigten diesen und reinigten anschließend die Straße. Nach ca. einer Stunde waren wir wieder einsatzbereit zurück am Feuerwehrhaus.</p>



<figure class="wp-block-image size-large"><img loading="lazy" decoding="async" width="1024" height="768" src="https://feuerwehrlage.com/wp-content/uploads/2021/10/IMG20211023181802-1024x768.jpg" alt="" class="wp-image-963" srcset="https://feuerwehrlage.com/wp-content/uploads/2021/10/IMG20211023181802-1024x768.jpg 1024w, https://feuerwehrlage.com/wp-content/uploads/2021/10/IMG20211023181802-300x225.jpg 300w, https://feuerwehrlage.com/wp-content/uploads/2021/10/IMG20211023181802-768x576.jpg 768w, https://feuerwehrlage.com/wp-content/uploads/2021/10/IMG20211023181802-1536x1152.jpg 1536w, https://feuerwehrlage.com/wp-content/uploads/2021/10/IMG20211023181802-2048x1536.jpg 2048w, https://feuerwehrlage.com/wp-content/uploads/2021/10/IMG20211023181802-1440x1080.jpg 1440w" sizes="auto, (max-width: 1024px) 100vw, 1024px" /></figure>



<figure class="wp-block-image size-large"><img loading="lazy" decoding="async" width="768" height="1024" src="https://feuerwehrlage.com/wp-content/uploads/2021/10/IMG20211023182200-768x1024.jpg" alt="" class="wp-image-964" srcset="https://feuerwehrlage.com/wp-content/uploads/2021/10/IMG20211023182200-768x1024.jpg 768w, https://feuerwehrlage.com/wp-content/uploads/2021/10/IMG20211023182200-225x300.jpg 225w, https://feuerwehrlage.com/wp-content/uploads/2021/10/IMG20211023182200-1152x1536.jpg 1152w, https://feuerwehrlage.com/wp-content/uploads/2021/10/IMG20211023182200-1536x2048.jpg 1536w, https://feuerwehrlage.com/wp-content/uploads/2021/10/IMG20211023182200-1024x1365.jpg 1024w, https://feuerwehrlage.com/wp-content/uploads/2021/10/IMG20211023182200-810x1080.jpg 810w, https://feuerwehrlage.com/wp-content/uploads/2021/10/IMG20211023182200-scaled.jpg 1920w" sizes="auto, (max-width: 768px) 100vw, 768px" /></figure>



<figure class="wp-block-image size-large"><img loading="lazy" decoding="async" width="1024" height="768" src="https://feuerwehrlage.com/wp-content/uploads/2021/10/IMG20211023183812-1024x768.jpg" alt="" class="wp-image-965" srcset="https://feuerwehrlage.com/wp-content/uploads/2021/10/IMG20211023183812-1024x768.jpg 1024w, https://feuerwehrlage.com/wp-content/uploads/2021/10/IMG20211023183812-300x225.jpg 300w, https://feuerwehrlage.com/wp-content/uploads/2021/10/IMG20211023183812-768x576.jpg 768w, https://feuerwehrlage.com/wp-content/uploads/2021/10/IMG20211023183812-1536x1152.jpg 1536w, https://feuerwehrlage.com/wp-content/uploads/2021/10/IMG20211023183812-2048x1536.jpg 2048w, https://feuerwehrlage.com/wp-content/uploads/2021/10/IMG20211023183812-1440x1080.jpg 1440w" sizes="auto, (max-width: 1024px) 100vw, 1024px" /></figure>
