{"id":319,"date":"2020-02-09T17:07:00","date_gmt":"2020-02-09T17:07:00","guid":{"rendered":"http:\/\/feuerwehrlage.com\/?post_type=einsatz&#038;p=319"},"modified":"2020-02-27T07:41:54","modified_gmt":"2020-02-27T07:41:54","slug":"bereitschaft-im-feuerwehrhaus","status":"publish","type":"einsatz","link":"https:\/\/feuerwehrlage.com\/?einsatz=bereitschaft-im-feuerwehrhaus","title":{"rendered":"Bereitschaft im Feuerwehrhaus"},"content":{"rendered":"\n<p> Auch in der Grafschaft Bentheim war das Sturmtief \u201eSabine\u201c deutlich zu  sp\u00fcren. Bereits am gestrigen Tag waren erste Ausl\u00e4ufer zu sp\u00fcren. Da der  Sturm gegen Abend immer St\u00e4rker wurde und der H\u00f6hepunkt erst zwischen  21:00 und 22:00 Uhr erwartet wurde, richtete man um ca. 17:00 Uhr  eine Bereitschaft im Feuerwehrhaus ein.  Diese  war zun\u00e4chst f\u00fcr die gesamte Nacht angedacht. Wir waren dauerhaft mit  min. 11 Personen im Feuerwehrhaus. Als um 22:30 Uhr die erwartete  Kaltfront mit den st\u00e4rksten B\u00f6en, vermutlich Orkanb\u00f6en hinweggezogen war  und keine Eins\u00e4tze aufgelaufen waren, beendet man die Bereitschaft. Das  Wetter wurde sp\u00fcrbar ruhiger. <\/p>\n\n\n\n<figure class=\"wp-block-image size-large is-style-default\"><img loading=\"lazy\" decoding=\"async\" width=\"1024\" height=\"768\" src=\"https:\/\/feuerwehrlage.com\/wp-content\/uploads\/2020\/02\/thumbnail_IMG_20200209_184749-1024x768.jpg\" alt=\"\" class=\"wp-image-321\" srcset=\"https:\/\/feuerwehrlage.com\/wp-content\/uploads\/2020\/02\/thumbnail_IMG_20200209_184749-1024x768.jpg 1024w, https:\/\/feuerwehrlage.com\/wp-content\/uploads\/2020\/02\/thumbnail_IMG_20200209_184749-300x225.jpg 300w, https:\/\/feuerwehrlage.com\/wp-content\/uploads\/2020\/02\/thumbnail_IMG_20200209_184749-768x576.jpg 768w, https:\/\/feuerwehrlage.com\/wp-content\/uploads\/2020\/02\/thumbnail_IMG_20200209_184749.jpg 1280w\" sizes=\"auto, (max-width: 1024px) 100vw, 1024px\" \/><\/figure>\n\n\n\n<p><\/p>\n","protected":false},"author":1,"featured_media":0,"template":"","meta":{"einsatz_weight":1,"footnotes":""},"categories":[7],"einsatzart":[],"fahrzeug":[5,6,4],"exteinsatzmittel":[],"alarmierungsart":[],"evw_unit":[],"class_list":["post-319","einsatz","type-einsatz","status-publish","hentry","category-einsatze","fahrzeug-mtw","fahrzeug-sg-jf-mtw","fahrzeug-stlf10-6"],"_links":{"self":[{"href":"https:\/\/feuerwehrlage.com\/index.php?rest_route=\/wp\/v2\/einsatz\/319","targetHints":{"allow":["GET"]}}],"collection":[{"href":"https:\/\/feuerwehrlage.com\/index.php?rest_route=\/wp\/v2\/einsatz"}],"about":[{"href":"https:\/\/feuerwehrlage.com\/index.php?rest_route=\/wp\/v2\/types\/einsatz"}],"author":[{"embeddable":true,"href":"https:\/\/feuerwehrlage.com\/index.php?rest_route=\/wp\/v2\/users\/1"}],"version-history":[{"count":2,"href":"https:\/\/feuerwehrlage.com\/index.php?rest_route=\/wp\/v2\/einsatz\/319\/revisions"}],"predecessor-version":[{"id":322,"href":"https:\/\/feuerwehrlage.com\/index.php?rest_route=\/wp\/v2\/einsatz\/319\/revisions\/322"}],"wp:attachment":[{"href":"https:\/\/feuerwehrlage.com\/index.php?rest_route=%2Fwp%2Fv2%2Fmedia&parent=319"}],"wp:term":[{"taxonomy":"category","embeddable":true,"href":"https:\/\/feuerwehrlage.com\/index.php?rest_route=%2Fwp%2Fv2%2Fcategories&post=319"},{"taxonomy":"einsatzart","embeddable":true,"href":"https:\/\/feuerwehrlage.com\/index.php?rest_route=%2Fwp%2Fv2%2Feinsatzart&post=319"},{"taxonomy":"fahrzeug","embeddable":true,"href":"https:\/\/feuerwehrlage.com\/index.php?rest_route=%2Fwp%2Fv2%2Ffahrzeug&post=319"},{"taxonomy":"exteinsatzmittel","embeddable":true,"href":"https:\/\/feuerwehrlage.com\/index.php?rest_route=%2Fwp%2Fv2%2Fexteinsatzmittel&post=319"},{"taxonomy":"alarmierungsart","embeddable":true,"href":"https:\/\/feuerwehrlage.com\/index.php?rest_route=%2Fwp%2Fv2%2Falarmierungsart&post=319"},{"taxonomy":"evw_unit","embeddable":true,"href":"https:\/\/feuerwehrlage.com\/index.php?rest_route=%2Fwp%2Fv2%2Fevw_unit&post=319"}],"curies":[{"name":"wp","href":"https:\/\/api.w.org\/{rel}","templated":true}]}}

<p> Auch in der Grafschaft Bentheim war das Sturmtief „Sabine“ deutlich zu  spüren. Bereits am gestrigen Tag waren erste Ausläufer zu spüren. Da der  Sturm gegen Abend immer Stärker wurde und der Höhepunkt erst zwischen  21:00 und 22:00 Uhr erwartet wurde, richtete man um ca. 17:00 Uhr  eine Bereitschaft im Feuerwehrhaus ein.  Diese  war zunächst für die gesamte Nacht angedacht. Wir waren dauerhaft mit  min. 11 Personen im Feuerwehrhaus. Als um 22:30 Uhr die erwartete  Kaltfront mit den stärksten Böen, vermutlich Orkanböen hinweggezogen war  und keine Einsätze aufgelaufen waren, beendet man die Bereitschaft. Das  Wetter wurde spürbar ruhiger. </p>



<figure class="wp-block-image size-large is-style-default"><img loading="lazy" decoding="async" width="1024" height="768" src="https://feuerwehrlage.com/wp-content/uploads/2020/02/thumbnail_IMG_20200209_184749-1024x768.jpg" alt="" class="wp-image-321" srcset="https://feuerwehrlage.com/wp-content/uploads/2020/02/thumbnail_IMG_20200209_184749-1024x768.jpg 1024w, https://feuerwehrlage.com/wp-content/uploads/2020/02/thumbnail_IMG_20200209_184749-300x225.jpg 300w, https://feuerwehrlage.com/wp-content/uploads/2020/02/thumbnail_IMG_20200209_184749-768x576.jpg 768w, https://feuerwehrlage.com/wp-content/uploads/2020/02/thumbnail_IMG_20200209_184749.jpg 1280w" sizes="auto, (max-width: 1024px) 100vw, 1024px" /></figure>



<p></p>
