{"id":1470,"date":"2025-09-30T17:21:00","date_gmt":"2025-09-30T15:21:00","guid":{"rendered":"https:\/\/feuerwehrlage.com\/?post_type=einsatz&#038;p=1470"},"modified":"2025-09-30T18:40:23","modified_gmt":"2025-09-30T16:40:23","slug":"h1-unwetter-klein-6","status":"publish","type":"einsatz","link":"https:\/\/feuerwehrlage.com\/?einsatz=h1-unwetter-klein-6","title":{"rendered":"H1-Unwetter klein"},"content":{"rendered":"\n<p>Kurzer Einsatz f\u00fcr uns am Dienstagnachmittag. Um 17:21 Uhr alarmierte man uns zu einem gr\u00f6\u00dferen Ast, der drohte, auf die Fahrbahn zu st\u00fcrzen. Wir konnten die Gefahrenstelle auf der Grenzstra\u00dfe Richtung Grasdorf schnell beseitigen. Die 7 Einsatzkr\u00e4fte mit den 2 Fahrzeugen waren nach 45 Minuten wieder einsatzbereit am Feuerwehrhaus.&nbsp;<\/p>\n\n\n\n<figure class=\"wp-block-image size-large\"><img loading=\"lazy\" decoding=\"async\" width=\"576\" height=\"1024\" src=\"https:\/\/feuerwehrlage.com\/wp-content\/uploads\/2025\/09\/3a8ca630-90b2-4134-9e7e-2e5fe1a6dd55-576x1024.jpeg\" alt=\"\" class=\"wp-image-1471\" srcset=\"https:\/\/feuerwehrlage.com\/wp-content\/uploads\/2025\/09\/3a8ca630-90b2-4134-9e7e-2e5fe1a6dd55-576x1024.jpeg 576w, https:\/\/feuerwehrlage.com\/wp-content\/uploads\/2025\/09\/3a8ca630-90b2-4134-9e7e-2e5fe1a6dd55-169x300.jpeg 169w, https:\/\/feuerwehrlage.com\/wp-content\/uploads\/2025\/09\/3a8ca630-90b2-4134-9e7e-2e5fe1a6dd55-768x1365.jpeg 768w, https:\/\/feuerwehrlage.com\/wp-content\/uploads\/2025\/09\/3a8ca630-90b2-4134-9e7e-2e5fe1a6dd55-864x1536.jpeg 864w, https:\/\/feuerwehrlage.com\/wp-content\/uploads\/2025\/09\/3a8ca630-90b2-4134-9e7e-2e5fe1a6dd55-1024x1820.jpeg 1024w, https:\/\/feuerwehrlage.com\/wp-content\/uploads\/2025\/09\/3a8ca630-90b2-4134-9e7e-2e5fe1a6dd55-608x1080.jpeg 608w, https:\/\/feuerwehrlage.com\/wp-content\/uploads\/2025\/09\/3a8ca630-90b2-4134-9e7e-2e5fe1a6dd55.jpeg 1152w\" sizes=\"auto, (max-width: 576px) 100vw, 576px\" \/><\/figure>\n","protected":false},"author":1,"featured_media":0,"template":"","meta":{"einsatz_weight":1,"footnotes":""},"categories":[7],"einsatzart":[],"fahrzeug":[5,4],"exteinsatzmittel":[],"alarmierungsart":[8],"evw_unit":[],"class_list":["post-1470","einsatz","type-einsatz","status-publish","hentry","category-einsatze","fahrzeug-mtw","fahrzeug-stlf10-6","alarmierungsart-h1-unwetter-klein"],"_links":{"self":[{"href":"https:\/\/feuerwehrlage.com\/index.php?rest_route=\/wp\/v2\/einsatz\/1470","targetHints":{"allow":["GET"]}}],"collection":[{"href":"https:\/\/feuerwehrlage.com\/index.php?rest_route=\/wp\/v2\/einsatz"}],"about":[{"href":"https:\/\/feuerwehrlage.com\/index.php?rest_route=\/wp\/v2\/types\/einsatz"}],"author":[{"embeddable":true,"href":"https:\/\/feuerwehrlage.com\/index.php?rest_route=\/wp\/v2\/users\/1"}],"version-history":[{"count":1,"href":"https:\/\/feuerwehrlage.com\/index.php?rest_route=\/wp\/v2\/einsatz\/1470\/revisions"}],"predecessor-version":[{"id":1472,"href":"https:\/\/feuerwehrlage.com\/index.php?rest_route=\/wp\/v2\/einsatz\/1470\/revisions\/1472"}],"wp:attachment":[{"href":"https:\/\/feuerwehrlage.com\/index.php?rest_route=%2Fwp%2Fv2%2Fmedia&parent=1470"}],"wp:term":[{"taxonomy":"category","embeddable":true,"href":"https:\/\/feuerwehrlage.com\/index.php?rest_route=%2Fwp%2Fv2%2Fcategories&post=1470"},{"taxonomy":"einsatzart","embeddable":true,"href":"https:\/\/feuerwehrlage.com\/index.php?rest_route=%2Fwp%2Fv2%2Feinsatzart&post=1470"},{"taxonomy":"fahrzeug","embeddable":true,"href":"https:\/\/feuerwehrlage.com\/index.php?rest_route=%2Fwp%2Fv2%2Ffahrzeug&post=1470"},{"taxonomy":"exteinsatzmittel","embeddable":true,"href":"https:\/\/feuerwehrlage.com\/index.php?rest_route=%2Fwp%2Fv2%2Fexteinsatzmittel&post=1470"},{"taxonomy":"alarmierungsart","embeddable":true,"href":"https:\/\/feuerwehrlage.com\/index.php?rest_route=%2Fwp%2Fv2%2Falarmierungsart&post=1470"},{"taxonomy":"evw_unit","embeddable":true,"href":"https:\/\/feuerwehrlage.com\/index.php?rest_route=%2Fwp%2Fv2%2Fevw_unit&post=1470"}],"curies":[{"name":"wp","href":"https:\/\/api.w.org\/{rel}","templated":true}]}}

<p>Kurzer Einsatz für uns am Dienstagnachmittag. Um 17:21 Uhr alarmierte man uns zu einem größeren Ast, der drohte, auf die Fahrbahn zu stürzen. Wir konnten die Gefahrenstelle auf der Grenzstraße Richtung Grasdorf schnell beseitigen. Die 7 Einsatzkräfte mit den 2 Fahrzeugen waren nach 45 Minuten wieder einsatzbereit am Feuerwehrhaus.&nbsp;</p>



<figure class="wp-block-image size-large"><img loading="lazy" decoding="async" width="576" height="1024" src="https://feuerwehrlage.com/wp-content/uploads/2025/09/3a8ca630-90b2-4134-9e7e-2e5fe1a6dd55-576x1024.jpeg" alt="" class="wp-image-1471" srcset="https://feuerwehrlage.com/wp-content/uploads/2025/09/3a8ca630-90b2-4134-9e7e-2e5fe1a6dd55-576x1024.jpeg 576w, https://feuerwehrlage.com/wp-content/uploads/2025/09/3a8ca630-90b2-4134-9e7e-2e5fe1a6dd55-169x300.jpeg 169w, https://feuerwehrlage.com/wp-content/uploads/2025/09/3a8ca630-90b2-4134-9e7e-2e5fe1a6dd55-768x1365.jpeg 768w, https://feuerwehrlage.com/wp-content/uploads/2025/09/3a8ca630-90b2-4134-9e7e-2e5fe1a6dd55-864x1536.jpeg 864w, https://feuerwehrlage.com/wp-content/uploads/2025/09/3a8ca630-90b2-4134-9e7e-2e5fe1a6dd55-1024x1820.jpeg 1024w, https://feuerwehrlage.com/wp-content/uploads/2025/09/3a8ca630-90b2-4134-9e7e-2e5fe1a6dd55-608x1080.jpeg 608w, https://feuerwehrlage.com/wp-content/uploads/2025/09/3a8ca630-90b2-4134-9e7e-2e5fe1a6dd55.jpeg 1152w" sizes="auto, (max-width: 576px) 100vw, 576px" /></figure>
