{"id":1416,"date":"2025-01-06T17:30:00","date_gmt":"2025-01-06T15:30:00","guid":{"rendered":"https:\/\/feuerwehrlage.com\/?post_type=einsatz&#038;p=1416"},"modified":"2025-01-07T12:58:06","modified_gmt":"2025-01-07T10:58:06","slug":"h1-unwetter-klein-5","status":"publish","type":"einsatz","link":"https:\/\/feuerwehrlage.com\/?einsatz=h1-unwetter-klein-5","title":{"rendered":"H1 &#8211; Unwetter klein"},"content":{"rendered":"\n<p>Kurzer Einsatz f\u00fcr uns am Montagabend. Um 17:30 Uhr alarmierte man uns zu einem Baum, der die Uelsener Stra\u00dfe versperren sollte. Mit 2 Fahrzeugen und 10 Einsatzkr\u00e4ften war das Hindernis schnell beseitigt. Nach 45 Minuten konnten wir wieder \u201eEinfahrt\u201c melden.<\/p>\n\n\n\n<figure class=\"wp-block-image size-large\"><img loading=\"lazy\" decoding=\"async\" width=\"1024\" height=\"768\" src=\"https:\/\/feuerwehrlage.com\/wp-content\/uploads\/2025\/01\/thumbnail_IMG_9867-1024x768.jpg\" alt=\"\" class=\"wp-image-1417\" srcset=\"https:\/\/feuerwehrlage.com\/wp-content\/uploads\/2025\/01\/thumbnail_IMG_9867-1024x768.jpg 1024w, https:\/\/feuerwehrlage.com\/wp-content\/uploads\/2025\/01\/thumbnail_IMG_9867-300x225.jpg 300w, https:\/\/feuerwehrlage.com\/wp-content\/uploads\/2025\/01\/thumbnail_IMG_9867-768x576.jpg 768w, https:\/\/feuerwehrlage.com\/wp-content\/uploads\/2025\/01\/thumbnail_IMG_9867-1536x1152.jpg 1536w, https:\/\/feuerwehrlage.com\/wp-content\/uploads\/2025\/01\/thumbnail_IMG_9867-1440x1080.jpg 1440w, https:\/\/feuerwehrlage.com\/wp-content\/uploads\/2025\/01\/thumbnail_IMG_9867.jpg 1920w\" sizes=\"auto, (max-width: 1024px) 100vw, 1024px\" \/><\/figure>\n","protected":false},"author":1,"featured_media":0,"template":"","meta":{"einsatz_weight":1,"footnotes":""},"categories":[7],"einsatzart":[],"fahrzeug":[5,4],"exteinsatzmittel":[],"alarmierungsart":[8],"evw_unit":[],"class_list":["post-1416","einsatz","type-einsatz","status-publish","hentry","category-einsatze","fahrzeug-mtw","fahrzeug-stlf10-6","alarmierungsart-h1-unwetter-klein"],"_links":{"self":[{"href":"https:\/\/feuerwehrlage.com\/index.php?rest_route=\/wp\/v2\/einsatz\/1416","targetHints":{"allow":["GET"]}}],"collection":[{"href":"https:\/\/feuerwehrlage.com\/index.php?rest_route=\/wp\/v2\/einsatz"}],"about":[{"href":"https:\/\/feuerwehrlage.com\/index.php?rest_route=\/wp\/v2\/types\/einsatz"}],"author":[{"embeddable":true,"href":"https:\/\/feuerwehrlage.com\/index.php?rest_route=\/wp\/v2\/users\/1"}],"version-history":[{"count":1,"href":"https:\/\/feuerwehrlage.com\/index.php?rest_route=\/wp\/v2\/einsatz\/1416\/revisions"}],"predecessor-version":[{"id":1418,"href":"https:\/\/feuerwehrlage.com\/index.php?rest_route=\/wp\/v2\/einsatz\/1416\/revisions\/1418"}],"wp:attachment":[{"href":"https:\/\/feuerwehrlage.com\/index.php?rest_route=%2Fwp%2Fv2%2Fmedia&parent=1416"}],"wp:term":[{"taxonomy":"category","embeddable":true,"href":"https:\/\/feuerwehrlage.com\/index.php?rest_route=%2Fwp%2Fv2%2Fcategories&post=1416"},{"taxonomy":"einsatzart","embeddable":true,"href":"https:\/\/feuerwehrlage.com\/index.php?rest_route=%2Fwp%2Fv2%2Feinsatzart&post=1416"},{"taxonomy":"fahrzeug","embeddable":true,"href":"https:\/\/feuerwehrlage.com\/index.php?rest_route=%2Fwp%2Fv2%2Ffahrzeug&post=1416"},{"taxonomy":"exteinsatzmittel","embeddable":true,"href":"https:\/\/feuerwehrlage.com\/index.php?rest_route=%2Fwp%2Fv2%2Fexteinsatzmittel&post=1416"},{"taxonomy":"alarmierungsart","embeddable":true,"href":"https:\/\/feuerwehrlage.com\/index.php?rest_route=%2Fwp%2Fv2%2Falarmierungsart&post=1416"},{"taxonomy":"evw_unit","embeddable":true,"href":"https:\/\/feuerwehrlage.com\/index.php?rest_route=%2Fwp%2Fv2%2Fevw_unit&post=1416"}],"curies":[{"name":"wp","href":"https:\/\/api.w.org\/{rel}","templated":true}]}}

<p>Kurzer Einsatz für uns am Montagabend. Um 17:30 Uhr alarmierte man uns zu einem Baum, der die Uelsener Straße versperren sollte. Mit 2 Fahrzeugen und 10 Einsatzkräften war das Hindernis schnell beseitigt. Nach 45 Minuten konnten wir wieder „Einfahrt“ melden.</p>



<figure class="wp-block-image size-large"><img loading="lazy" decoding="async" width="1024" height="768" src="https://feuerwehrlage.com/wp-content/uploads/2025/01/thumbnail_IMG_9867-1024x768.jpg" alt="" class="wp-image-1417" srcset="https://feuerwehrlage.com/wp-content/uploads/2025/01/thumbnail_IMG_9867-1024x768.jpg 1024w, https://feuerwehrlage.com/wp-content/uploads/2025/01/thumbnail_IMG_9867-300x225.jpg 300w, https://feuerwehrlage.com/wp-content/uploads/2025/01/thumbnail_IMG_9867-768x576.jpg 768w, https://feuerwehrlage.com/wp-content/uploads/2025/01/thumbnail_IMG_9867-1536x1152.jpg 1536w, https://feuerwehrlage.com/wp-content/uploads/2025/01/thumbnail_IMG_9867-1440x1080.jpg 1440w, https://feuerwehrlage.com/wp-content/uploads/2025/01/thumbnail_IMG_9867.jpg 1920w" sizes="auto, (max-width: 1024px) 100vw, 1024px" /></figure>
