{"id":1366,"date":"2024-12-03T16:40:00","date_gmt":"2024-12-03T14:40:00","guid":{"rendered":"https:\/\/feuerwehrlage.com\/?post_type=einsatz&#038;p=1366"},"modified":"2024-12-03T21:23:02","modified_gmt":"2024-12-03T19:23:02","slug":"f1-flaeche-klein","status":"publish","type":"einsatz","link":"https:\/\/feuerwehrlage.com\/?einsatz=f1-flaeche-klein","title":{"rendered":"F1 &#8211; Fl\u00e4che klein"},"content":{"rendered":"\n<p>Am Dienstagnachmittag wurden wir um 16:40 Uhr telefonisch \u00fcber einen brennenden Baumstamm an einem Fahrradweg im Lager Busch alarmiert. Wir r\u00fcckten mit dem StLF10\/6 und 6 Kameraden zu Einsatzstelle aus.<\/p>\n\n\n\n<p>Das Sprichwort \u201ehier brennt der Baum\u201c wurde dieses Mal dann tats\u00e4chlich zur Realit\u00e4t. Mithilfe von Kleinl\u00f6schger\u00e4t war das Feuer aber schnell gel\u00f6scht. Um auch an die letzten Glutnester zu kommen, wurde der schon hohle Baum mit der Motors\u00e4ge &#8222;ge\u00f6ffnet&#8220;.<\/p>\n\n\n\n<p>Da der betroffene Baum bereits in einer anderen Baumkrone festhing und wir die Beiden nicht ohne gr\u00f6\u00dfere Hilfsmittel beseitigen konnten, sperrten wir den Fahrradweg mit Absperrband ab und informierten die Gemeinde. Diese wird sich morgen um den Baum k\u00fcmmern und entsprechende Ma\u00dfnahmen einleiten.<\/p>\n\n\n\n<p>Um 18:22 Uhr r\u00fcckten wir wieder von der Einsatzstelle ab. Am Feuerwehrhaus wurden die genutzten Ger\u00e4tschaften noch gereinigt und wieder Einsatzbereit gemacht.<\/p>\n\n\n\n<figure class=\"wp-block-image size-large\"><img loading=\"lazy\" decoding=\"async\" width=\"768\" height=\"1024\" src=\"https:\/\/feuerwehrlage.com\/wp-content\/uploads\/2024\/12\/thumbnail_IMG_9562-768x1024.jpg\" alt=\"\" class=\"wp-image-1367\" srcset=\"https:\/\/feuerwehrlage.com\/wp-content\/uploads\/2024\/12\/thumbnail_IMG_9562-768x1024.jpg 768w, https:\/\/feuerwehrlage.com\/wp-content\/uploads\/2024\/12\/thumbnail_IMG_9562-225x300.jpg 225w, https:\/\/feuerwehrlage.com\/wp-content\/uploads\/2024\/12\/thumbnail_IMG_9562-1152x1536.jpg 1152w, https:\/\/feuerwehrlage.com\/wp-content\/uploads\/2024\/12\/thumbnail_IMG_9562-1024x1365.jpg 1024w, https:\/\/feuerwehrlage.com\/wp-content\/uploads\/2024\/12\/thumbnail_IMG_9562-810x1080.jpg 810w, https:\/\/feuerwehrlage.com\/wp-content\/uploads\/2024\/12\/thumbnail_IMG_9562.jpg 1440w\" sizes=\"auto, (max-width: 768px) 100vw, 768px\" \/><\/figure>\n\n\n\n<figure class=\"wp-block-image size-large\"><img loading=\"lazy\" decoding=\"async\" width=\"768\" height=\"1024\" src=\"https:\/\/feuerwehrlage.com\/wp-content\/uploads\/2024\/12\/thumbnail_IMG_9565-768x1024.jpg\" alt=\"\" class=\"wp-image-1368\" srcset=\"https:\/\/feuerwehrlage.com\/wp-content\/uploads\/2024\/12\/thumbnail_IMG_9565-768x1024.jpg 768w, https:\/\/feuerwehrlage.com\/wp-content\/uploads\/2024\/12\/thumbnail_IMG_9565-225x300.jpg 225w, https:\/\/feuerwehrlage.com\/wp-content\/uploads\/2024\/12\/thumbnail_IMG_9565-1152x1536.jpg 1152w, https:\/\/feuerwehrlage.com\/wp-content\/uploads\/2024\/12\/thumbnail_IMG_9565-1024x1365.jpg 1024w, https:\/\/feuerwehrlage.com\/wp-content\/uploads\/2024\/12\/thumbnail_IMG_9565-810x1080.jpg 810w, https:\/\/feuerwehrlage.com\/wp-content\/uploads\/2024\/12\/thumbnail_IMG_9565.jpg 1440w\" sizes=\"auto, (max-width: 768px) 100vw, 768px\" \/><\/figure>\n\n\n\n<figure class=\"wp-block-image size-large\"><img loading=\"lazy\" decoding=\"async\" width=\"1024\" height=\"768\" src=\"https:\/\/feuerwehrlage.com\/wp-content\/uploads\/2024\/12\/thumbnail_IMG_9568-1024x768.jpg\" alt=\"\" class=\"wp-image-1369\" srcset=\"https:\/\/feuerwehrlage.com\/wp-content\/uploads\/2024\/12\/thumbnail_IMG_9568-1024x768.jpg 1024w, https:\/\/feuerwehrlage.com\/wp-content\/uploads\/2024\/12\/thumbnail_IMG_9568-300x225.jpg 300w, https:\/\/feuerwehrlage.com\/wp-content\/uploads\/2024\/12\/thumbnail_IMG_9568-768x576.jpg 768w, https:\/\/feuerwehrlage.com\/wp-content\/uploads\/2024\/12\/thumbnail_IMG_9568-1536x1152.jpg 1536w, https:\/\/feuerwehrlage.com\/wp-content\/uploads\/2024\/12\/thumbnail_IMG_9568-1440x1080.jpg 1440w, https:\/\/feuerwehrlage.com\/wp-content\/uploads\/2024\/12\/thumbnail_IMG_9568.jpg 1920w\" sizes=\"auto, (max-width: 1024px) 100vw, 1024px\" \/><\/figure>\n\n\n\n<figure class=\"wp-block-image size-large\"><img loading=\"lazy\" decoding=\"async\" width=\"720\" height=\"1024\" src=\"https:\/\/feuerwehrlage.com\/wp-content\/uploads\/2024\/12\/thumbnail_IMG_9570-720x1024.jpg\" alt=\"\" class=\"wp-image-1370\" srcset=\"https:\/\/feuerwehrlage.com\/wp-content\/uploads\/2024\/12\/thumbnail_IMG_9570-720x1024.jpg 720w, https:\/\/feuerwehrlage.com\/wp-content\/uploads\/2024\/12\/thumbnail_IMG_9570-211x300.jpg 211w, https:\/\/feuerwehrlage.com\/wp-content\/uploads\/2024\/12\/thumbnail_IMG_9570-768x1092.jpg 768w, https:\/\/feuerwehrlage.com\/wp-content\/uploads\/2024\/12\/thumbnail_IMG_9570-760x1080.jpg 760w, https:\/\/feuerwehrlage.com\/wp-content\/uploads\/2024\/12\/thumbnail_IMG_9570.jpg 1013w\" sizes=\"auto, (max-width: 720px) 100vw, 720px\" \/><\/figure>\n\n\n\n<figure class=\"wp-block-image size-large\"><img loading=\"lazy\" decoding=\"async\" width=\"1024\" height=\"668\" src=\"https:\/\/feuerwehrlage.com\/wp-content\/uploads\/2024\/12\/thumbnail_IMG_9578-1024x668.jpg\" alt=\"\" class=\"wp-image-1371\" srcset=\"https:\/\/feuerwehrlage.com\/wp-content\/uploads\/2024\/12\/thumbnail_IMG_9578-1024x668.jpg 1024w, https:\/\/feuerwehrlage.com\/wp-content\/uploads\/2024\/12\/thumbnail_IMG_9578-300x196.jpg 300w, https:\/\/feuerwehrlage.com\/wp-content\/uploads\/2024\/12\/thumbnail_IMG_9578-768x501.jpg 768w, https:\/\/feuerwehrlage.com\/wp-content\/uploads\/2024\/12\/thumbnail_IMG_9578-1536x1003.jpg 1536w, https:\/\/feuerwehrlage.com\/wp-content\/uploads\/2024\/12\/thumbnail_IMG_9578-1654x1080.jpg 1654w, https:\/\/feuerwehrlage.com\/wp-content\/uploads\/2024\/12\/thumbnail_IMG_9578.jpg 1659w\" sizes=\"auto, (max-width: 1024px) 100vw, 1024px\" \/><\/figure>\n","protected":false},"author":1,"featured_media":0,"template":"","meta":{"einsatz_weight":1,"footnotes":""},"categories":[7],"einsatzart":[],"fahrzeug":[4],"exteinsatzmittel":[],"alarmierungsart":[103],"evw_unit":[],"class_list":["post-1366","einsatz","type-einsatz","status-publish","hentry","category-einsatze","fahrzeug-stlf10-6","alarmierungsart-f1-flaechenbrand"],"_links":{"self":[{"href":"https:\/\/feuerwehrlage.com\/index.php?rest_route=\/wp\/v2\/einsatz\/1366","targetHints":{"allow":["GET"]}}],"collection":[{"href":"https:\/\/feuerwehrlage.com\/index.php?rest_route=\/wp\/v2\/einsatz"}],"about":[{"href":"https:\/\/feuerwehrlage.com\/index.php?rest_route=\/wp\/v2\/types\/einsatz"}],"author":[{"embeddable":true,"href":"https:\/\/feuerwehrlage.com\/index.php?rest_route=\/wp\/v2\/users\/1"}],"version-history":[{"count":1,"href":"https:\/\/feuerwehrlage.com\/index.php?rest_route=\/wp\/v2\/einsatz\/1366\/revisions"}],"predecessor-version":[{"id":1372,"href":"https:\/\/feuerwehrlage.com\/index.php?rest_route=\/wp\/v2\/einsatz\/1366\/revisions\/1372"}],"wp:attachment":[{"href":"https:\/\/feuerwehrlage.com\/index.php?rest_route=%2Fwp%2Fv2%2Fmedia&parent=1366"}],"wp:term":[{"taxonomy":"category","embeddable":true,"href":"https:\/\/feuerwehrlage.com\/index.php?rest_route=%2Fwp%2Fv2%2Fcategories&post=1366"},{"taxonomy":"einsatzart","embeddable":true,"href":"https:\/\/feuerwehrlage.com\/index.php?rest_route=%2Fwp%2Fv2%2Feinsatzart&post=1366"},{"taxonomy":"fahrzeug","embeddable":true,"href":"https:\/\/feuerwehrlage.com\/index.php?rest_route=%2Fwp%2Fv2%2Ffahrzeug&post=1366"},{"taxonomy":"exteinsatzmittel","embeddable":true,"href":"https:\/\/feuerwehrlage.com\/index.php?rest_route=%2Fwp%2Fv2%2Fexteinsatzmittel&post=1366"},{"taxonomy":"alarmierungsart","embeddable":true,"href":"https:\/\/feuerwehrlage.com\/index.php?rest_route=%2Fwp%2Fv2%2Falarmierungsart&post=1366"},{"taxonomy":"evw_unit","embeddable":true,"href":"https:\/\/feuerwehrlage.com\/index.php?rest_route=%2Fwp%2Fv2%2Fevw_unit&post=1366"}],"curies":[{"name":"wp","href":"https:\/\/api.w.org\/{rel}","templated":true}]}}

F1 &#8211; Fläche klein

<p>Am Dienstagnachmittag wurden wir um 16:40 Uhr telefonisch über einen brennenden Baumstamm an einem Fahrradweg im Lager Busch alarmiert. Wir rückten mit dem StLF10/6 und 6 Kameraden zu Einsatzstelle aus.</p>



<p>Das Sprichwort „hier brennt der Baum“ wurde dieses Mal dann tatsächlich zur Realität. Mithilfe von Kleinlöschgerät war das Feuer aber schnell gelöscht. Um auch an die letzten Glutnester zu kommen, wurde der schon hohle Baum mit der Motorsäge &#8222;geöffnet&#8220;.</p>



<p>Da der betroffene Baum bereits in einer anderen Baumkrone festhing und wir die Beiden nicht ohne größere Hilfsmittel beseitigen konnten, sperrten wir den Fahrradweg mit Absperrband ab und informierten die Gemeinde. Diese wird sich morgen um den Baum kümmern und entsprechende Maßnahmen einleiten.</p>



<p>Um 18:22 Uhr rückten wir wieder von der Einsatzstelle ab. Am Feuerwehrhaus wurden die genutzten Gerätschaften noch gereinigt und wieder Einsatzbereit gemacht.</p>



<figure class="wp-block-image size-large"><img loading="lazy" decoding="async" width="768" height="1024" src="https://feuerwehrlage.com/wp-content/uploads/2024/12/thumbnail_IMG_9562-768x1024.jpg" alt="" class="wp-image-1367" srcset="https://feuerwehrlage.com/wp-content/uploads/2024/12/thumbnail_IMG_9562-768x1024.jpg 768w, https://feuerwehrlage.com/wp-content/uploads/2024/12/thumbnail_IMG_9562-225x300.jpg 225w, https://feuerwehrlage.com/wp-content/uploads/2024/12/thumbnail_IMG_9562-1152x1536.jpg 1152w, https://feuerwehrlage.com/wp-content/uploads/2024/12/thumbnail_IMG_9562-1024x1365.jpg 1024w, https://feuerwehrlage.com/wp-content/uploads/2024/12/thumbnail_IMG_9562-810x1080.jpg 810w, https://feuerwehrlage.com/wp-content/uploads/2024/12/thumbnail_IMG_9562.jpg 1440w" sizes="auto, (max-width: 768px) 100vw, 768px" /></figure>



<figure class="wp-block-image size-large"><img loading="lazy" decoding="async" width="768" height="1024" src="https://feuerwehrlage.com/wp-content/uploads/2024/12/thumbnail_IMG_9565-768x1024.jpg" alt="" class="wp-image-1368" srcset="https://feuerwehrlage.com/wp-content/uploads/2024/12/thumbnail_IMG_9565-768x1024.jpg 768w, https://feuerwehrlage.com/wp-content/uploads/2024/12/thumbnail_IMG_9565-225x300.jpg 225w, https://feuerwehrlage.com/wp-content/uploads/2024/12/thumbnail_IMG_9565-1152x1536.jpg 1152w, https://feuerwehrlage.com/wp-content/uploads/2024/12/thumbnail_IMG_9565-1024x1365.jpg 1024w, https://feuerwehrlage.com/wp-content/uploads/2024/12/thumbnail_IMG_9565-810x1080.jpg 810w, https://feuerwehrlage.com/wp-content/uploads/2024/12/thumbnail_IMG_9565.jpg 1440w" sizes="auto, (max-width: 768px) 100vw, 768px" /></figure>



<figure class="wp-block-image size-large"><img loading="lazy" decoding="async" width="1024" height="768" src="https://feuerwehrlage.com/wp-content/uploads/2024/12/thumbnail_IMG_9568-1024x768.jpg" alt="" class="wp-image-1369" srcset="https://feuerwehrlage.com/wp-content/uploads/2024/12/thumbnail_IMG_9568-1024x768.jpg 1024w, https://feuerwehrlage.com/wp-content/uploads/2024/12/thumbnail_IMG_9568-300x225.jpg 300w, https://feuerwehrlage.com/wp-content/uploads/2024/12/thumbnail_IMG_9568-768x576.jpg 768w, https://feuerwehrlage.com/wp-content/uploads/2024/12/thumbnail_IMG_9568-1536x1152.jpg 1536w, https://feuerwehrlage.com/wp-content/uploads/2024/12/thumbnail_IMG_9568-1440x1080.jpg 1440w, https://feuerwehrlage.com/wp-content/uploads/2024/12/thumbnail_IMG_9568.jpg 1920w" sizes="auto, (max-width: 1024px) 100vw, 1024px" /></figure>



<figure class="wp-block-image size-large"><img loading="lazy" decoding="async" width="720" height="1024" src="https://feuerwehrlage.com/wp-content/uploads/2024/12/thumbnail_IMG_9570-720x1024.jpg" alt="" class="wp-image-1370" srcset="https://feuerwehrlage.com/wp-content/uploads/2024/12/thumbnail_IMG_9570-720x1024.jpg 720w, https://feuerwehrlage.com/wp-content/uploads/2024/12/thumbnail_IMG_9570-211x300.jpg 211w, https://feuerwehrlage.com/wp-content/uploads/2024/12/thumbnail_IMG_9570-768x1092.jpg 768w, https://feuerwehrlage.com/wp-content/uploads/2024/12/thumbnail_IMG_9570-760x1080.jpg 760w, https://feuerwehrlage.com/wp-content/uploads/2024/12/thumbnail_IMG_9570.jpg 1013w" sizes="auto, (max-width: 720px) 100vw, 720px" /></figure>



<figure class="wp-block-image size-large"><img loading="lazy" decoding="async" width="1024" height="668" src="https://feuerwehrlage.com/wp-content/uploads/2024/12/thumbnail_IMG_9578-1024x668.jpg" alt="" class="wp-image-1371" srcset="https://feuerwehrlage.com/wp-content/uploads/2024/12/thumbnail_IMG_9578-1024x668.jpg 1024w, https://feuerwehrlage.com/wp-content/uploads/2024/12/thumbnail_IMG_9578-300x196.jpg 300w, https://feuerwehrlage.com/wp-content/uploads/2024/12/thumbnail_IMG_9578-768x501.jpg 768w, https://feuerwehrlage.com/wp-content/uploads/2024/12/thumbnail_IMG_9578-1536x1003.jpg 1536w, https://feuerwehrlage.com/wp-content/uploads/2024/12/thumbnail_IMG_9578-1654x1080.jpg 1654w, https://feuerwehrlage.com/wp-content/uploads/2024/12/thumbnail_IMG_9578.jpg 1659w" sizes="auto, (max-width: 1024px) 100vw, 1024px" /></figure>
