{"id":1361,"date":"2024-11-27T20:58:00","date_gmt":"2024-11-27T18:58:00","guid":{"rendered":"https:\/\/feuerwehrlage.com\/?post_type=einsatz&#038;p=1361"},"modified":"2024-11-28T09:20:23","modified_gmt":"2024-11-28T07:20:23","slug":"h1-unwetter-klein-3","status":"publish","type":"einsatz","link":"https:\/\/feuerwehrlage.com\/?einsatz=h1-unwetter-klein-3","title":{"rendered":"H1 &#8211; Unwetter klein"},"content":{"rendered":"\n<p>Am Mittwochabend, den 27.11.2024 wurden wir um 20:58 Uhr mit dem Stichwort \u201eH1_Unwetter_klein\u201c alarmiert. Der Einsatzort sollte sich an der Ecke Neuenhauser Stra\u00dfe \/ Linnenbachweg befinden, wo ein Baum aufgrund des starken Windes auf die Stra\u00dfe zu st\u00fcrzen drohte.<\/p>\n\n\n\n<p>Mit zwei Fahrzeugen und 12 Einsatzkr\u00e4ften r\u00fcckten wir zur gemeldeten Einsatzstelle aus. Vor Ort best\u00e4tigte sich die Lage. Ein Baum neigte sich bereits \u00fcber die Fahrbahn. W\u00e4hrend unserer ersten Ma\u00dfnahmen knickte der Baum durch eine B\u00f6e vollst\u00e4ndig um und fiel auf die Stra\u00dfe. Zus\u00e4tzlich st\u00fcrzte ein zweiter Baum auf die Stra\u00dfe.<\/p>\n\n\n\n<p>Nachdem sichergestellt war, dass keine weiteren B\u00e4ume in die Einsatzstelle fallen, zers\u00e4gten wir die umgest\u00fcrzten B\u00e4ume mit Motors\u00e4gen und r\u00e4umten die Stra\u00dfe.<\/p>\n\n\n\n<p>Um 21:40 Uhr waren wir wieder einsatzbereit im Feuerwehrhaus.<\/p>\n\n\n\n<figure class=\"wp-block-image size-large\"><img loading=\"lazy\" decoding=\"async\" width=\"1024\" height=\"768\" src=\"https:\/\/feuerwehrlage.com\/wp-content\/uploads\/2024\/11\/processed-F1013021-CA1D-4BD2-A6C6-7DAB5B2C3EEC-1024x768.jpeg\" alt=\"\" class=\"wp-image-1362\" srcset=\"https:\/\/feuerwehrlage.com\/wp-content\/uploads\/2024\/11\/processed-F1013021-CA1D-4BD2-A6C6-7DAB5B2C3EEC-1024x768.jpeg 1024w, https:\/\/feuerwehrlage.com\/wp-content\/uploads\/2024\/11\/processed-F1013021-CA1D-4BD2-A6C6-7DAB5B2C3EEC-300x225.jpeg 300w, https:\/\/feuerwehrlage.com\/wp-content\/uploads\/2024\/11\/processed-F1013021-CA1D-4BD2-A6C6-7DAB5B2C3EEC-768x576.jpeg 768w, https:\/\/feuerwehrlage.com\/wp-content\/uploads\/2024\/11\/processed-F1013021-CA1D-4BD2-A6C6-7DAB5B2C3EEC-1536x1153.jpeg 1536w, https:\/\/feuerwehrlage.com\/wp-content\/uploads\/2024\/11\/processed-F1013021-CA1D-4BD2-A6C6-7DAB5B2C3EEC-2048x1537.jpeg 2048w, https:\/\/feuerwehrlage.com\/wp-content\/uploads\/2024\/11\/processed-F1013021-CA1D-4BD2-A6C6-7DAB5B2C3EEC-1439x1080.jpeg 1439w\" sizes=\"auto, (max-width: 1024px) 100vw, 1024px\" \/><\/figure>\n\n\n\n<figure class=\"wp-block-image size-large\"><img loading=\"lazy\" decoding=\"async\" width=\"1024\" height=\"768\" src=\"https:\/\/feuerwehrlage.com\/wp-content\/uploads\/2024\/11\/processed-3DDF3D65-36CC-45A9-9F2B-1745CBFFB36E-1024x768.jpeg\" alt=\"\" class=\"wp-image-1363\" srcset=\"https:\/\/feuerwehrlage.com\/wp-content\/uploads\/2024\/11\/processed-3DDF3D65-36CC-45A9-9F2B-1745CBFFB36E-1024x768.jpeg 1024w, https:\/\/feuerwehrlage.com\/wp-content\/uploads\/2024\/11\/processed-3DDF3D65-36CC-45A9-9F2B-1745CBFFB36E-300x225.jpeg 300w, https:\/\/feuerwehrlage.com\/wp-content\/uploads\/2024\/11\/processed-3DDF3D65-36CC-45A9-9F2B-1745CBFFB36E-768x576.jpeg 768w, https:\/\/feuerwehrlage.com\/wp-content\/uploads\/2024\/11\/processed-3DDF3D65-36CC-45A9-9F2B-1745CBFFB36E-1536x1153.jpeg 1536w, https:\/\/feuerwehrlage.com\/wp-content\/uploads\/2024\/11\/processed-3DDF3D65-36CC-45A9-9F2B-1745CBFFB36E-2048x1537.jpeg 2048w, https:\/\/feuerwehrlage.com\/wp-content\/uploads\/2024\/11\/processed-3DDF3D65-36CC-45A9-9F2B-1745CBFFB36E-1439x1080.jpeg 1439w\" sizes=\"auto, (max-width: 1024px) 100vw, 1024px\" \/><\/figure>\n","protected":false},"author":1,"featured_media":0,"template":"","meta":{"einsatz_weight":1,"footnotes":""},"categories":[7],"einsatzart":[],"fahrzeug":[5,4],"exteinsatzmittel":[],"alarmierungsart":[8],"evw_unit":[],"class_list":["post-1361","einsatz","type-einsatz","status-publish","hentry","category-einsatze","fahrzeug-mtw","fahrzeug-stlf10-6","alarmierungsart-h1-unwetter-klein"],"_links":{"self":[{"href":"https:\/\/feuerwehrlage.com\/index.php?rest_route=\/wp\/v2\/einsatz\/1361","targetHints":{"allow":["GET"]}}],"collection":[{"href":"https:\/\/feuerwehrlage.com\/index.php?rest_route=\/wp\/v2\/einsatz"}],"about":[{"href":"https:\/\/feuerwehrlage.com\/index.php?rest_route=\/wp\/v2\/types\/einsatz"}],"author":[{"embeddable":true,"href":"https:\/\/feuerwehrlage.com\/index.php?rest_route=\/wp\/v2\/users\/1"}],"version-history":[{"count":1,"href":"https:\/\/feuerwehrlage.com\/index.php?rest_route=\/wp\/v2\/einsatz\/1361\/revisions"}],"predecessor-version":[{"id":1364,"href":"https:\/\/feuerwehrlage.com\/index.php?rest_route=\/wp\/v2\/einsatz\/1361\/revisions\/1364"}],"wp:attachment":[{"href":"https:\/\/feuerwehrlage.com\/index.php?rest_route=%2Fwp%2Fv2%2Fmedia&parent=1361"}],"wp:term":[{"taxonomy":"category","embeddable":true,"href":"https:\/\/feuerwehrlage.com\/index.php?rest_route=%2Fwp%2Fv2%2Fcategories&post=1361"},{"taxonomy":"einsatzart","embeddable":true,"href":"https:\/\/feuerwehrlage.com\/index.php?rest_route=%2Fwp%2Fv2%2Feinsatzart&post=1361"},{"taxonomy":"fahrzeug","embeddable":true,"href":"https:\/\/feuerwehrlage.com\/index.php?rest_route=%2Fwp%2Fv2%2Ffahrzeug&post=1361"},{"taxonomy":"exteinsatzmittel","embeddable":true,"href":"https:\/\/feuerwehrlage.com\/index.php?rest_route=%2Fwp%2Fv2%2Fexteinsatzmittel&post=1361"},{"taxonomy":"alarmierungsart","embeddable":true,"href":"https:\/\/feuerwehrlage.com\/index.php?rest_route=%2Fwp%2Fv2%2Falarmierungsart&post=1361"},{"taxonomy":"evw_unit","embeddable":true,"href":"https:\/\/feuerwehrlage.com\/index.php?rest_route=%2Fwp%2Fv2%2Fevw_unit&post=1361"}],"curies":[{"name":"wp","href":"https:\/\/api.w.org\/{rel}","templated":true}]}}

<p>Am Mittwochabend, den 27.11.2024 wurden wir um 20:58 Uhr mit dem Stichwort „H1_Unwetter_klein“ alarmiert. Der Einsatzort sollte sich an der Ecke Neuenhauser Straße / Linnenbachweg befinden, wo ein Baum aufgrund des starken Windes auf die Straße zu stürzen drohte.</p>



<p>Mit zwei Fahrzeugen und 12 Einsatzkräften rückten wir zur gemeldeten Einsatzstelle aus. Vor Ort bestätigte sich die Lage. Ein Baum neigte sich bereits über die Fahrbahn. Während unserer ersten Maßnahmen knickte der Baum durch eine Böe vollständig um und fiel auf die Straße. Zusätzlich stürzte ein zweiter Baum auf die Straße.</p>



<p>Nachdem sichergestellt war, dass keine weiteren Bäume in die Einsatzstelle fallen, zersägten wir die umgestürzten Bäume mit Motorsägen und räumten die Straße.</p>



<p>Um 21:40 Uhr waren wir wieder einsatzbereit im Feuerwehrhaus.</p>



<figure class="wp-block-image size-large"><img loading="lazy" decoding="async" width="1024" height="768" src="https://feuerwehrlage.com/wp-content/uploads/2024/11/processed-F1013021-CA1D-4BD2-A6C6-7DAB5B2C3EEC-1024x768.jpeg" alt="" class="wp-image-1362" srcset="https://feuerwehrlage.com/wp-content/uploads/2024/11/processed-F1013021-CA1D-4BD2-A6C6-7DAB5B2C3EEC-1024x768.jpeg 1024w, https://feuerwehrlage.com/wp-content/uploads/2024/11/processed-F1013021-CA1D-4BD2-A6C6-7DAB5B2C3EEC-300x225.jpeg 300w, https://feuerwehrlage.com/wp-content/uploads/2024/11/processed-F1013021-CA1D-4BD2-A6C6-7DAB5B2C3EEC-768x576.jpeg 768w, https://feuerwehrlage.com/wp-content/uploads/2024/11/processed-F1013021-CA1D-4BD2-A6C6-7DAB5B2C3EEC-1536x1153.jpeg 1536w, https://feuerwehrlage.com/wp-content/uploads/2024/11/processed-F1013021-CA1D-4BD2-A6C6-7DAB5B2C3EEC-2048x1537.jpeg 2048w, https://feuerwehrlage.com/wp-content/uploads/2024/11/processed-F1013021-CA1D-4BD2-A6C6-7DAB5B2C3EEC-1439x1080.jpeg 1439w" sizes="auto, (max-width: 1024px) 100vw, 1024px" /></figure>



<figure class="wp-block-image size-large"><img loading="lazy" decoding="async" width="1024" height="768" src="https://feuerwehrlage.com/wp-content/uploads/2024/11/processed-3DDF3D65-36CC-45A9-9F2B-1745CBFFB36E-1024x768.jpeg" alt="" class="wp-image-1363" srcset="https://feuerwehrlage.com/wp-content/uploads/2024/11/processed-3DDF3D65-36CC-45A9-9F2B-1745CBFFB36E-1024x768.jpeg 1024w, https://feuerwehrlage.com/wp-content/uploads/2024/11/processed-3DDF3D65-36CC-45A9-9F2B-1745CBFFB36E-300x225.jpeg 300w, https://feuerwehrlage.com/wp-content/uploads/2024/11/processed-3DDF3D65-36CC-45A9-9F2B-1745CBFFB36E-768x576.jpeg 768w, https://feuerwehrlage.com/wp-content/uploads/2024/11/processed-3DDF3D65-36CC-45A9-9F2B-1745CBFFB36E-1536x1153.jpeg 1536w, https://feuerwehrlage.com/wp-content/uploads/2024/11/processed-3DDF3D65-36CC-45A9-9F2B-1745CBFFB36E-2048x1537.jpeg 2048w, https://feuerwehrlage.com/wp-content/uploads/2024/11/processed-3DDF3D65-36CC-45A9-9F2B-1745CBFFB36E-1439x1080.jpeg 1439w" sizes="auto, (max-width: 1024px) 100vw, 1024px" /></figure>
