{"id":1260,"date":"2023-11-12T23:32:00","date_gmt":"2023-11-12T23:32:00","guid":{"rendered":"http:\/\/feuerwehrlage.com\/?post_type=einsatz&#038;p=1260"},"modified":"2023-11-13T06:34:51","modified_gmt":"2023-11-13T06:34:51","slug":"h1y-person-hinter-tuer","status":"publish","type":"einsatz","link":"https:\/\/feuerwehrlage.com\/?einsatz=h1y-person-hinter-tuer","title":{"rendered":"H1Y &#8211; Person hinter T\u00fcr"},"content":{"rendered":"\n<p>Gestern Abend wurden wir um 23:32 Uhr zu einem Einsatz unweit des Feuerwehrhauses alarmiert.<br>Eine Frau hatte sich in einer Art Wohnmobil eingeschlossen. Da ein Schloss schon seit l\u00e4ngerer Zeit defekt ist und das andere nur noch von aussen zu \u00f6ffnen war, sah Sie keinen anderen Ausweg, als uns \u00fcber die Leitstelle Ems-Vechte zu alarmieren. <\/p>\n\n\n\n<p>Umgehend r\u00fcckten wir zu Einsatzstelle, die sich in ca. 50 Meter Entfernung des Feuerwehrhauses befand, aus. Nach kurzer Kommunikation konnten wir die Frau, welche wohlauf war, mithilfe des Schl\u00fcssels aus Ihrer misslichen Lage befreien. <\/p>\n\n\n\n<p>Nach ca. 15 Minuten konnten wir wieder &#8222;Einfahrt&#8220; melden.<\/p>\n\n\n\n<figure class=\"wp-block-image size-large\"><img loading=\"lazy\" decoding=\"async\" width=\"1024\" height=\"768\" src=\"https:\/\/feuerwehrlage.com\/wp-content\/uploads\/2023\/11\/Einsatz-1024x768.jpg\" alt=\"\" class=\"wp-image-1261\" srcset=\"https:\/\/feuerwehrlage.com\/wp-content\/uploads\/2023\/11\/Einsatz-1024x768.jpg 1024w, https:\/\/feuerwehrlage.com\/wp-content\/uploads\/2023\/11\/Einsatz-300x225.jpg 300w, https:\/\/feuerwehrlage.com\/wp-content\/uploads\/2023\/11\/Einsatz-768x576.jpg 768w, https:\/\/feuerwehrlage.com\/wp-content\/uploads\/2023\/11\/Einsatz-1536x1152.jpg 1536w, https:\/\/feuerwehrlage.com\/wp-content\/uploads\/2023\/11\/Einsatz-1440x1080.jpg 1440w, https:\/\/feuerwehrlage.com\/wp-content\/uploads\/2023\/11\/Einsatz.jpg 2016w\" sizes=\"auto, (max-width: 1024px) 100vw, 1024px\" \/><\/figure>\n","protected":false},"author":1,"featured_media":0,"template":"","meta":{"einsatz_weight":1,"footnotes":""},"categories":[7],"einsatzart":[],"fahrzeug":[5,4],"exteinsatzmittel":[16],"alarmierungsart":[24],"evw_unit":[],"class_list":["post-1260","einsatz","type-einsatz","status-publish","hentry","category-einsatze","fahrzeug-mtw","fahrzeug-stlf10-6","exteinsatzmittel-rettungsdienst","alarmierungsart-h1y-person-hinter-verschlossener-tuer"],"_links":{"self":[{"href":"https:\/\/feuerwehrlage.com\/index.php?rest_route=\/wp\/v2\/einsatz\/1260","targetHints":{"allow":["GET"]}}],"collection":[{"href":"https:\/\/feuerwehrlage.com\/index.php?rest_route=\/wp\/v2\/einsatz"}],"about":[{"href":"https:\/\/feuerwehrlage.com\/index.php?rest_route=\/wp\/v2\/types\/einsatz"}],"author":[{"embeddable":true,"href":"https:\/\/feuerwehrlage.com\/index.php?rest_route=\/wp\/v2\/users\/1"}],"version-history":[{"count":1,"href":"https:\/\/feuerwehrlage.com\/index.php?rest_route=\/wp\/v2\/einsatz\/1260\/revisions"}],"predecessor-version":[{"id":1262,"href":"https:\/\/feuerwehrlage.com\/index.php?rest_route=\/wp\/v2\/einsatz\/1260\/revisions\/1262"}],"wp:attachment":[{"href":"https:\/\/feuerwehrlage.com\/index.php?rest_route=%2Fwp%2Fv2%2Fmedia&parent=1260"}],"wp:term":[{"taxonomy":"category","embeddable":true,"href":"https:\/\/feuerwehrlage.com\/index.php?rest_route=%2Fwp%2Fv2%2Fcategories&post=1260"},{"taxonomy":"einsatzart","embeddable":true,"href":"https:\/\/feuerwehrlage.com\/index.php?rest_route=%2Fwp%2Fv2%2Feinsatzart&post=1260"},{"taxonomy":"fahrzeug","embeddable":true,"href":"https:\/\/feuerwehrlage.com\/index.php?rest_route=%2Fwp%2Fv2%2Ffahrzeug&post=1260"},{"taxonomy":"exteinsatzmittel","embeddable":true,"href":"https:\/\/feuerwehrlage.com\/index.php?rest_route=%2Fwp%2Fv2%2Fexteinsatzmittel&post=1260"},{"taxonomy":"alarmierungsart","embeddable":true,"href":"https:\/\/feuerwehrlage.com\/index.php?rest_route=%2Fwp%2Fv2%2Falarmierungsart&post=1260"},{"taxonomy":"evw_unit","embeddable":true,"href":"https:\/\/feuerwehrlage.com\/index.php?rest_route=%2Fwp%2Fv2%2Fevw_unit&post=1260"}],"curies":[{"name":"wp","href":"https:\/\/api.w.org\/{rel}","templated":true}]}}

H1Y &#8211; Person hinter Tür

<p>Gestern Abend wurden wir um 23:32 Uhr zu einem Einsatz unweit des Feuerwehrhauses alarmiert.<br>Eine Frau hatte sich in einer Art Wohnmobil eingeschlossen. Da ein Schloss schon seit längerer Zeit defekt ist und das andere nur noch von aussen zu öffnen war, sah Sie keinen anderen Ausweg, als uns über die Leitstelle Ems-Vechte zu alarmieren. </p>



<p>Umgehend rückten wir zu Einsatzstelle, die sich in ca. 50 Meter Entfernung des Feuerwehrhauses befand, aus. Nach kurzer Kommunikation konnten wir die Frau, welche wohlauf war, mithilfe des Schlüssels aus Ihrer misslichen Lage befreien. </p>



<p>Nach ca. 15 Minuten konnten wir wieder &#8222;Einfahrt&#8220; melden.</p>



<figure class="wp-block-image size-large"><img loading="lazy" decoding="async" width="1024" height="768" src="https://feuerwehrlage.com/wp-content/uploads/2023/11/Einsatz-1024x768.jpg" alt="" class="wp-image-1261" srcset="https://feuerwehrlage.com/wp-content/uploads/2023/11/Einsatz-1024x768.jpg 1024w, https://feuerwehrlage.com/wp-content/uploads/2023/11/Einsatz-300x225.jpg 300w, https://feuerwehrlage.com/wp-content/uploads/2023/11/Einsatz-768x576.jpg 768w, https://feuerwehrlage.com/wp-content/uploads/2023/11/Einsatz-1536x1152.jpg 1536w, https://feuerwehrlage.com/wp-content/uploads/2023/11/Einsatz-1440x1080.jpg 1440w, https://feuerwehrlage.com/wp-content/uploads/2023/11/Einsatz.jpg 2016w" sizes="auto, (max-width: 1024px) 100vw, 1024px" /></figure>
