{"id":1214,"date":"2023-05-31T21:02:00","date_gmt":"2023-05-31T21:02:00","guid":{"rendered":"http:\/\/feuerwehrlage.com\/?post_type=einsatz&#038;p=1214"},"modified":"2023-06-01T13:38:12","modified_gmt":"2023-06-01T13:38:12","slug":"h3y-verkehrsunfall-eingeklemmte-person-2","status":"publish","type":"einsatz","link":"https:\/\/feuerwehrlage.com\/?einsatz=h3y-verkehrsunfall-eingeklemmte-person-2","title":{"rendered":"H3Y \u2013 Verkehrsunfall eingeklemmte Person"},"content":{"rendered":"\n<p>Am Mittwochabend wurden wir um kurz nach 21:00 Uhr gemeinsam mit der Feuerwehr Neuenhaus zu einem Verkehrsunfall mit eingeklemmter Person alarmiert. Umgehend r\u00fcckten wir mit 3 Fahrzeugen und 17 Einsatzkr\u00e4ften zur Einsatzstelle an die Grenzstra\u00dfe aus. Bei unserer Ankunft waren der Rettungsdienst und Notarzt bereits vor Ort. Wir fanden einen PKW vor, der frontal gegen einen Baum geprallt war. Ersthelfer hatte sich vorbildlich verhalten und sich um die verunfallte Person gek\u00fcmmert.<\/p>\n\n\n\n<p>Gemeinsam mit der Ortsfeuerwehr Neuenhaus bereiteten wir die technische Rettung vor, sicherten die Einsatzstelle und stellten den Brandschutz sicher. Leider kam f\u00fcr die verunfallte Person jede Hilfe zu sp\u00e4t. Der Notarzt konnte nur noch den Tod der Person feststellen.<\/p>\n\n\n\n<p>Nachdem die Person aus dem stark deformierten PKW geborgen wurde, leuchteten wir die Unfallstelle gro\u00dffl\u00e4chig aus und unterst\u00fctzten bei Unfallaufnahme und Aufr\u00e4umarbeiten.<\/p>\n\n\n\n<p>Ein gro\u00dfer Dank geht an alle beteiligten Einsatzkr\u00e4fte f\u00fcr die abermals gute Zusammenarbeit, insbesondere an die Notfallseelsorge der Grafschaft Bentheim, die uns an der Einsatzstelle zur Seite stand. Seit einigen Wochen wird diese im gesamten Landkreis automatisch bei bestimmtem Alarmstichw\u00f6rtern wie \u201eH3Y-Eingeklemmte Person\u201c mit alarmiert. &nbsp;<\/p>\n\n\n\n<p>Insgesamt waren von Feuerwehr, Rettungsdienst und Polizei ca. 45 Kr\u00e4fte im Einsatz. Der ebenfalls alarmierte Rettungshubschrauber konnte den Anflug abbrechen. Nachdem die Einsatzstelle an die Polizei \u00fcbergeben wurde, trafen sich s\u00e4mtliche Feuerwehrkr\u00e4fte noch im Feuerwehrhaus Lage, um den Einsatz nach zu besprechen. Um 01:30 Uhr haben die letzten Kr\u00e4fte dann das Feuerwehrhaus verlassen.<\/p>\n\n\n\n<figure class=\"wp-block-image size-large\"><img loading=\"lazy\" decoding=\"async\" width=\"1024\" height=\"768\" src=\"https:\/\/feuerwehrlage.com\/wp-content\/uploads\/2023\/06\/IMG20230531231207_01-1024x768.jpg\" alt=\"\" class=\"wp-image-1215\" srcset=\"https:\/\/feuerwehrlage.com\/wp-content\/uploads\/2023\/06\/IMG20230531231207_01-1024x768.jpg 1024w, https:\/\/feuerwehrlage.com\/wp-content\/uploads\/2023\/06\/IMG20230531231207_01-300x225.jpg 300w, https:\/\/feuerwehrlage.com\/wp-content\/uploads\/2023\/06\/IMG20230531231207_01-768x576.jpg 768w, https:\/\/feuerwehrlage.com\/wp-content\/uploads\/2023\/06\/IMG20230531231207_01-1536x1152.jpg 1536w, https:\/\/feuerwehrlage.com\/wp-content\/uploads\/2023\/06\/IMG20230531231207_01-2048x1536.jpg 2048w, https:\/\/feuerwehrlage.com\/wp-content\/uploads\/2023\/06\/IMG20230531231207_01-1440x1080.jpg 1440w\" sizes=\"auto, (max-width: 1024px) 100vw, 1024px\" \/><\/figure>\n\n\n\n<figure class=\"wp-block-image size-large\"><img loading=\"lazy\" decoding=\"async\" width=\"1024\" height=\"768\" src=\"https:\/\/feuerwehrlage.com\/wp-content\/uploads\/2023\/06\/IMG20230531231713-1024x768.jpg\" alt=\"\" class=\"wp-image-1216\" srcset=\"https:\/\/feuerwehrlage.com\/wp-content\/uploads\/2023\/06\/IMG20230531231713-1024x768.jpg 1024w, https:\/\/feuerwehrlage.com\/wp-content\/uploads\/2023\/06\/IMG20230531231713-300x225.jpg 300w, https:\/\/feuerwehrlage.com\/wp-content\/uploads\/2023\/06\/IMG20230531231713-768x576.jpg 768w, https:\/\/feuerwehrlage.com\/wp-content\/uploads\/2023\/06\/IMG20230531231713-1536x1152.jpg 1536w, https:\/\/feuerwehrlage.com\/wp-content\/uploads\/2023\/06\/IMG20230531231713-2048x1536.jpg 2048w, https:\/\/feuerwehrlage.com\/wp-content\/uploads\/2023\/06\/IMG20230531231713-1440x1080.jpg 1440w\" sizes=\"auto, (max-width: 1024px) 100vw, 1024px\" \/><\/figure>\n\n\n\n<figure class=\"wp-block-image size-large\"><img loading=\"lazy\" decoding=\"async\" width=\"768\" height=\"1024\" src=\"https:\/\/feuerwehrlage.com\/wp-content\/uploads\/2023\/06\/IMG20230531231101-768x1024.jpg\" alt=\"\" class=\"wp-image-1227\" srcset=\"https:\/\/feuerwehrlage.com\/wp-content\/uploads\/2023\/06\/IMG20230531231101-768x1024.jpg 768w, https:\/\/feuerwehrlage.com\/wp-content\/uploads\/2023\/06\/IMG20230531231101-225x300.jpg 225w, https:\/\/feuerwehrlage.com\/wp-content\/uploads\/2023\/06\/IMG20230531231101-1152x1536.jpg 1152w, https:\/\/feuerwehrlage.com\/wp-content\/uploads\/2023\/06\/IMG20230531231101-1536x2048.jpg 1536w, https:\/\/feuerwehrlage.com\/wp-content\/uploads\/2023\/06\/IMG20230531231101-1024x1365.jpg 1024w, https:\/\/feuerwehrlage.com\/wp-content\/uploads\/2023\/06\/IMG20230531231101-810x1080.jpg 810w, https:\/\/feuerwehrlage.com\/wp-content\/uploads\/2023\/06\/IMG20230531231101-scaled.jpg 1920w\" sizes=\"auto, (max-width: 768px) 100vw, 768px\" \/><\/figure>\n","protected":false},"author":1,"featured_media":0,"template":"","meta":{"einsatz_weight":1,"footnotes":""},"categories":[7],"einsatzart":[],"fahrzeug":[5,6,4],"exteinsatzmittel":[10,9,96,16,81],"alarmierungsart":[82],"evw_unit":[],"class_list":["post-1214","einsatz","type-einsatz","status-publish","hentry","category-einsatze","fahrzeug-mtw","fahrzeug-sg-jf-mtw","fahrzeug-stlf10-6","exteinsatzmittel-feuerwehr-neuenhaus","exteinsatzmittel-polizei","exteinsatzmittel-psnv-e-grafschaft-bentheim","exteinsatzmittel-rettungsdienst","exteinsatzmittel-rettungshubschrauber","alarmierungsart-h3y-verkehrsunfall-eingeklemmte-person"],"_links":{"self":[{"href":"https:\/\/feuerwehrlage.com\/index.php?rest_route=\/wp\/v2\/einsatz\/1214","targetHints":{"allow":["GET"]}}],"collection":[{"href":"https:\/\/feuerwehrlage.com\/index.php?rest_route=\/wp\/v2\/einsatz"}],"about":[{"href":"https:\/\/feuerwehrlage.com\/index.php?rest_route=\/wp\/v2\/types\/einsatz"}],"author":[{"embeddable":true,"href":"https:\/\/feuerwehrlage.com\/index.php?rest_route=\/wp\/v2\/users\/1"}],"version-history":[{"count":7,"href":"https:\/\/feuerwehrlage.com\/index.php?rest_route=\/wp\/v2\/einsatz\/1214\/revisions"}],"predecessor-version":[{"id":1229,"href":"https:\/\/feuerwehrlage.com\/index.php?rest_route=\/wp\/v2\/einsatz\/1214\/revisions\/1229"}],"wp:attachment":[{"href":"https:\/\/feuerwehrlage.com\/index.php?rest_route=%2Fwp%2Fv2%2Fmedia&parent=1214"}],"wp:term":[{"taxonomy":"category","embeddable":true,"href":"https:\/\/feuerwehrlage.com\/index.php?rest_route=%2Fwp%2Fv2%2Fcategories&post=1214"},{"taxonomy":"einsatzart","embeddable":true,"href":"https:\/\/feuerwehrlage.com\/index.php?rest_route=%2Fwp%2Fv2%2Feinsatzart&post=1214"},{"taxonomy":"fahrzeug","embeddable":true,"href":"https:\/\/feuerwehrlage.com\/index.php?rest_route=%2Fwp%2Fv2%2Ffahrzeug&post=1214"},{"taxonomy":"exteinsatzmittel","embeddable":true,"href":"https:\/\/feuerwehrlage.com\/index.php?rest_route=%2Fwp%2Fv2%2Fexteinsatzmittel&post=1214"},{"taxonomy":"alarmierungsart","embeddable":true,"href":"https:\/\/feuerwehrlage.com\/index.php?rest_route=%2Fwp%2Fv2%2Falarmierungsart&post=1214"},{"taxonomy":"evw_unit","embeddable":true,"href":"https:\/\/feuerwehrlage.com\/index.php?rest_route=%2Fwp%2Fv2%2Fevw_unit&post=1214"}],"curies":[{"name":"wp","href":"https:\/\/api.w.org\/{rel}","templated":true}]}}

<p>Am Mittwochabend wurden wir um kurz nach 21:00 Uhr gemeinsam mit der Feuerwehr Neuenhaus zu einem Verkehrsunfall mit eingeklemmter Person alarmiert. Umgehend rückten wir mit 3 Fahrzeugen und 17 Einsatzkräften zur Einsatzstelle an die Grenzstraße aus. Bei unserer Ankunft waren der Rettungsdienst und Notarzt bereits vor Ort. Wir fanden einen PKW vor, der frontal gegen einen Baum geprallt war. Ersthelfer hatte sich vorbildlich verhalten und sich um die verunfallte Person gekümmert.</p>



<p>Gemeinsam mit der Ortsfeuerwehr Neuenhaus bereiteten wir die technische Rettung vor, sicherten die Einsatzstelle und stellten den Brandschutz sicher. Leider kam für die verunfallte Person jede Hilfe zu spät. Der Notarzt konnte nur noch den Tod der Person feststellen.</p>



<p>Nachdem die Person aus dem stark deformierten PKW geborgen wurde, leuchteten wir die Unfallstelle großflächig aus und unterstützten bei Unfallaufnahme und Aufräumarbeiten.</p>



<p>Ein großer Dank geht an alle beteiligten Einsatzkräfte für die abermals gute Zusammenarbeit, insbesondere an die Notfallseelsorge der Grafschaft Bentheim, die uns an der Einsatzstelle zur Seite stand. Seit einigen Wochen wird diese im gesamten Landkreis automatisch bei bestimmtem Alarmstichwörtern wie „H3Y-Eingeklemmte Person“ mit alarmiert. &nbsp;</p>



<p>Insgesamt waren von Feuerwehr, Rettungsdienst und Polizei ca. 45 Kräfte im Einsatz. Der ebenfalls alarmierte Rettungshubschrauber konnte den Anflug abbrechen. Nachdem die Einsatzstelle an die Polizei übergeben wurde, trafen sich sämtliche Feuerwehrkräfte noch im Feuerwehrhaus Lage, um den Einsatz nach zu besprechen. Um 01:30 Uhr haben die letzten Kräfte dann das Feuerwehrhaus verlassen.</p>



<figure class="wp-block-image size-large"><img loading="lazy" decoding="async" width="1024" height="768" src="https://feuerwehrlage.com/wp-content/uploads/2023/06/IMG20230531231207_01-1024x768.jpg" alt="" class="wp-image-1215" srcset="https://feuerwehrlage.com/wp-content/uploads/2023/06/IMG20230531231207_01-1024x768.jpg 1024w, https://feuerwehrlage.com/wp-content/uploads/2023/06/IMG20230531231207_01-300x225.jpg 300w, https://feuerwehrlage.com/wp-content/uploads/2023/06/IMG20230531231207_01-768x576.jpg 768w, https://feuerwehrlage.com/wp-content/uploads/2023/06/IMG20230531231207_01-1536x1152.jpg 1536w, https://feuerwehrlage.com/wp-content/uploads/2023/06/IMG20230531231207_01-2048x1536.jpg 2048w, https://feuerwehrlage.com/wp-content/uploads/2023/06/IMG20230531231207_01-1440x1080.jpg 1440w" sizes="auto, (max-width: 1024px) 100vw, 1024px" /></figure>



<figure class="wp-block-image size-large"><img loading="lazy" decoding="async" width="1024" height="768" src="https://feuerwehrlage.com/wp-content/uploads/2023/06/IMG20230531231713-1024x768.jpg" alt="" class="wp-image-1216" srcset="https://feuerwehrlage.com/wp-content/uploads/2023/06/IMG20230531231713-1024x768.jpg 1024w, https://feuerwehrlage.com/wp-content/uploads/2023/06/IMG20230531231713-300x225.jpg 300w, https://feuerwehrlage.com/wp-content/uploads/2023/06/IMG20230531231713-768x576.jpg 768w, https://feuerwehrlage.com/wp-content/uploads/2023/06/IMG20230531231713-1536x1152.jpg 1536w, https://feuerwehrlage.com/wp-content/uploads/2023/06/IMG20230531231713-2048x1536.jpg 2048w, https://feuerwehrlage.com/wp-content/uploads/2023/06/IMG20230531231713-1440x1080.jpg 1440w" sizes="auto, (max-width: 1024px) 100vw, 1024px" /></figure>



<figure class="wp-block-image size-large"><img loading="lazy" decoding="async" width="768" height="1024" src="https://feuerwehrlage.com/wp-content/uploads/2023/06/IMG20230531231101-768x1024.jpg" alt="" class="wp-image-1227" srcset="https://feuerwehrlage.com/wp-content/uploads/2023/06/IMG20230531231101-768x1024.jpg 768w, https://feuerwehrlage.com/wp-content/uploads/2023/06/IMG20230531231101-225x300.jpg 225w, https://feuerwehrlage.com/wp-content/uploads/2023/06/IMG20230531231101-1152x1536.jpg 1152w, https://feuerwehrlage.com/wp-content/uploads/2023/06/IMG20230531231101-1536x2048.jpg 1536w, https://feuerwehrlage.com/wp-content/uploads/2023/06/IMG20230531231101-1024x1365.jpg 1024w, https://feuerwehrlage.com/wp-content/uploads/2023/06/IMG20230531231101-810x1080.jpg 810w, https://feuerwehrlage.com/wp-content/uploads/2023/06/IMG20230531231101-scaled.jpg 1920w" sizes="auto, (max-width: 768px) 100vw, 768px" /></figure>
