{"id":1201,"date":"2023-04-18T18:16:00","date_gmt":"2023-04-18T18:16:00","guid":{"rendered":"http:\/\/feuerwehrlage.com\/?post_type=einsatz&#038;p=1201"},"modified":"2023-04-19T07:38:22","modified_gmt":"2023-04-19T07:38:22","slug":"h3y-verkehrsunfall-eingeklemmte-person","status":"publish","type":"einsatz","link":"https:\/\/feuerwehrlage.com\/?einsatz=h3y-verkehrsunfall-eingeklemmte-person","title":{"rendered":"H3Y &#8211; Verkehrsunfall eingeklemmte Person"},"content":{"rendered":"\n<p>Gemeinsam mit der Feuerwehr Neuenhaus wurden wir gestern um 18:16 Uhr zu einem Verkehrsunfall mit eingeklemmter Person auf die Grenzstra\u00dfe alarmiert. Umgehend r\u00fcckten wir mit 3 Fahrzeugen und 17 Einsatzkr\u00e4ften aus. Vor Ort angekommen, war ein PKW mit einem Trecker zusammensto\u00dfen. Der Fahrer des PKW\u2019s war bereits selbstst\u00e4ndig aus seinem Fahrzeug ausgestiegen. Der Fahrer des Treckers, welcher durch die Wucht des Zusammensto\u00dfes auf die Seite geschleudert wurde, war noch in seinem Fahrzeug eingeschlossen.<\/p>\n\n\n\n<p>Gemeinsam mit der Feuerwehr Neuenhaus stabilisierten wir das Fahrzeug. In Zusammenarbeit mit dem Rettungsdienst wurde der Fahrer des Treckers versorgt und aus dem Fahrzeug gerettet.<\/p>\n\n\n\n<p>Zeitgleich streuten weitere Einsatzkr\u00e4fte auslaufende Betriebsstoffe ab, klemmten die Batterien beider Fahrzeuge ab, stellten den Brandschutz sicher und sicherten die Unfallstelle ab.<\/p>\n\n\n\n<p>Nachdem beiden Unfallbeteiligten an den Rettungsdienst \u00fcbergeben wurden, unterst\u00fctzten wir noch bei der Bergung der Fahrzeuge, reinigten die Stra\u00dfe und konnten nach knapp 3 Stunden wieder \u201eEinfahrt Feuerwehrhaus\u201c melden.<\/p>\n\n\n\n<p>Insgesamt waren von Feuerwehr, Polizei und Rettungsdienst ca. 45 Kr\u00e4fte im Einsatz.<\/p>\n\n\n\n<figure class=\"wp-block-image size-large\"><img loading=\"lazy\" decoding=\"async\" width=\"1024\" height=\"768\" src=\"https:\/\/feuerwehrlage.com\/wp-content\/uploads\/2023\/04\/IMG20230418185115-1024x768.jpg\" alt=\"\" class=\"wp-image-1202\" srcset=\"https:\/\/feuerwehrlage.com\/wp-content\/uploads\/2023\/04\/IMG20230418185115-1024x768.jpg 1024w, https:\/\/feuerwehrlage.com\/wp-content\/uploads\/2023\/04\/IMG20230418185115-300x225.jpg 300w, https:\/\/feuerwehrlage.com\/wp-content\/uploads\/2023\/04\/IMG20230418185115-768x576.jpg 768w, https:\/\/feuerwehrlage.com\/wp-content\/uploads\/2023\/04\/IMG20230418185115-1536x1152.jpg 1536w, https:\/\/feuerwehrlage.com\/wp-content\/uploads\/2023\/04\/IMG20230418185115-1440x1080.jpg 1440w, https:\/\/feuerwehrlage.com\/wp-content\/uploads\/2023\/04\/IMG20230418185115.jpg 2048w\" sizes=\"auto, (max-width: 1024px) 100vw, 1024px\" \/><\/figure>\n\n\n\n<figure class=\"wp-block-image size-large\"><img loading=\"lazy\" decoding=\"async\" width=\"1024\" height=\"768\" src=\"https:\/\/feuerwehrlage.com\/wp-content\/uploads\/2023\/04\/IMG20230418185236-1024x768.jpg\" alt=\"\" class=\"wp-image-1203\" srcset=\"https:\/\/feuerwehrlage.com\/wp-content\/uploads\/2023\/04\/IMG20230418185236-1024x768.jpg 1024w, https:\/\/feuerwehrlage.com\/wp-content\/uploads\/2023\/04\/IMG20230418185236-300x225.jpg 300w, https:\/\/feuerwehrlage.com\/wp-content\/uploads\/2023\/04\/IMG20230418185236-768x576.jpg 768w, https:\/\/feuerwehrlage.com\/wp-content\/uploads\/2023\/04\/IMG20230418185236-1536x1152.jpg 1536w, https:\/\/feuerwehrlage.com\/wp-content\/uploads\/2023\/04\/IMG20230418185236-1440x1080.jpg 1440w, https:\/\/feuerwehrlage.com\/wp-content\/uploads\/2023\/04\/IMG20230418185236.jpg 2048w\" sizes=\"auto, (max-width: 1024px) 100vw, 1024px\" \/><\/figure>\n\n\n\n<figure class=\"wp-block-image size-large\"><img loading=\"lazy\" decoding=\"async\" width=\"1024\" height=\"768\" src=\"https:\/\/feuerwehrlage.com\/wp-content\/uploads\/2023\/04\/IMG20230418185609-1024x768.jpg\" alt=\"\" class=\"wp-image-1204\" srcset=\"https:\/\/feuerwehrlage.com\/wp-content\/uploads\/2023\/04\/IMG20230418185609-1024x768.jpg 1024w, https:\/\/feuerwehrlage.com\/wp-content\/uploads\/2023\/04\/IMG20230418185609-300x225.jpg 300w, https:\/\/feuerwehrlage.com\/wp-content\/uploads\/2023\/04\/IMG20230418185609-768x576.jpg 768w, https:\/\/feuerwehrlage.com\/wp-content\/uploads\/2023\/04\/IMG20230418185609-1536x1152.jpg 1536w, https:\/\/feuerwehrlage.com\/wp-content\/uploads\/2023\/04\/IMG20230418185609-1440x1080.jpg 1440w, https:\/\/feuerwehrlage.com\/wp-content\/uploads\/2023\/04\/IMG20230418185609.jpg 2048w\" sizes=\"auto, (max-width: 1024px) 100vw, 1024px\" \/><\/figure>\n\n\n\n<figure class=\"wp-block-image size-large\"><img loading=\"lazy\" decoding=\"async\" width=\"768\" height=\"1024\" src=\"https:\/\/feuerwehrlage.com\/wp-content\/uploads\/2023\/04\/IMG20230418202000-768x1024.jpg\" alt=\"\" class=\"wp-image-1205\" srcset=\"https:\/\/feuerwehrlage.com\/wp-content\/uploads\/2023\/04\/IMG20230418202000-768x1024.jpg 768w, https:\/\/feuerwehrlage.com\/wp-content\/uploads\/2023\/04\/IMG20230418202000-225x300.jpg 225w, https:\/\/feuerwehrlage.com\/wp-content\/uploads\/2023\/04\/IMG20230418202000-1152x1536.jpg 1152w, https:\/\/feuerwehrlage.com\/wp-content\/uploads\/2023\/04\/IMG20230418202000-1024x1365.jpg 1024w, https:\/\/feuerwehrlage.com\/wp-content\/uploads\/2023\/04\/IMG20230418202000-810x1080.jpg 810w, https:\/\/feuerwehrlage.com\/wp-content\/uploads\/2023\/04\/IMG20230418202000.jpg 1536w\" sizes=\"auto, (max-width: 768px) 100vw, 768px\" \/><\/figure>\n\n\n\n<figure class=\"wp-block-image size-large\"><img loading=\"lazy\" decoding=\"async\" width=\"1024\" height=\"768\" src=\"https:\/\/feuerwehrlage.com\/wp-content\/uploads\/2023\/04\/IMG20230418202547_01-1024x768.jpg\" alt=\"\" class=\"wp-image-1207\" srcset=\"https:\/\/feuerwehrlage.com\/wp-content\/uploads\/2023\/04\/IMG20230418202547_01-1024x768.jpg 1024w, https:\/\/feuerwehrlage.com\/wp-content\/uploads\/2023\/04\/IMG20230418202547_01-300x225.jpg 300w, https:\/\/feuerwehrlage.com\/wp-content\/uploads\/2023\/04\/IMG20230418202547_01-768x576.jpg 768w, https:\/\/feuerwehrlage.com\/wp-content\/uploads\/2023\/04\/IMG20230418202547_01-1536x1152.jpg 1536w, https:\/\/feuerwehrlage.com\/wp-content\/uploads\/2023\/04\/IMG20230418202547_01-1440x1080.jpg 1440w, https:\/\/feuerwehrlage.com\/wp-content\/uploads\/2023\/04\/IMG20230418202547_01.jpg 2048w\" sizes=\"auto, (max-width: 1024px) 100vw, 1024px\" \/><\/figure>\n","protected":false},"author":1,"featured_media":0,"template":"","meta":{"einsatz_weight":1,"footnotes":""},"categories":[7],"einsatzart":[],"fahrzeug":[5,6,4],"exteinsatzmittel":[10,9,16],"alarmierungsart":[82],"evw_unit":[],"class_list":["post-1201","einsatz","type-einsatz","status-publish","hentry","category-einsatze","fahrzeug-mtw","fahrzeug-sg-jf-mtw","fahrzeug-stlf10-6","exteinsatzmittel-feuerwehr-neuenhaus","exteinsatzmittel-polizei","exteinsatzmittel-rettungsdienst","alarmierungsart-h3y-verkehrsunfall-eingeklemmte-person"],"_links":{"self":[{"href":"https:\/\/feuerwehrlage.com\/index.php?rest_route=\/wp\/v2\/einsatz\/1201","targetHints":{"allow":["GET"]}}],"collection":[{"href":"https:\/\/feuerwehrlage.com\/index.php?rest_route=\/wp\/v2\/einsatz"}],"about":[{"href":"https:\/\/feuerwehrlage.com\/index.php?rest_route=\/wp\/v2\/types\/einsatz"}],"author":[{"embeddable":true,"href":"https:\/\/feuerwehrlage.com\/index.php?rest_route=\/wp\/v2\/users\/1"}],"version-history":[{"count":3,"href":"https:\/\/feuerwehrlage.com\/index.php?rest_route=\/wp\/v2\/einsatz\/1201\/revisions"}],"predecessor-version":[{"id":1212,"href":"https:\/\/feuerwehrlage.com\/index.php?rest_route=\/wp\/v2\/einsatz\/1201\/revisions\/1212"}],"wp:attachment":[{"href":"https:\/\/feuerwehrlage.com\/index.php?rest_route=%2Fwp%2Fv2%2Fmedia&parent=1201"}],"wp:term":[{"taxonomy":"category","embeddable":true,"href":"https:\/\/feuerwehrlage.com\/index.php?rest_route=%2Fwp%2Fv2%2Fcategories&post=1201"},{"taxonomy":"einsatzart","embeddable":true,"href":"https:\/\/feuerwehrlage.com\/index.php?rest_route=%2Fwp%2Fv2%2Feinsatzart&post=1201"},{"taxonomy":"fahrzeug","embeddable":true,"href":"https:\/\/feuerwehrlage.com\/index.php?rest_route=%2Fwp%2Fv2%2Ffahrzeug&post=1201"},{"taxonomy":"exteinsatzmittel","embeddable":true,"href":"https:\/\/feuerwehrlage.com\/index.php?rest_route=%2Fwp%2Fv2%2Fexteinsatzmittel&post=1201"},{"taxonomy":"alarmierungsart","embeddable":true,"href":"https:\/\/feuerwehrlage.com\/index.php?rest_route=%2Fwp%2Fv2%2Falarmierungsart&post=1201"},{"taxonomy":"evw_unit","embeddable":true,"href":"https:\/\/feuerwehrlage.com\/index.php?rest_route=%2Fwp%2Fv2%2Fevw_unit&post=1201"}],"curies":[{"name":"wp","href":"https:\/\/api.w.org\/{rel}","templated":true}]}}

<p>Gemeinsam mit der Feuerwehr Neuenhaus wurden wir gestern um 18:16 Uhr zu einem Verkehrsunfall mit eingeklemmter Person auf die Grenzstraße alarmiert. Umgehend rückten wir mit 3 Fahrzeugen und 17 Einsatzkräften aus. Vor Ort angekommen, war ein PKW mit einem Trecker zusammenstoßen. Der Fahrer des PKW’s war bereits selbstständig aus seinem Fahrzeug ausgestiegen. Der Fahrer des Treckers, welcher durch die Wucht des Zusammenstoßes auf die Seite geschleudert wurde, war noch in seinem Fahrzeug eingeschlossen.</p>



<p>Gemeinsam mit der Feuerwehr Neuenhaus stabilisierten wir das Fahrzeug. In Zusammenarbeit mit dem Rettungsdienst wurde der Fahrer des Treckers versorgt und aus dem Fahrzeug gerettet.</p>



<p>Zeitgleich streuten weitere Einsatzkräfte auslaufende Betriebsstoffe ab, klemmten die Batterien beider Fahrzeuge ab, stellten den Brandschutz sicher und sicherten die Unfallstelle ab.</p>



<p>Nachdem beiden Unfallbeteiligten an den Rettungsdienst übergeben wurden, unterstützten wir noch bei der Bergung der Fahrzeuge, reinigten die Straße und konnten nach knapp 3 Stunden wieder „Einfahrt Feuerwehrhaus“ melden.</p>



<p>Insgesamt waren von Feuerwehr, Polizei und Rettungsdienst ca. 45 Kräfte im Einsatz.</p>



<figure class="wp-block-image size-large"><img loading="lazy" decoding="async" width="1024" height="768" src="https://feuerwehrlage.com/wp-content/uploads/2023/04/IMG20230418185115-1024x768.jpg" alt="" class="wp-image-1202" srcset="https://feuerwehrlage.com/wp-content/uploads/2023/04/IMG20230418185115-1024x768.jpg 1024w, https://feuerwehrlage.com/wp-content/uploads/2023/04/IMG20230418185115-300x225.jpg 300w, https://feuerwehrlage.com/wp-content/uploads/2023/04/IMG20230418185115-768x576.jpg 768w, https://feuerwehrlage.com/wp-content/uploads/2023/04/IMG20230418185115-1536x1152.jpg 1536w, https://feuerwehrlage.com/wp-content/uploads/2023/04/IMG20230418185115-1440x1080.jpg 1440w, https://feuerwehrlage.com/wp-content/uploads/2023/04/IMG20230418185115.jpg 2048w" sizes="auto, (max-width: 1024px) 100vw, 1024px" /></figure>



<figure class="wp-block-image size-large"><img loading="lazy" decoding="async" width="1024" height="768" src="https://feuerwehrlage.com/wp-content/uploads/2023/04/IMG20230418185236-1024x768.jpg" alt="" class="wp-image-1203" srcset="https://feuerwehrlage.com/wp-content/uploads/2023/04/IMG20230418185236-1024x768.jpg 1024w, https://feuerwehrlage.com/wp-content/uploads/2023/04/IMG20230418185236-300x225.jpg 300w, https://feuerwehrlage.com/wp-content/uploads/2023/04/IMG20230418185236-768x576.jpg 768w, https://feuerwehrlage.com/wp-content/uploads/2023/04/IMG20230418185236-1536x1152.jpg 1536w, https://feuerwehrlage.com/wp-content/uploads/2023/04/IMG20230418185236-1440x1080.jpg 1440w, https://feuerwehrlage.com/wp-content/uploads/2023/04/IMG20230418185236.jpg 2048w" sizes="auto, (max-width: 1024px) 100vw, 1024px" /></figure>



<figure class="wp-block-image size-large"><img loading="lazy" decoding="async" width="1024" height="768" src="https://feuerwehrlage.com/wp-content/uploads/2023/04/IMG20230418185609-1024x768.jpg" alt="" class="wp-image-1204" srcset="https://feuerwehrlage.com/wp-content/uploads/2023/04/IMG20230418185609-1024x768.jpg 1024w, https://feuerwehrlage.com/wp-content/uploads/2023/04/IMG20230418185609-300x225.jpg 300w, https://feuerwehrlage.com/wp-content/uploads/2023/04/IMG20230418185609-768x576.jpg 768w, https://feuerwehrlage.com/wp-content/uploads/2023/04/IMG20230418185609-1536x1152.jpg 1536w, https://feuerwehrlage.com/wp-content/uploads/2023/04/IMG20230418185609-1440x1080.jpg 1440w, https://feuerwehrlage.com/wp-content/uploads/2023/04/IMG20230418185609.jpg 2048w" sizes="auto, (max-width: 1024px) 100vw, 1024px" /></figure>



<figure class="wp-block-image size-large"><img loading="lazy" decoding="async" width="768" height="1024" src="https://feuerwehrlage.com/wp-content/uploads/2023/04/IMG20230418202000-768x1024.jpg" alt="" class="wp-image-1205" srcset="https://feuerwehrlage.com/wp-content/uploads/2023/04/IMG20230418202000-768x1024.jpg 768w, https://feuerwehrlage.com/wp-content/uploads/2023/04/IMG20230418202000-225x300.jpg 225w, https://feuerwehrlage.com/wp-content/uploads/2023/04/IMG20230418202000-1152x1536.jpg 1152w, https://feuerwehrlage.com/wp-content/uploads/2023/04/IMG20230418202000-1024x1365.jpg 1024w, https://feuerwehrlage.com/wp-content/uploads/2023/04/IMG20230418202000-810x1080.jpg 810w, https://feuerwehrlage.com/wp-content/uploads/2023/04/IMG20230418202000.jpg 1536w" sizes="auto, (max-width: 768px) 100vw, 768px" /></figure>



<figure class="wp-block-image size-large"><img loading="lazy" decoding="async" width="1024" height="768" src="https://feuerwehrlage.com/wp-content/uploads/2023/04/IMG20230418202547_01-1024x768.jpg" alt="" class="wp-image-1207" srcset="https://feuerwehrlage.com/wp-content/uploads/2023/04/IMG20230418202547_01-1024x768.jpg 1024w, https://feuerwehrlage.com/wp-content/uploads/2023/04/IMG20230418202547_01-300x225.jpg 300w, https://feuerwehrlage.com/wp-content/uploads/2023/04/IMG20230418202547_01-768x576.jpg 768w, https://feuerwehrlage.com/wp-content/uploads/2023/04/IMG20230418202547_01-1536x1152.jpg 1536w, https://feuerwehrlage.com/wp-content/uploads/2023/04/IMG20230418202547_01-1440x1080.jpg 1440w, https://feuerwehrlage.com/wp-content/uploads/2023/04/IMG20230418202547_01.jpg 2048w" sizes="auto, (max-width: 1024px) 100vw, 1024px" /></figure>
