{"id":1194,"date":"2023-04-07T22:21:00","date_gmt":"2023-04-07T22:21:00","guid":{"rendered":"http:\/\/feuerwehrlage.com\/?post_type=einsatz&#038;p=1194"},"modified":"2023-04-09T08:09:39","modified_gmt":"2023-04-09T08:09:39","slug":"f3-garagenbrand","status":"publish","type":"einsatz","link":"https:\/\/feuerwehrlage.com\/?einsatz=f3-garagenbrand","title":{"rendered":"F3 &#8211; Garagenbrand"},"content":{"rendered":"\n<p>Am Karfreitag wurden wir gemeinsam mit den Ortsfeuerwehren Neuenhaus und Veldhausen um 22:21 Uhr zu einem Garagenbrand in die Morsstra\u00dfe nach Neuenhaus alarmiert.<br>Umgehend r\u00fcckten aus Lage alle 3 Fahrzeuge zur gemeldeten Adresse aus. Vor Ort angekommen, wurde der Brand bereits von den erst eintreffenden Kameraden aus Neuenhaus bek\u00e4mpft.<br>Wir standen in Bereitschaft und stellten den Grundschutz im Einsatzgebiet, da s\u00e4mtliche Fahrzeuge der Feuerwehr Neuenhaus gebunden waren. Die Ortsfeuerwehr Veldhausen unterst\u00fctzte bei den L\u00f6scharbeiten mit weiteren Atemschutzger\u00e4tetr\u00e4gern.<br>Nach ca. 1,5 Stunden konnten wir zum Feuerwehrhaus nach Lage zur\u00fcckkehren. Wir waren mit 16 Kameraden im Einsatz. <\/p>\n\n\n\n<p>Weitere Informationen und Bilder hier: https:\/\/www.feuerwehr-neuenhaus.de\/einsaetze\/ansicht\/22865<\/p>\n\n\n\n<figure class=\"wp-block-image size-large\"><img loading=\"lazy\" decoding=\"async\" width=\"1024\" height=\"768\" src=\"https:\/\/feuerwehrlage.com\/wp-content\/uploads\/2023\/04\/IMG20230407232209-1024x768.jpg\" alt=\"\" class=\"wp-image-1195\" srcset=\"https:\/\/feuerwehrlage.com\/wp-content\/uploads\/2023\/04\/IMG20230407232209-1024x768.jpg 1024w, https:\/\/feuerwehrlage.com\/wp-content\/uploads\/2023\/04\/IMG20230407232209-300x225.jpg 300w, https:\/\/feuerwehrlage.com\/wp-content\/uploads\/2023\/04\/IMG20230407232209-768x576.jpg 768w, https:\/\/feuerwehrlage.com\/wp-content\/uploads\/2023\/04\/IMG20230407232209-1536x1152.jpg 1536w, https:\/\/feuerwehrlage.com\/wp-content\/uploads\/2023\/04\/IMG20230407232209-2048x1536.jpg 2048w, https:\/\/feuerwehrlage.com\/wp-content\/uploads\/2023\/04\/IMG20230407232209-1440x1080.jpg 1440w\" sizes=\"auto, (max-width: 1024px) 100vw, 1024px\" \/><\/figure>\n","protected":false},"author":1,"featured_media":0,"template":"","meta":{"einsatz_weight":1,"footnotes":""},"categories":[7],"einsatzart":[],"fahrzeug":[5,6,4],"exteinsatzmittel":[10,11,9,16],"alarmierungsart":[95],"evw_unit":[],"class_list":["post-1194","einsatz","type-einsatz","status-publish","hentry","category-einsatze","fahrzeug-mtw","fahrzeug-sg-jf-mtw","fahrzeug-stlf10-6","exteinsatzmittel-feuerwehr-neuenhaus","exteinsatzmittel-feuerwehr-veldhausen","exteinsatzmittel-polizei","exteinsatzmittel-rettungsdienst","alarmierungsart-f3-garagenbrand"],"_links":{"self":[{"href":"https:\/\/feuerwehrlage.com\/index.php?rest_route=\/wp\/v2\/einsatz\/1194","targetHints":{"allow":["GET"]}}],"collection":[{"href":"https:\/\/feuerwehrlage.com\/index.php?rest_route=\/wp\/v2\/einsatz"}],"about":[{"href":"https:\/\/feuerwehrlage.com\/index.php?rest_route=\/wp\/v2\/types\/einsatz"}],"author":[{"embeddable":true,"href":"https:\/\/feuerwehrlage.com\/index.php?rest_route=\/wp\/v2\/users\/1"}],"version-history":[{"count":1,"href":"https:\/\/feuerwehrlage.com\/index.php?rest_route=\/wp\/v2\/einsatz\/1194\/revisions"}],"predecessor-version":[{"id":1196,"href":"https:\/\/feuerwehrlage.com\/index.php?rest_route=\/wp\/v2\/einsatz\/1194\/revisions\/1196"}],"wp:attachment":[{"href":"https:\/\/feuerwehrlage.com\/index.php?rest_route=%2Fwp%2Fv2%2Fmedia&parent=1194"}],"wp:term":[{"taxonomy":"category","embeddable":true,"href":"https:\/\/feuerwehrlage.com\/index.php?rest_route=%2Fwp%2Fv2%2Fcategories&post=1194"},{"taxonomy":"einsatzart","embeddable":true,"href":"https:\/\/feuerwehrlage.com\/index.php?rest_route=%2Fwp%2Fv2%2Feinsatzart&post=1194"},{"taxonomy":"fahrzeug","embeddable":true,"href":"https:\/\/feuerwehrlage.com\/index.php?rest_route=%2Fwp%2Fv2%2Ffahrzeug&post=1194"},{"taxonomy":"exteinsatzmittel","embeddable":true,"href":"https:\/\/feuerwehrlage.com\/index.php?rest_route=%2Fwp%2Fv2%2Fexteinsatzmittel&post=1194"},{"taxonomy":"alarmierungsart","embeddable":true,"href":"https:\/\/feuerwehrlage.com\/index.php?rest_route=%2Fwp%2Fv2%2Falarmierungsart&post=1194"},{"taxonomy":"evw_unit","embeddable":true,"href":"https:\/\/feuerwehrlage.com\/index.php?rest_route=%2Fwp%2Fv2%2Fevw_unit&post=1194"}],"curies":[{"name":"wp","href":"https:\/\/api.w.org\/{rel}","templated":true}]}}

<p>Am Karfreitag wurden wir gemeinsam mit den Ortsfeuerwehren Neuenhaus und Veldhausen um 22:21 Uhr zu einem Garagenbrand in die Morsstraße nach Neuenhaus alarmiert.<br>Umgehend rückten aus Lage alle 3 Fahrzeuge zur gemeldeten Adresse aus. Vor Ort angekommen, wurde der Brand bereits von den erst eintreffenden Kameraden aus Neuenhaus bekämpft.<br>Wir standen in Bereitschaft und stellten den Grundschutz im Einsatzgebiet, da sämtliche Fahrzeuge der Feuerwehr Neuenhaus gebunden waren. Die Ortsfeuerwehr Veldhausen unterstützte bei den Löscharbeiten mit weiteren Atemschutzgeräteträgern.<br>Nach ca. 1,5 Stunden konnten wir zum Feuerwehrhaus nach Lage zurückkehren. Wir waren mit 16 Kameraden im Einsatz. </p>



<p>Weitere Informationen und Bilder hier: https://www.feuerwehr-neuenhaus.de/einsaetze/ansicht/22865</p>



<figure class="wp-block-image size-large"><img loading="lazy" decoding="async" width="1024" height="768" src="https://feuerwehrlage.com/wp-content/uploads/2023/04/IMG20230407232209-1024x768.jpg" alt="" class="wp-image-1195" srcset="https://feuerwehrlage.com/wp-content/uploads/2023/04/IMG20230407232209-1024x768.jpg 1024w, https://feuerwehrlage.com/wp-content/uploads/2023/04/IMG20230407232209-300x225.jpg 300w, https://feuerwehrlage.com/wp-content/uploads/2023/04/IMG20230407232209-768x576.jpg 768w, https://feuerwehrlage.com/wp-content/uploads/2023/04/IMG20230407232209-1536x1152.jpg 1536w, https://feuerwehrlage.com/wp-content/uploads/2023/04/IMG20230407232209-2048x1536.jpg 2048w, https://feuerwehrlage.com/wp-content/uploads/2023/04/IMG20230407232209-1440x1080.jpg 1440w" sizes="auto, (max-width: 1024px) 100vw, 1024px" /></figure>
