{"id":1147,"date":"2022-10-24T13:48:00","date_gmt":"2022-10-24T13:48:00","guid":{"rendered":"http:\/\/feuerwehrlage.com\/?post_type=einsatz&#038;p=1147"},"modified":"2022-10-24T13:47:46","modified_gmt":"2022-10-24T13:47:46","slug":"h1-unwetter-klein","status":"publish","type":"einsatz","link":"https:\/\/feuerwehrlage.com\/?einsatz=h1-unwetter-klein","title":{"rendered":"H1 &#8211; Unwetter klein"},"content":{"rendered":"\n<p>Wir wurden heute um 13:48 Uhr zu einem umgest\u00fcrzten Baum auf die K3 Richtung Ootmarsum alarmiert.<\/p>\n\n\n\n<p>Nach der Alarmierung mit dem Stichwort H1_Unwetter klein r\u00fcckten 6 Kameraden mit dem Staffell\u00f6schfahrzeug aus und beseitigten den Baum mithilfe einer Kettens\u00e4ge vom Fahrradweg und von der Stra\u00dfe. Nach ca. 30 Minuten waren wir wieder einsatzbereit im Feuerwehrhaus.<\/p>\n\n\n\n<figure class=\"wp-block-image size-large is-resized\"><img loading=\"lazy\" decoding=\"async\" src=\"https:\/\/feuerwehrlage.com\/wp-content\/uploads\/2022\/10\/WhatsApp-Image-2022-10-24-at-14.14.07-1024x768.jpeg\" alt=\"\" class=\"wp-image-1148\" width=\"553\" height=\"415\" srcset=\"https:\/\/feuerwehrlage.com\/wp-content\/uploads\/2022\/10\/WhatsApp-Image-2022-10-24-at-14.14.07-1024x768.jpeg 1024w, https:\/\/feuerwehrlage.com\/wp-content\/uploads\/2022\/10\/WhatsApp-Image-2022-10-24-at-14.14.07-300x225.jpeg 300w, https:\/\/feuerwehrlage.com\/wp-content\/uploads\/2022\/10\/WhatsApp-Image-2022-10-24-at-14.14.07-768x576.jpeg 768w, https:\/\/feuerwehrlage.com\/wp-content\/uploads\/2022\/10\/WhatsApp-Image-2022-10-24-at-14.14.07-1536x1152.jpeg 1536w, https:\/\/feuerwehrlage.com\/wp-content\/uploads\/2022\/10\/WhatsApp-Image-2022-10-24-at-14.14.07-1440x1080.jpeg 1440w, https:\/\/feuerwehrlage.com\/wp-content\/uploads\/2022\/10\/WhatsApp-Image-2022-10-24-at-14.14.07.jpeg 1600w\" sizes=\"auto, (max-width: 553px) 100vw, 553px\" \/><\/figure>\n\n\n\n<figure class=\"wp-block-image size-large is-resized\"><img loading=\"lazy\" decoding=\"async\" src=\"https:\/\/feuerwehrlage.com\/wp-content\/uploads\/2022\/10\/WhatsApp-Image-2022-10-24-at-14.14.07-1-768x1024.jpeg\" alt=\"\" class=\"wp-image-1149\" width=\"440\" height=\"587\" srcset=\"https:\/\/feuerwehrlage.com\/wp-content\/uploads\/2022\/10\/WhatsApp-Image-2022-10-24-at-14.14.07-1-768x1024.jpeg 768w, https:\/\/feuerwehrlage.com\/wp-content\/uploads\/2022\/10\/WhatsApp-Image-2022-10-24-at-14.14.07-1-225x300.jpeg 225w, https:\/\/feuerwehrlage.com\/wp-content\/uploads\/2022\/10\/WhatsApp-Image-2022-10-24-at-14.14.07-1-1152x1536.jpeg 1152w, https:\/\/feuerwehrlage.com\/wp-content\/uploads\/2022\/10\/WhatsApp-Image-2022-10-24-at-14.14.07-1-1024x1365.jpeg 1024w, https:\/\/feuerwehrlage.com\/wp-content\/uploads\/2022\/10\/WhatsApp-Image-2022-10-24-at-14.14.07-1-810x1080.jpeg 810w, https:\/\/feuerwehrlage.com\/wp-content\/uploads\/2022\/10\/WhatsApp-Image-2022-10-24-at-14.14.07-1.jpeg 1200w\" sizes=\"auto, (max-width: 440px) 100vw, 440px\" \/><\/figure>\n","protected":false},"author":1,"featured_media":0,"template":"","meta":{"einsatz_weight":1,"footnotes":""},"categories":[7],"einsatzart":[],"fahrzeug":[4],"exteinsatzmittel":[9],"alarmierungsart":[8],"evw_unit":[],"class_list":["post-1147","einsatz","type-einsatz","status-publish","hentry","category-einsatze","fahrzeug-stlf10-6","exteinsatzmittel-polizei","alarmierungsart-h1-unwetter-klein"],"_links":{"self":[{"href":"https:\/\/feuerwehrlage.com\/index.php?rest_route=\/wp\/v2\/einsatz\/1147","targetHints":{"allow":["GET"]}}],"collection":[{"href":"https:\/\/feuerwehrlage.com\/index.php?rest_route=\/wp\/v2\/einsatz"}],"about":[{"href":"https:\/\/feuerwehrlage.com\/index.php?rest_route=\/wp\/v2\/types\/einsatz"}],"author":[{"embeddable":true,"href":"https:\/\/feuerwehrlage.com\/index.php?rest_route=\/wp\/v2\/users\/1"}],"version-history":[{"count":1,"href":"https:\/\/feuerwehrlage.com\/index.php?rest_route=\/wp\/v2\/einsatz\/1147\/revisions"}],"predecessor-version":[{"id":1150,"href":"https:\/\/feuerwehrlage.com\/index.php?rest_route=\/wp\/v2\/einsatz\/1147\/revisions\/1150"}],"wp:attachment":[{"href":"https:\/\/feuerwehrlage.com\/index.php?rest_route=%2Fwp%2Fv2%2Fmedia&parent=1147"}],"wp:term":[{"taxonomy":"category","embeddable":true,"href":"https:\/\/feuerwehrlage.com\/index.php?rest_route=%2Fwp%2Fv2%2Fcategories&post=1147"},{"taxonomy":"einsatzart","embeddable":true,"href":"https:\/\/feuerwehrlage.com\/index.php?rest_route=%2Fwp%2Fv2%2Feinsatzart&post=1147"},{"taxonomy":"fahrzeug","embeddable":true,"href":"https:\/\/feuerwehrlage.com\/index.php?rest_route=%2Fwp%2Fv2%2Ffahrzeug&post=1147"},{"taxonomy":"exteinsatzmittel","embeddable":true,"href":"https:\/\/feuerwehrlage.com\/index.php?rest_route=%2Fwp%2Fv2%2Fexteinsatzmittel&post=1147"},{"taxonomy":"alarmierungsart","embeddable":true,"href":"https:\/\/feuerwehrlage.com\/index.php?rest_route=%2Fwp%2Fv2%2Falarmierungsart&post=1147"},{"taxonomy":"evw_unit","embeddable":true,"href":"https:\/\/feuerwehrlage.com\/index.php?rest_route=%2Fwp%2Fv2%2Fevw_unit&post=1147"}],"curies":[{"name":"wp","href":"https:\/\/api.w.org\/{rel}","templated":true}]}}

<p>Wir wurden heute um 13:48 Uhr zu einem umgestürzten Baum auf die K3 Richtung Ootmarsum alarmiert.</p>



<p>Nach der Alarmierung mit dem Stichwort H1_Unwetter klein rückten 6 Kameraden mit dem Staffellöschfahrzeug aus und beseitigten den Baum mithilfe einer Kettensäge vom Fahrradweg und von der Straße. Nach ca. 30 Minuten waren wir wieder einsatzbereit im Feuerwehrhaus.</p>



<figure class="wp-block-image size-large is-resized"><img loading="lazy" decoding="async" src="https://feuerwehrlage.com/wp-content/uploads/2022/10/WhatsApp-Image-2022-10-24-at-14.14.07-1024x768.jpeg" alt="" class="wp-image-1148" width="553" height="415" srcset="https://feuerwehrlage.com/wp-content/uploads/2022/10/WhatsApp-Image-2022-10-24-at-14.14.07-1024x768.jpeg 1024w, https://feuerwehrlage.com/wp-content/uploads/2022/10/WhatsApp-Image-2022-10-24-at-14.14.07-300x225.jpeg 300w, https://feuerwehrlage.com/wp-content/uploads/2022/10/WhatsApp-Image-2022-10-24-at-14.14.07-768x576.jpeg 768w, https://feuerwehrlage.com/wp-content/uploads/2022/10/WhatsApp-Image-2022-10-24-at-14.14.07-1536x1152.jpeg 1536w, https://feuerwehrlage.com/wp-content/uploads/2022/10/WhatsApp-Image-2022-10-24-at-14.14.07-1440x1080.jpeg 1440w, https://feuerwehrlage.com/wp-content/uploads/2022/10/WhatsApp-Image-2022-10-24-at-14.14.07.jpeg 1600w" sizes="auto, (max-width: 553px) 100vw, 553px" /></figure>



<figure class="wp-block-image size-large is-resized"><img loading="lazy" decoding="async" src="https://feuerwehrlage.com/wp-content/uploads/2022/10/WhatsApp-Image-2022-10-24-at-14.14.07-1-768x1024.jpeg" alt="" class="wp-image-1149" width="440" height="587" srcset="https://feuerwehrlage.com/wp-content/uploads/2022/10/WhatsApp-Image-2022-10-24-at-14.14.07-1-768x1024.jpeg 768w, https://feuerwehrlage.com/wp-content/uploads/2022/10/WhatsApp-Image-2022-10-24-at-14.14.07-1-225x300.jpeg 225w, https://feuerwehrlage.com/wp-content/uploads/2022/10/WhatsApp-Image-2022-10-24-at-14.14.07-1-1152x1536.jpeg 1152w, https://feuerwehrlage.com/wp-content/uploads/2022/10/WhatsApp-Image-2022-10-24-at-14.14.07-1-1024x1365.jpeg 1024w, https://feuerwehrlage.com/wp-content/uploads/2022/10/WhatsApp-Image-2022-10-24-at-14.14.07-1-810x1080.jpeg 810w, https://feuerwehrlage.com/wp-content/uploads/2022/10/WhatsApp-Image-2022-10-24-at-14.14.07-1.jpeg 1200w" sizes="auto, (max-width: 440px) 100vw, 440px" /></figure>
