{"id":1132,"date":"2022-09-03T00:32:00","date_gmt":"2022-09-03T00:32:00","guid":{"rendered":"http:\/\/feuerwehrlage.com\/?post_type=einsatz&#038;p=1132"},"modified":"2022-09-03T14:22:45","modified_gmt":"2022-09-03T14:22:45","slug":"f3-gebaeudebrand","status":"publish","type":"einsatz","link":"https:\/\/feuerwehrlage.com\/?einsatz=f3-gebaeudebrand","title":{"rendered":"F3 &#8211; Geb\u00e4udebrand"},"content":{"rendered":"\n<p>Heute Nacht wurde die Feuerwehr Neuenhaus um 00:27 Uhr mit dem Stichwort F2-Fl\u00e4chenbrand in die Morsstra\u00dfe alarmiert. &nbsp;Da sich aufgrund das Feuer aufgrund der Intensit\u00e4t auf 2 angrenzende Wohngeb\u00e4ude auszubreiten drohte, erh\u00f6hte man die Alarmstufe bereits w\u00e4hrend der Anfahrt auf F3-Geb\u00e4ude. Damit wurden wir um 00:32 Uhr zur Unterst\u00fctzung alarmiert.<\/p>\n\n\n\n<p>Vor Ort angekommen, brannten 30 Meter Hecke in voller Ausdehnung. Die Feuerwehr Neuenhaus war direkt nach Eintreffen mit dem Schutz der beiden Wohnh\u00e4user und den L\u00f6scharbeiten begonnen. Aufgrund der Hitzeeinwirkung waren Verkleidungen an den Dach\u00fcberst\u00e4nden der H\u00e4user bereits besch\u00e4digt worden. Bewohner der Wohnh\u00e4user wurden bereits von der Polizei evakuiert, die diesen Brand zuf\u00e4llig bemerkte. Ein Trupp von unserem L\u00f6schfahrzeug nahm Teile des Dach\u00fcberstandes auf und kontrollierte ein Wohnhaus mit der W\u00e4rmebildkamera. Gl\u00fccklicherweise konnten keine kritischen Temperaturen mehr festgestellt werden.<\/p>\n\n\n\n<p>Da durch Kr\u00e4fte der Feuerwehr Neuenhaus auch bei dem anderen Wohnhaus keine Auff\u00e4lligkeiten festgestellt wurden, konnten wir aus dem Einsatz herausgel\u00f6st werden. Die Feuerwehr Neuenhaus f\u00fchrte noch Nachl\u00f6scharbeiten an der Hecke durch und l\u00f6schte eine Gartenh\u00fctte ab, die ebenfalls durch das Feuer in Mitleidenschaft gezogen wurde.<\/p>\n\n\n\n<p>Wir waren mit 2 Fahrzeugen und 9 Kameraden im Einsatz. Insgesamt waren 40 Einsatzkr\u00e4fte mit 40 Fahrzeugen vor Ort. Der Rettungsdienst, der ebenfalls alarmiert wurde, betreute eine Einsatzkraft, die sich im Einsatz verletzt hatte. Dieser wurde in der Folge in der Euregio-Klinik in Nordhorn ambulant behandelt.<\/p>\n\n\n\n<figure class=\"wp-block-image size-large\"><img loading=\"lazy\" decoding=\"async\" width=\"1024\" height=\"462\" src=\"https:\/\/feuerwehrlage.com\/wp-content\/uploads\/2022\/09\/IMG20220903005255-1024x462.jpg\" alt=\"\" class=\"wp-image-1139\" srcset=\"https:\/\/feuerwehrlage.com\/wp-content\/uploads\/2022\/09\/IMG20220903005255-1024x462.jpg 1024w, https:\/\/feuerwehrlage.com\/wp-content\/uploads\/2022\/09\/IMG20220903005255-300x135.jpg 300w, https:\/\/feuerwehrlage.com\/wp-content\/uploads\/2022\/09\/IMG20220903005255-768x346.jpg 768w, https:\/\/feuerwehrlage.com\/wp-content\/uploads\/2022\/09\/IMG20220903005255-1536x693.jpg 1536w, https:\/\/feuerwehrlage.com\/wp-content\/uploads\/2022\/09\/IMG20220903005255-2048x924.jpg 2048w, https:\/\/feuerwehrlage.com\/wp-content\/uploads\/2022\/09\/IMG20220903005255-1920x866.jpg 1920w\" sizes=\"auto, (max-width: 1024px) 100vw, 1024px\" \/><\/figure>\n\n\n\n<figure class=\"wp-block-image size-large\"><img loading=\"lazy\" decoding=\"async\" width=\"1024\" height=\"768\" src=\"https:\/\/feuerwehrlage.com\/wp-content\/uploads\/2022\/09\/IMG_2603-1024x768.jpg\" alt=\"\" class=\"wp-image-1135\" srcset=\"https:\/\/feuerwehrlage.com\/wp-content\/uploads\/2022\/09\/IMG_2603-1024x768.jpg 1024w, https:\/\/feuerwehrlage.com\/wp-content\/uploads\/2022\/09\/IMG_2603-300x225.jpg 300w, https:\/\/feuerwehrlage.com\/wp-content\/uploads\/2022\/09\/IMG_2603-768x576.jpg 768w, https:\/\/feuerwehrlage.com\/wp-content\/uploads\/2022\/09\/IMG_2603-1536x1152.jpg 1536w, https:\/\/feuerwehrlage.com\/wp-content\/uploads\/2022\/09\/IMG_2603-2048x1536.jpg 2048w, https:\/\/feuerwehrlage.com\/wp-content\/uploads\/2022\/09\/IMG_2603-1440x1080.jpg 1440w\" sizes=\"auto, (max-width: 1024px) 100vw, 1024px\" \/><\/figure>\n\n\n\n<figure class=\"wp-block-image size-large\"><img loading=\"lazy\" decoding=\"async\" width=\"1024\" height=\"768\" src=\"https:\/\/feuerwehrlage.com\/wp-content\/uploads\/2022\/09\/IMG_2584-1024x768.jpg\" alt=\"\" class=\"wp-image-1136\" srcset=\"https:\/\/feuerwehrlage.com\/wp-content\/uploads\/2022\/09\/IMG_2584-1024x768.jpg 1024w, https:\/\/feuerwehrlage.com\/wp-content\/uploads\/2022\/09\/IMG_2584-300x225.jpg 300w, https:\/\/feuerwehrlage.com\/wp-content\/uploads\/2022\/09\/IMG_2584-768x576.jpg 768w, https:\/\/feuerwehrlage.com\/wp-content\/uploads\/2022\/09\/IMG_2584-1536x1152.jpg 1536w, https:\/\/feuerwehrlage.com\/wp-content\/uploads\/2022\/09\/IMG_2584-2048x1536.jpg 2048w, https:\/\/feuerwehrlage.com\/wp-content\/uploads\/2022\/09\/IMG_2584-1440x1080.jpg 1440w\" sizes=\"auto, (max-width: 1024px) 100vw, 1024px\" \/><\/figure>\n\n\n\n<figure class=\"wp-block-image size-large\"><img loading=\"lazy\" decoding=\"async\" width=\"1024\" height=\"462\" src=\"https:\/\/feuerwehrlage.com\/wp-content\/uploads\/2022\/09\/IMG20220903005258-1024x462.jpg\" alt=\"\" class=\"wp-image-1140\" srcset=\"https:\/\/feuerwehrlage.com\/wp-content\/uploads\/2022\/09\/IMG20220903005258-1024x462.jpg 1024w, https:\/\/feuerwehrlage.com\/wp-content\/uploads\/2022\/09\/IMG20220903005258-300x135.jpg 300w, https:\/\/feuerwehrlage.com\/wp-content\/uploads\/2022\/09\/IMG20220903005258-768x346.jpg 768w, https:\/\/feuerwehrlage.com\/wp-content\/uploads\/2022\/09\/IMG20220903005258-1536x693.jpg 1536w, https:\/\/feuerwehrlage.com\/wp-content\/uploads\/2022\/09\/IMG20220903005258-2048x924.jpg 2048w, https:\/\/feuerwehrlage.com\/wp-content\/uploads\/2022\/09\/IMG20220903005258-1920x866.jpg 1920w\" sizes=\"auto, (max-width: 1024px) 100vw, 1024px\" \/><\/figure>\n\n\n\n<figure class=\"wp-block-image size-large\"><img loading=\"lazy\" decoding=\"async\" width=\"1024\" height=\"768\" src=\"https:\/\/feuerwehrlage.com\/wp-content\/uploads\/2022\/09\/IMG_2602-1024x768.jpg\" alt=\"\" class=\"wp-image-1138\" srcset=\"https:\/\/feuerwehrlage.com\/wp-content\/uploads\/2022\/09\/IMG_2602-1024x768.jpg 1024w, https:\/\/feuerwehrlage.com\/wp-content\/uploads\/2022\/09\/IMG_2602-300x225.jpg 300w, https:\/\/feuerwehrlage.com\/wp-content\/uploads\/2022\/09\/IMG_2602-768x576.jpg 768w, https:\/\/feuerwehrlage.com\/wp-content\/uploads\/2022\/09\/IMG_2602-1536x1152.jpg 1536w, https:\/\/feuerwehrlage.com\/wp-content\/uploads\/2022\/09\/IMG_2602-2048x1536.jpg 2048w, https:\/\/feuerwehrlage.com\/wp-content\/uploads\/2022\/09\/IMG_2602-1440x1080.jpg 1440w\" sizes=\"auto, (max-width: 1024px) 100vw, 1024px\" \/><\/figure>\n","protected":false},"author":1,"featured_media":0,"template":"","meta":{"einsatz_weight":1,"footnotes":""},"categories":[7],"einsatzart":[],"fahrzeug":[5,4],"exteinsatzmittel":[10,9,16],"alarmierungsart":[17],"evw_unit":[],"class_list":["post-1132","einsatz","type-einsatz","status-publish","hentry","category-einsatze","fahrzeug-mtw","fahrzeug-stlf10-6","exteinsatzmittel-feuerwehr-neuenhaus","exteinsatzmittel-polizei","exteinsatzmittel-rettungsdienst","alarmierungsart-f3-gebaeudebrand"],"_links":{"self":[{"href":"https:\/\/feuerwehrlage.com\/index.php?rest_route=\/wp\/v2\/einsatz\/1132","targetHints":{"allow":["GET"]}}],"collection":[{"href":"https:\/\/feuerwehrlage.com\/index.php?rest_route=\/wp\/v2\/einsatz"}],"about":[{"href":"https:\/\/feuerwehrlage.com\/index.php?rest_route=\/wp\/v2\/types\/einsatz"}],"author":[{"embeddable":true,"href":"https:\/\/feuerwehrlage.com\/index.php?rest_route=\/wp\/v2\/users\/1"}],"version-history":[{"count":3,"href":"https:\/\/feuerwehrlage.com\/index.php?rest_route=\/wp\/v2\/einsatz\/1132\/revisions"}],"predecessor-version":[{"id":1142,"href":"https:\/\/feuerwehrlage.com\/index.php?rest_route=\/wp\/v2\/einsatz\/1132\/revisions\/1142"}],"wp:attachment":[{"href":"https:\/\/feuerwehrlage.com\/index.php?rest_route=%2Fwp%2Fv2%2Fmedia&parent=1132"}],"wp:term":[{"taxonomy":"category","embeddable":true,"href":"https:\/\/feuerwehrlage.com\/index.php?rest_route=%2Fwp%2Fv2%2Fcategories&post=1132"},{"taxonomy":"einsatzart","embeddable":true,"href":"https:\/\/feuerwehrlage.com\/index.php?rest_route=%2Fwp%2Fv2%2Feinsatzart&post=1132"},{"taxonomy":"fahrzeug","embeddable":true,"href":"https:\/\/feuerwehrlage.com\/index.php?rest_route=%2Fwp%2Fv2%2Ffahrzeug&post=1132"},{"taxonomy":"exteinsatzmittel","embeddable":true,"href":"https:\/\/feuerwehrlage.com\/index.php?rest_route=%2Fwp%2Fv2%2Fexteinsatzmittel&post=1132"},{"taxonomy":"alarmierungsart","embeddable":true,"href":"https:\/\/feuerwehrlage.com\/index.php?rest_route=%2Fwp%2Fv2%2Falarmierungsart&post=1132"},{"taxonomy":"evw_unit","embeddable":true,"href":"https:\/\/feuerwehrlage.com\/index.php?rest_route=%2Fwp%2Fv2%2Fevw_unit&post=1132"}],"curies":[{"name":"wp","href":"https:\/\/api.w.org\/{rel}","templated":true}]}}

F3 &#8211; Gebäudebrand

<p>Heute Nacht wurde die Feuerwehr Neuenhaus um 00:27 Uhr mit dem Stichwort F2-Flächenbrand in die Morsstraße alarmiert. &nbsp;Da sich aufgrund das Feuer aufgrund der Intensität auf 2 angrenzende Wohngebäude auszubreiten drohte, erhöhte man die Alarmstufe bereits während der Anfahrt auf F3-Gebäude. Damit wurden wir um 00:32 Uhr zur Unterstützung alarmiert.</p>



<p>Vor Ort angekommen, brannten 30 Meter Hecke in voller Ausdehnung. Die Feuerwehr Neuenhaus war direkt nach Eintreffen mit dem Schutz der beiden Wohnhäuser und den Löscharbeiten begonnen. Aufgrund der Hitzeeinwirkung waren Verkleidungen an den Dachüberständen der Häuser bereits beschädigt worden. Bewohner der Wohnhäuser wurden bereits von der Polizei evakuiert, die diesen Brand zufällig bemerkte. Ein Trupp von unserem Löschfahrzeug nahm Teile des Dachüberstandes auf und kontrollierte ein Wohnhaus mit der Wärmebildkamera. Glücklicherweise konnten keine kritischen Temperaturen mehr festgestellt werden.</p>



<p>Da durch Kräfte der Feuerwehr Neuenhaus auch bei dem anderen Wohnhaus keine Auffälligkeiten festgestellt wurden, konnten wir aus dem Einsatz herausgelöst werden. Die Feuerwehr Neuenhaus führte noch Nachlöscharbeiten an der Hecke durch und löschte eine Gartenhütte ab, die ebenfalls durch das Feuer in Mitleidenschaft gezogen wurde.</p>



<p>Wir waren mit 2 Fahrzeugen und 9 Kameraden im Einsatz. Insgesamt waren 40 Einsatzkräfte mit 40 Fahrzeugen vor Ort. Der Rettungsdienst, der ebenfalls alarmiert wurde, betreute eine Einsatzkraft, die sich im Einsatz verletzt hatte. Dieser wurde in der Folge in der Euregio-Klinik in Nordhorn ambulant behandelt.</p>



<figure class="wp-block-image size-large"><img loading="lazy" decoding="async" width="1024" height="462" src="https://feuerwehrlage.com/wp-content/uploads/2022/09/IMG20220903005255-1024x462.jpg" alt="" class="wp-image-1139" srcset="https://feuerwehrlage.com/wp-content/uploads/2022/09/IMG20220903005255-1024x462.jpg 1024w, https://feuerwehrlage.com/wp-content/uploads/2022/09/IMG20220903005255-300x135.jpg 300w, https://feuerwehrlage.com/wp-content/uploads/2022/09/IMG20220903005255-768x346.jpg 768w, https://feuerwehrlage.com/wp-content/uploads/2022/09/IMG20220903005255-1536x693.jpg 1536w, https://feuerwehrlage.com/wp-content/uploads/2022/09/IMG20220903005255-2048x924.jpg 2048w, https://feuerwehrlage.com/wp-content/uploads/2022/09/IMG20220903005255-1920x866.jpg 1920w" sizes="auto, (max-width: 1024px) 100vw, 1024px" /></figure>



<figure class="wp-block-image size-large"><img loading="lazy" decoding="async" width="1024" height="768" src="https://feuerwehrlage.com/wp-content/uploads/2022/09/IMG_2603-1024x768.jpg" alt="" class="wp-image-1135" srcset="https://feuerwehrlage.com/wp-content/uploads/2022/09/IMG_2603-1024x768.jpg 1024w, https://feuerwehrlage.com/wp-content/uploads/2022/09/IMG_2603-300x225.jpg 300w, https://feuerwehrlage.com/wp-content/uploads/2022/09/IMG_2603-768x576.jpg 768w, https://feuerwehrlage.com/wp-content/uploads/2022/09/IMG_2603-1536x1152.jpg 1536w, https://feuerwehrlage.com/wp-content/uploads/2022/09/IMG_2603-2048x1536.jpg 2048w, https://feuerwehrlage.com/wp-content/uploads/2022/09/IMG_2603-1440x1080.jpg 1440w" sizes="auto, (max-width: 1024px) 100vw, 1024px" /></figure>



<figure class="wp-block-image size-large"><img loading="lazy" decoding="async" width="1024" height="768" src="https://feuerwehrlage.com/wp-content/uploads/2022/09/IMG_2584-1024x768.jpg" alt="" class="wp-image-1136" srcset="https://feuerwehrlage.com/wp-content/uploads/2022/09/IMG_2584-1024x768.jpg 1024w, https://feuerwehrlage.com/wp-content/uploads/2022/09/IMG_2584-300x225.jpg 300w, https://feuerwehrlage.com/wp-content/uploads/2022/09/IMG_2584-768x576.jpg 768w, https://feuerwehrlage.com/wp-content/uploads/2022/09/IMG_2584-1536x1152.jpg 1536w, https://feuerwehrlage.com/wp-content/uploads/2022/09/IMG_2584-2048x1536.jpg 2048w, https://feuerwehrlage.com/wp-content/uploads/2022/09/IMG_2584-1440x1080.jpg 1440w" sizes="auto, (max-width: 1024px) 100vw, 1024px" /></figure>



<figure class="wp-block-image size-large"><img loading="lazy" decoding="async" width="1024" height="462" src="https://feuerwehrlage.com/wp-content/uploads/2022/09/IMG20220903005258-1024x462.jpg" alt="" class="wp-image-1140" srcset="https://feuerwehrlage.com/wp-content/uploads/2022/09/IMG20220903005258-1024x462.jpg 1024w, https://feuerwehrlage.com/wp-content/uploads/2022/09/IMG20220903005258-300x135.jpg 300w, https://feuerwehrlage.com/wp-content/uploads/2022/09/IMG20220903005258-768x346.jpg 768w, https://feuerwehrlage.com/wp-content/uploads/2022/09/IMG20220903005258-1536x693.jpg 1536w, https://feuerwehrlage.com/wp-content/uploads/2022/09/IMG20220903005258-2048x924.jpg 2048w, https://feuerwehrlage.com/wp-content/uploads/2022/09/IMG20220903005258-1920x866.jpg 1920w" sizes="auto, (max-width: 1024px) 100vw, 1024px" /></figure>



<figure class="wp-block-image size-large"><img loading="lazy" decoding="async" width="1024" height="768" src="https://feuerwehrlage.com/wp-content/uploads/2022/09/IMG_2602-1024x768.jpg" alt="" class="wp-image-1138" srcset="https://feuerwehrlage.com/wp-content/uploads/2022/09/IMG_2602-1024x768.jpg 1024w, https://feuerwehrlage.com/wp-content/uploads/2022/09/IMG_2602-300x225.jpg 300w, https://feuerwehrlage.com/wp-content/uploads/2022/09/IMG_2602-768x576.jpg 768w, https://feuerwehrlage.com/wp-content/uploads/2022/09/IMG_2602-1536x1152.jpg 1536w, https://feuerwehrlage.com/wp-content/uploads/2022/09/IMG_2602-2048x1536.jpg 2048w, https://feuerwehrlage.com/wp-content/uploads/2022/09/IMG_2602-1440x1080.jpg 1440w" sizes="auto, (max-width: 1024px) 100vw, 1024px" /></figure>
