{"id":1054,"date":"2022-01-29T17:25:00","date_gmt":"2022-01-29T17:25:00","guid":{"rendered":"http:\/\/feuerwehrlage.com\/?post_type=einsatz&#038;p=1054"},"modified":"2022-01-30T11:05:42","modified_gmt":"2022-01-30T11:05:42","slug":"h1-baum-auf-strasse-7","status":"publish","type":"einsatz","link":"https:\/\/feuerwehrlage.com\/?einsatz=h1-baum-auf-strasse-7","title":{"rendered":"H1 &#8211; Baum auf Stra\u00dfe"},"content":{"rendered":"\n<p>Am Samstagabend wurden wir zu zwei umgest\u00fcrzten B\u00e4umen auf die Neuenhauser Stra\u00dfe alarmiert. Mithilfe einer Motors\u00e4ge entfernten wir die B\u00e4ume von Stra\u00dfe \/ Radweg und konnten nach 30 Minuten wieder einr\u00fccken.<br>Wir waren mit 14 Einsatzkr\u00e4ften und zwei Fahrzeugen im Einsatz.<\/p>\n\n\n\n<figure class=\"wp-block-image size-large\"><img loading=\"lazy\" decoding=\"async\" width=\"1024\" height=\"768\" src=\"https:\/\/feuerwehrlage.com\/wp-content\/uploads\/2022\/01\/Baum-auf-Neuenhauser-Strasse-1024x768.jpg\" alt=\"\" class=\"wp-image-1056\" srcset=\"https:\/\/feuerwehrlage.com\/wp-content\/uploads\/2022\/01\/Baum-auf-Neuenhauser-Strasse-1024x768.jpg 1024w, https:\/\/feuerwehrlage.com\/wp-content\/uploads\/2022\/01\/Baum-auf-Neuenhauser-Strasse-300x225.jpg 300w, https:\/\/feuerwehrlage.com\/wp-content\/uploads\/2022\/01\/Baum-auf-Neuenhauser-Strasse-768x576.jpg 768w, https:\/\/feuerwehrlage.com\/wp-content\/uploads\/2022\/01\/Baum-auf-Neuenhauser-Strasse-1536x1152.jpg 1536w, https:\/\/feuerwehrlage.com\/wp-content\/uploads\/2022\/01\/Baum-auf-Neuenhauser-Strasse-1440x1080.jpg 1440w, https:\/\/feuerwehrlage.com\/wp-content\/uploads\/2022\/01\/Baum-auf-Neuenhauser-Strasse.jpg 2048w\" sizes=\"auto, (max-width: 1024px) 100vw, 1024px\" \/><\/figure>\n","protected":false},"author":1,"featured_media":0,"template":"","meta":{"einsatz_weight":1,"footnotes":""},"categories":[7],"einsatzart":[],"fahrzeug":[5,4],"exteinsatzmittel":[],"alarmierungsart":[8],"evw_unit":[],"class_list":["post-1054","einsatz","type-einsatz","status-publish","hentry","category-einsatze","fahrzeug-mtw","fahrzeug-stlf10-6","alarmierungsart-h1-unwetter-klein"],"_links":{"self":[{"href":"https:\/\/feuerwehrlage.com\/index.php?rest_route=\/wp\/v2\/einsatz\/1054","targetHints":{"allow":["GET"]}}],"collection":[{"href":"https:\/\/feuerwehrlage.com\/index.php?rest_route=\/wp\/v2\/einsatz"}],"about":[{"href":"https:\/\/feuerwehrlage.com\/index.php?rest_route=\/wp\/v2\/types\/einsatz"}],"author":[{"embeddable":true,"href":"https:\/\/feuerwehrlage.com\/index.php?rest_route=\/wp\/v2\/users\/1"}],"version-history":[{"count":1,"href":"https:\/\/feuerwehrlage.com\/index.php?rest_route=\/wp\/v2\/einsatz\/1054\/revisions"}],"predecessor-version":[{"id":1057,"href":"https:\/\/feuerwehrlage.com\/index.php?rest_route=\/wp\/v2\/einsatz\/1054\/revisions\/1057"}],"wp:attachment":[{"href":"https:\/\/feuerwehrlage.com\/index.php?rest_route=%2Fwp%2Fv2%2Fmedia&parent=1054"}],"wp:term":[{"taxonomy":"category","embeddable":true,"href":"https:\/\/feuerwehrlage.com\/index.php?rest_route=%2Fwp%2Fv2%2Fcategories&post=1054"},{"taxonomy":"einsatzart","embeddable":true,"href":"https:\/\/feuerwehrlage.com\/index.php?rest_route=%2Fwp%2Fv2%2Feinsatzart&post=1054"},{"taxonomy":"fahrzeug","embeddable":true,"href":"https:\/\/feuerwehrlage.com\/index.php?rest_route=%2Fwp%2Fv2%2Ffahrzeug&post=1054"},{"taxonomy":"exteinsatzmittel","embeddable":true,"href":"https:\/\/feuerwehrlage.com\/index.php?rest_route=%2Fwp%2Fv2%2Fexteinsatzmittel&post=1054"},{"taxonomy":"alarmierungsart","embeddable":true,"href":"https:\/\/feuerwehrlage.com\/index.php?rest_route=%2Fwp%2Fv2%2Falarmierungsart&post=1054"},{"taxonomy":"evw_unit","embeddable":true,"href":"https:\/\/feuerwehrlage.com\/index.php?rest_route=%2Fwp%2Fv2%2Fevw_unit&post=1054"}],"curies":[{"name":"wp","href":"https:\/\/api.w.org\/{rel}","templated":true}]}}

H1 &#8211; Baum auf Straße

<p>Am Samstagabend wurden wir zu zwei umgestürzten Bäumen auf die Neuenhauser Straße alarmiert. Mithilfe einer Motorsäge entfernten wir die Bäume von Straße / Radweg und konnten nach 30 Minuten wieder einrücken.<br>Wir waren mit 14 Einsatzkräften und zwei Fahrzeugen im Einsatz.</p>



<figure class="wp-block-image size-large"><img loading="lazy" decoding="async" width="1024" height="768" src="https://feuerwehrlage.com/wp-content/uploads/2022/01/Baum-auf-Neuenhauser-Strasse-1024x768.jpg" alt="" class="wp-image-1056" srcset="https://feuerwehrlage.com/wp-content/uploads/2022/01/Baum-auf-Neuenhauser-Strasse-1024x768.jpg 1024w, https://feuerwehrlage.com/wp-content/uploads/2022/01/Baum-auf-Neuenhauser-Strasse-300x225.jpg 300w, https://feuerwehrlage.com/wp-content/uploads/2022/01/Baum-auf-Neuenhauser-Strasse-768x576.jpg 768w, https://feuerwehrlage.com/wp-content/uploads/2022/01/Baum-auf-Neuenhauser-Strasse-1536x1152.jpg 1536w, https://feuerwehrlage.com/wp-content/uploads/2022/01/Baum-auf-Neuenhauser-Strasse-1440x1080.jpg 1440w, https://feuerwehrlage.com/wp-content/uploads/2022/01/Baum-auf-Neuenhauser-Strasse.jpg 2048w" sizes="auto, (max-width: 1024px) 100vw, 1024px" /></figure>
